{"id":845,"date":"2020-04-22T14:01:52","date_gmt":"2020-04-22T12:01:52","guid":{"rendered":"https:\/\/www.magnolio.shop\/bone-nutrient-lifetime-complex-120-kapseln-bone-nutrient-lifetime-complex-120-kapseln\/"},"modified":"2024-11-03T20:25:37","modified_gmt":"2024-11-03T19:25:37","slug":"doterra-bone-nutrient","status":"publish","type":"product","link":"https:\/\/www.magnolioworld.com\/green-ro\/doterra-bone-nutrient\/","title":{"rendered":"doTERRA Bone Nutrient"},"content":{"rendered":"<p><strong>doTERRA Bone Nutrient<\/strong> &#8211; Complexul de construc\u021bie osoas\u0103<\/p>\n<p>doTERRA Bone Nutrient este un amestec de vitamine \u0219i minerale care sunt esen\u021biale pentru s\u0103n\u0103tatea oaselor la femei de la pubertate p\u00e2n\u0103 la menopauz\u0103. Bone Nutrient Complex con\u021bine forme biodisponibile de nutrien\u021bi naturali, inclusiv vitaminele C \u0219i D, precum \u0219i calciu, magneziu \u0219i alte oligoelemente care sus\u021bin densitatea osoas\u0103 s\u0103n\u0103toas\u0103 pe m\u0103sur\u0103 ce femeile \u00eemb\u0103tr\u00e2nesc.<\/p>\n<p>Femeile ating masa \u0219i densitatea osoas\u0103 maxim\u0103 la sf\u00e2r\u0219itul v\u00e2rstei de 20 de ani. O diet\u0103 bogat\u0103 \u00een nutrien\u021bi esen\u021biali pentru oase este crucial\u0103 \u00een primii ani de dezvoltare osoas\u0103. Cu toate acestea, cercet\u0103rile privind aportul alimentar arat\u0103 c\u0103 femeile consum\u0103 jum\u0103tate din cantit\u0103\u021bile recomandate de calciu \u0219i al\u021bi nutrien\u021bi pentru o s\u0103n\u0103tate osoas\u0103 optim\u0103. Aceast\u0103 deficien\u021b\u0103 este deosebit de pronun\u021bat\u0103 la adolescente, dac\u0103 acestea nu au o diet\u0103 optim\u0103, deoarece oasele femeilor tinere absorb substan\u021bele nutritive de aproape dou\u0103 ori mai repede dec\u00e2t cele ale femeilor adulte.<\/p>\n<p>Pe m\u0103sur\u0103 ce femeile \u00eemb\u0103tr\u00e2nesc, masa \u0219i densitatea osoas\u0103 s\u0103n\u0103toas\u0103 devin un factor mai important care influen\u021beaz\u0103 s\u0103n\u0103tatea general\u0103 \u0219i calitatea vie\u021bii. Oamenii de \u0219tiin\u021b\u0103 sunt de acord c\u0103 un nivel adecvat de calciu \u0219i vitamina D pe tot parcursul vie\u021bii, ca parte a unei diete echilibrate, poate reduce riscul de osteoporoz\u0103.<\/p>\n<p>De asemenea, este ideal \u00eempreun\u0103 cu Complexul de fitoestrogeni (echilibru hormonal) \u0219i Clary Calm (echilibru hormonal) pentru o via\u021b\u0103 u\u0219oar\u0103 \u0219i relaxat\u0103 \u00een timpul ciclului sau al schimb\u0103rii.<\/p>\n<p>R\u0103sf\u0103\u021ba\u021bi-v\u0103 cu kitul de s\u0103n\u0103tate pentru femei la pre\u021buri accesibile.<\/p>\n<p><strong>Recomandare<\/strong><br \/>\nAdolescentele \u0219i femeile adulte (\u0219i b\u0103rba\u021bii) iau c\u00e2te 4 capsule pe zi, la mese.  <\/p>\n<p><strong>Utilizare sigur\u0103<\/strong><br \/>\nA nu se p\u0103stra la \u00eendem\u00e2na copiilor. Ave\u021bi grij\u0103 s\u0103 nu dep\u0103\u0219i\u021bi doza zilnic\u0103 recomandat\u0103. V\u0103 rug\u0103m s\u0103 re\u021bine\u021bi c\u0103 suplimentele alimentare nu pot \u00eenlocui o diet\u0103 complet\u0103 \u0219i echilibrat\u0103 \u0219i un stil de via\u021b\u0103 s\u0103n\u0103tos. Femeile \u00eens\u0103rcinate \u0219i cele care al\u0103pteaz\u0103, precum \u0219i persoanele cu probleme de s\u0103n\u0103tate cunoscute trebuie s\u0103 solicite sfatul medicului \u00eenainte de a lua acest produs. A se p\u0103stra \u00eentr-un loc r\u0103coros \u0219i uscat. V\u0103 rug\u0103m s\u0103 re\u021bine\u021bi data limit\u0103 de consum (a se vedea partea de jos a sticlei).<\/p>\n","protected":false},"excerpt":{"rendered":"<h2 style=\"font-size: 28px\">Complex de nutrien\u021bi oso\u0219i<\/h2>\n<p>doTERRA Bone Nutrient &#8211; Complexul de construc\u021bie osoas\u0103 ideal pentru toate femeile \u00een tranzi\u021bie.<\/p>\n","protected":false},"featured_media":4081,"template":"","meta":{"_et_pb_use_builder":"","_et_pb_old_content":"","_et_gb_content_width":""},"product_cat":[15,52,42,1970],"product_tag":[591],"_links":{"self":[{"href":"https:\/\/www.magnolioworld.com\/green-ro\/wp-json\/wp\/v2\/product\/845"}],"collection":[{"href":"https:\/\/www.magnolioworld.com\/green-ro\/wp-json\/wp\/v2\/product"}],"about":[{"href":"https:\/\/www.magnolioworld.com\/green-ro\/wp-json\/wp\/v2\/types\/product"}],"wp:featuredmedia":[{"embeddable":true,"href":"https:\/\/www.magnolioworld.com\/green-ro\/wp-json\/wp\/v2\/media\/4081"}],"wp:attachment":[{"href":"https:\/\/www.magnolioworld.com\/green-ro\/wp-json\/wp\/v2\/media?parent=845"}],"wp:term":[{"taxonomy":"product_cat","embeddable":true,"href":"https:\/\/www.magnolioworld.com\/green-ro\/wp-json\/wp\/v2\/product_cat?post=845"},{"taxonomy":"product_tag","embeddable":true,"href":"https:\/\/www.magnolioworld.com\/green-ro\/wp-json\/wp\/v2\/product_tag?post=845"}],"curies":[{"name":"wp","href":"https:\/\/api.w.org\/{rel}","templated":true}]}}