{"id":781,"date":"2020-04-22T14:01:41","date_gmt":"2020-04-22T12:01:41","guid":{"rendered":"https:\/\/www.magnolio.shop\/ddr-prime-ddr-prime-zellerneuerung\/"},"modified":"2025-03-26T12:55:25","modified_gmt":"2025-03-26T11:55:25","slug":"doterra-ddr-prime","status":"publish","type":"product","link":"https:\/\/www.magnolioworld.com\/green-ro\/doterra-ddr-prime\/","title":{"rendered":"doTERRA DDR Prime"},"content":{"rendered":"<p><strong>doTERRA DDR Prime<\/strong> &#8211; Regenerare \u0219i re\u00eennoire optim\u0103 a celulelor<\/p>\n<p>Pentru a sus\u021bine regenerarea celular\u0103, DDR Prime con\u021bine un amestec brevetat de uleiuri esen\u021biale de t\u0103m\u00e2ie, portocal\u0103 s\u0103lbatic\u0103, cimbru, cui\u0219oare \u0219i l\u0103m\u00e2ie. Acestea sus\u021bin organismul \u0219i celulele corpului \u00een timpul stresului oxidativ \u0219i asigur\u0103 astfel o stare de bine optim\u0103.<\/p>\n<p>Din punct de vedere emo\u021bional, acest amestec este uleiul transform\u0103rii. Sus\u021bine procesele de schimbare prin claritate, curaj \u0219i deschidere spre nou. Acest lucru ne permite s\u0103 trecem prin procesele de transformare cu calm \u0219i plini de vitalitate \u0219i bucurie de a tr\u0103i.<\/p>\n<p>Ideal pentru a fi folosit \u00een arom\u0103 \u00eentr-un difuzor sau pentru a fi inhalat prin \u00eencheieturi. Amestecul poate fi diluat cu ulei de cocos frac\u021bionat \u0219i aplicat pe zonele stresate ale corpului.<\/p>\n<p>Dac\u0103 dori\u021bi s\u0103 administra\u021bi amestecul pe cale intern\u0103, pute\u021bi folosi capsulele moi DDR Prime sau pute\u021bi ad\u0103uga 1-2 pic\u0103turi de amestec \u00een b\u0103uturi citrice, ceai sau ap\u0103.<\/p>\n<p><strong>Recomandare<\/strong><br \/>\nIntern: Pentru a proteja \u00eempotriva stresului oxidativ \u0219i pentru a sus\u021bine regenerarea general\u0103 a celulelor, ad\u0103uga\u021bi 1-2 pic\u0103turi la 125 ml de lichid diminea\u021ba.<br \/>\nTopical: Aplica\u021bi pe zonele de piele dorite \u00eempreun\u0103 cu un ulei purt\u0103tor pentru a regenera pielea.<br \/>\nPentru un masaj calmant \u0219i regenerant, amesteca\u021bi 5 pic\u0103turi cu 10 ml de ulei purt\u0103tor. Ca aditiv pentru baie, se amestec\u0103 5 pic\u0103turi cu 5 ml de ulei purt\u0103tor. <\/p>\n<p><strong>Utilizare sigur\u0103<\/strong><br \/>\nEste posibil\u0103 iritarea pielii. Nu utiliza\u021bi mai mult de o pic\u0103tur\u0103 pe zi. A nu se p\u0103stra la \u00eendem\u00e2na copiilor. Dac\u0103 sunte\u021bi \u00eens\u0103rcinat\u0103 sau urma\u021bi un tratament medical, v\u0103 rug\u0103m s\u0103 v\u0103 adresa\u021bi medicului dumneavoastr\u0103. Evita\u021bi contactul cu ochii, urechile interne, fa\u021ba, zonele sensibile \u0219i membranele mucoase. Evita\u021bi lumina soarelui \u0219i razele UV timp de cel pu\u021bin 12 ore dup\u0103 aplicare. Numai pentru uz extern.<\/p>\n","protected":false},"excerpt":{"rendered":"<h2 style=\"font-size: 28px\">Re\u00eennoirea celular\u0103 &#8211; uleiul de transformare<\/h2>\n<p><strong>doTERRA DDR Prime<\/strong> &#8211; Acest amestec ajut\u0103 la sus\u021binerea regener\u0103rii celulare. Este ideal pentru toate procesele anti-\u00eemb\u0103tr\u00e2nire. Acestea sus\u021bin organismul \u0219i celulele organismului \u00eempotriva stresului oxidativ \u0219i asigur\u0103 astfel o stare de bine optim\u0103.<\/p>\n","protected":false},"featured_media":4028,"template":"","meta":{"_et_pb_use_builder":"","_et_pb_old_content":"","_et_gb_content_width":""},"product_cat":[15,51,36,1953],"product_tag":[458,459],"_links":{"self":[{"href":"https:\/\/www.magnolioworld.com\/green-ro\/wp-json\/wp\/v2\/product\/781"}],"collection":[{"href":"https:\/\/www.magnolioworld.com\/green-ro\/wp-json\/wp\/v2\/product"}],"about":[{"href":"https:\/\/www.magnolioworld.com\/green-ro\/wp-json\/wp\/v2\/types\/product"}],"wp:featuredmedia":[{"embeddable":true,"href":"https:\/\/www.magnolioworld.com\/green-ro\/wp-json\/wp\/v2\/media\/4028"}],"wp:attachment":[{"href":"https:\/\/www.magnolioworld.com\/green-ro\/wp-json\/wp\/v2\/media?parent=781"}],"wp:term":[{"taxonomy":"product_cat","embeddable":true,"href":"https:\/\/www.magnolioworld.com\/green-ro\/wp-json\/wp\/v2\/product_cat?post=781"},{"taxonomy":"product_tag","embeddable":true,"href":"https:\/\/www.magnolioworld.com\/green-ro\/wp-json\/wp\/v2\/product_tag?post=781"}],"curies":[{"name":"wp","href":"https:\/\/api.w.org\/{rel}","templated":true}]}}