{"id":767,"date":"2020-04-22T14:01:37","date_gmt":"2020-04-22T12:01:37","guid":{"rendered":"https:\/\/www.magnolio.shop\/touch-kit-touch-kit\/"},"modified":"2025-05-06T11:16:27","modified_gmt":"2025-05-06T09:16:27","slug":"doterra-touch-kit","status":"publish","type":"product","link":"https:\/\/www.magnolioworld.com\/green-ro\/doterra-touch-kit\/","title":{"rendered":"doTERRA Touch Kit"},"content":{"rendered":"<p><strong>doTERRA Touch Kit<\/strong> &#8211; Este introducerea ideal\u0103 \u00een lumea fantastic\u0103 a uleiurilor esen\u021biale de \u00eenalt\u0103 calitate de la doTERRA pentru dumneavoastr\u0103 \u0219i pentru \u00eentreaga familie. Cu cele mai importante 9 uleiuri esen\u021biale \u0219i amestecuri de uleiuri, sunte\u021bi bine echipat acas\u0103 \u0219i \u00een deplasare. Ave\u021bi \u00eentotdeauna la dumneavoastr\u0103 uleiul potrivit pentru a fi perfect echipat pentru multe probleme fizice \u0219i emo\u021bionale. Pentru c\u0103 toate uleiurile au \u0219i un efect emo\u021bional.<\/p>\n<p>Uleiurile esen\u021biale de \u00eenalt\u0103 calitate de la doTERRA sunt potrivite pentru \u00eentreaga familie, de la copii mici p\u00e2n\u0103 la bunici \u0219i ofer\u0103, de asemenea, un sprijin valoros pentru bun\u0103starea animalelor de companie.<br \/>\nSunte\u021bi, de asemenea, perfect pentru o gospod\u0103rie cu puterea naturii pure.<\/p>\n<p><strong>doTERRA Touch Kit<\/strong> con\u021bine toate uleiurile \u00een roll-on-uri practice, gata de utilizare. De asemenea, este ideal pentru c\u0103l\u0103torii sau pentru o utilizare necomplicat\u0103 \u00eentre timp.<\/p>\n<p>Bucura\u021bi-v\u0103 \u00een orice moment de un tratament spa rapid \u0219i regenerator. Aplica\u021bi uleiurile \u00een punctele de puls ale m\u00e2inilor \u0219i inspira\u021bi ad\u00e2nc, cu 4-5 respira\u021bii, pentru a sim\u021bi efectul aromatic. Uleiurile de lev\u0103n\u021bic\u0103 pentru relaxare \u0219i de t\u0103m\u00e2ie pentru calmare, regenerare \u0219i ameliorarea anxiet\u0103\u021bii sunt deosebit de potrivite.<\/p>\n<p>Folosi\u021bi efectul revigorant al mentei pentru a atenua oboseala \u0219i oboseala la birou sau \u00eentr-o zi aglomerat\u0103. De asemenea, este ideal pentru a v\u0103 men\u021bine treaz \u00een timpul c\u0103l\u0103toriilor lungi cu ma\u0219ina. Menta este, de asemenea, excelent\u0103 pentru a r\u0103cori g\u00e2tul \u0219i t\u00e2mplele. Alternarea cu amestecul lini\u0219titor Deep Blue poate, de asemenea, s\u0103 amelioreze rapid tensiunea din zona g\u00e2tului \u0219i a umerilor.<br \/>\nAmestecul digestiv ZenGest poate fi aplicat direct pe zona abdominal\u0103, \u00een sensul acelor de ceasornic. Toate celelalte atingeri pot fi aplicate \u0219i direct pe zona afectat\u0103 sau pe t\u0103lpile picioarelor \u0219i pe punctele reflexe.<\/p>\n<p>Roll-on-ul multifunc\u021bional (doTERRA Touch Kit) con\u021bine 5 uleiuri individuale \u0219i 4 amestecuri speciale de uleiuri doTERRA pentru cele mai importante 4 domenii de aplicare.<\/p>\n<p><strong>Cuprins:<\/strong><br \/>\nUleiuri unice (10 ml roll-on): <br \/>\n1x T\u0103m\u00e2ie (regele uleiurilor)<br \/>\n1x Lavanda (expertul \u00een relaxare)<br \/>\n1x ment\u0103 (minte \u0219i spirit proasp\u0103t)<br \/>\n1x oregano (cel mai puternic stimulent de ap\u0103rare)<br \/>\n1x arbore de ceai (detergentul universal)<\/p>\n<p>Amestecuri (10 ml roll-on):<br \/>\n1x doTERRA OnGuard (amestec de protec\u021bie)<br \/>\n1x doTERRA Air (amestec pentru c\u0103ile respiratorii)<br \/>\n1x doTERRA ZenGest (amestec digestiv)<br \/>\n1x doTERRA Deep Blue (amestec calmant pentru sistemul musculo-scheletic)<\/p>\n<p><strong>Recomandare<\/strong><br \/>\nRe\u021bine\u021bi recomand\u0103rile pentru fiecare produs \u00een parte.<\/p>\n<p><strong>Utilizare sigur\u0103<br \/>\n<\/strong>Respecta\u021bi instruc\u021biunile pentru fiecare produs \u00een parte.<\/p>\n","protected":false},"excerpt":{"rendered":"<h2 style=\"font-size: 28px;\">Pachet roll-on all-rounder<\/h2>\n<p><span style=\"font-size: 28px; color: #e20000; font-weight: bold;\">Economisi\u021bi 35 %<\/span><\/p>\n<p>doTERRA Touch Kit &#8211;\u00a0 este introducerea ideal\u0103 \u00een lumea fantastic\u0103 a uleiurilor esen\u021biale pentru dumneavoastr\u0103 \u0219i pentru \u00eentreaga familie. Cu cele mai importante 9 uleiuri esen\u021biale \u0219i amestecuri de uleiuri, sunte\u021bi bine echipat acas\u0103 \u0219i \u00een deplasare. Ave\u021bi \u00eentotdeauna la dumneavoastr\u0103 uleiul potrivit pentru a fi perfect echipat pentru multe probleme fizice \u0219i emo\u021bionale. Pentru c\u0103 toate uleiurile au \u0219i un efect emo\u021bional.<\/p>\n","protected":false},"featured_media":4449,"template":"","meta":{"_et_pb_use_builder":"","_et_pb_old_content":"","_et_gb_content_width":""},"product_cat":[15,1921,36],"product_tag":[433],"_links":{"self":[{"href":"https:\/\/www.magnolioworld.com\/green-ro\/wp-json\/wp\/v2\/product\/767"}],"collection":[{"href":"https:\/\/www.magnolioworld.com\/green-ro\/wp-json\/wp\/v2\/product"}],"about":[{"href":"https:\/\/www.magnolioworld.com\/green-ro\/wp-json\/wp\/v2\/types\/product"}],"wp:featuredmedia":[{"embeddable":true,"href":"https:\/\/www.magnolioworld.com\/green-ro\/wp-json\/wp\/v2\/media\/4449"}],"wp:attachment":[{"href":"https:\/\/www.magnolioworld.com\/green-ro\/wp-json\/wp\/v2\/media?parent=767"}],"wp:term":[{"taxonomy":"product_cat","embeddable":true,"href":"https:\/\/www.magnolioworld.com\/green-ro\/wp-json\/wp\/v2\/product_cat?post=767"},{"taxonomy":"product_tag","embeddable":true,"href":"https:\/\/www.magnolioworld.com\/green-ro\/wp-json\/wp\/v2\/product_tag?post=767"}],"curies":[{"name":"wp","href":"https:\/\/api.w.org\/{rel}","templated":true}]}}