{"id":765,"date":"2020-04-22T14:01:36","date_gmt":"2020-04-22T12:01:36","guid":{"rendered":"https:\/\/www.magnolio.shop\/veggie-caps-veggie-leer-kapseln\/"},"modified":"2026-03-15T15:35:49","modified_gmt":"2026-03-15T14:35:49","slug":"doterra-veggie-caps","status":"publish","type":"product","link":"https:\/\/www.magnolioworld.com\/green-ro\/doterra-veggie-caps\/","title":{"rendered":"doTERRA Veggie Caps"},"content":{"rendered":"<p><strong>doTERRA Veggie Caps<\/strong> &#8211; aportul sigur de uleiuri picante<\/p>\n<p>Dac\u0103 dori\u021bi s\u0103 lua\u021bi uleiurile doTERRA sau amestecurile de uleiuri pe cale intern\u0103, v\u0103 recomand\u0103m Veggie Caps. Aceste capsule goale sunt umplute cu uleiurile alese de dumneavoastr\u0103 \u0219i pot fi \u00eenghi\u021bite f\u0103r\u0103 probleme. Capsulele sunt o necesitate, \u00een special pentru uleiurile &#8220;picante&#8221;, cum ar fi oregano.<\/p>\n<p>Capsulele sunt vegane \u0219i se descompun \u00een mod specific \u00een tractul digestiv, astfel \u00eenc\u00e2t s\u0103 ob\u021bin\u0103 cele mai bune efecte \u00een acest loc. Acest lucru este ideal pentru amestecurile de uleiuri, \u00een special, dar \u0219i pentru toate uleiurile care trebuie s\u0103 ajung\u0103 acolo \u00eentr-un mod specific.<\/p>\n","protected":false},"excerpt":{"rendered":"<h2 style=\"font-size: 28px\">Consumul sigur de uleiuri picante<\/h2>\n<p>doTERRA Veggie Caps &#8211; aportul sigur de uleiuri picante. Dar \u0219i toate uleiurile care sunt destinate s\u0103 intre direct \u00een tractul digestiv.<\/p>\n","protected":false},"featured_media":4194,"template":"","meta":{"_et_pb_use_builder":"","_et_pb_old_content":"","_et_gb_content_width":""},"product_cat":[15,2096,57,36,38,41,42,43,48,45,47],"product_tag":[430,431],"_links":{"self":[{"href":"https:\/\/www.magnolioworld.com\/green-ro\/wp-json\/wp\/v2\/product\/765"}],"collection":[{"href":"https:\/\/www.magnolioworld.com\/green-ro\/wp-json\/wp\/v2\/product"}],"about":[{"href":"https:\/\/www.magnolioworld.com\/green-ro\/wp-json\/wp\/v2\/types\/product"}],"wp:featuredmedia":[{"embeddable":true,"href":"https:\/\/www.magnolioworld.com\/green-ro\/wp-json\/wp\/v2\/media\/4194"}],"wp:attachment":[{"href":"https:\/\/www.magnolioworld.com\/green-ro\/wp-json\/wp\/v2\/media?parent=765"}],"wp:term":[{"taxonomy":"product_cat","embeddable":true,"href":"https:\/\/www.magnolioworld.com\/green-ro\/wp-json\/wp\/v2\/product_cat?post=765"},{"taxonomy":"product_tag","embeddable":true,"href":"https:\/\/www.magnolioworld.com\/green-ro\/wp-json\/wp\/v2\/product_tag?post=765"}],"curies":[{"name":"wp","href":"https:\/\/api.w.org\/{rel}","templated":true}]}}