{"id":738,"date":"2020-04-22T14:01:31","date_gmt":"2020-04-22T12:01:31","guid":{"rendered":"https:\/\/www.magnolio.shop\/home-essentials-kit-deu-grosse-alleskoenner\/"},"modified":"2025-09-02T12:25:51","modified_gmt":"2025-09-02T10:25:51","slug":"doterra-home-essentials-kit","status":"publish","type":"product","link":"https:\/\/www.magnolioworld.com\/green-ro\/doterra-home-essentials-kit\/","title":{"rendered":"doTERRA Home Essentials Kit"},"content":{"rendered":"<p><strong>doTERRA Home Essentials Kit<\/strong> &#8211; Eeste o introducere ideal\u0103 \u00een lumea fantastic\u0103 a uleiurilor esen\u021biale pentru dumneavoastr\u0103 \u0219i pentru \u00eentreaga familie.<\/p>\n<div class=\"module--translations-translatedtext js-module--translations-translatedtext\" data-size=\"s\"><strong>doTERRA Home Essentials Kit<\/strong> con\u021bine uleiurile esen\u021biale op 10 \u0219i amestecurile de uleiuri de care ai nevoie acas\u0103 \u0219i \u00een deplasare. Purta\u021bi \u00eentotdeauna uleiul potrivit cu dvs. pentru a fi perfect echipat pentru multe probleme fizice \u0219i emo\u021bionale. Deoarece toate uleiurile au, de asemenea, un Wirkung.ie emo\u021bional<\/div>\n<p>Uleiurile esen\u021biale de \u00eenalt\u0103 calitate de la doTERRA sunt potrivite pentru \u00eentreaga familie, de la copii mici p\u00e2n\u0103 la bunici \u0219i ofer\u0103, de asemenea, un sprijin valoros pentru bun\u0103starea animalelor de companie. De asemenea, sunt perfecte pentru o gospod\u0103rie cu puterea naturii pure.<\/p>\n<p>Ve\u021bi primi uleiurile \u00eempreun\u0103 cu bro\u0219ura doTERRA Essentials Booklet, care v\u0103 ofer\u0103 lecturi valoroase \u0219i utile pentru primii pa\u0219i \u00een lumea uleiurilor esen\u021biale.<\/p>\n<p><strong>doTERRA Home Essentials Kit<\/strong> con\u021bine 6 uleiuri individuale \u0219i 4 amestecuri speciale de uleiuri doTERRA pentru cele mai importante 4 domenii de aplicare. Bine\u00een\u021beles, uleiurile individuale pot fi amestecate \u0219i \u00eentre ele. \u00cen func\u021bie de zona de aplicare, uleiurile pot fi utilizate extern (topic), prin intermediul sistemului respirator (inhalate) sau intern. Deoarece amestecul calmant (Deep Blue) nu trebuie utilizat intern, acesta are un capac special de siguran\u021b\u0103.<\/p>\n<p><strong>Cuprins:<\/strong><br \/>\nUleiuri unice (15 ml): <br \/>\n1x T\u0103m\u00e2ie (regele uleiurilor)<br \/>\n1x Lavanda (expertul \u00een relaxare)<br \/>\n1x l\u0103m\u00e2ie (pentru concentrare \u0219i re\u00eemprosp\u0103tare)<br \/>\n1x ment\u0103 (minte \u0219i spirit proasp\u0103t)<br \/>\n1x oregano (cel mai puternic stimulent de ap\u0103rare)<br \/>\n1x arbore de ceai (detergentul universal)<\/p>\n<p>Amestecuri (15 ml):<br \/>\n1x doTERRA OnGuard (amestec de protec\u021bie)<br \/>\n1x doTERRA Air (amestec pentru c\u0103ile respiratorii)<br \/>\n1x doTERRA ZenGest (amestec digestiv)<\/p>\n<p>Amestecuri (5 ml): <br \/>\n1x doTERRA Deep Blue (amestec calmant pentru sistemul musculo-scheletic)<\/p>\n<p>Accesorii: <br \/>\n1x Difuzor cu petale (elegant, stabil \u0219i silen\u021bios)<\/p>\n<p>Cu acest set, ob\u021bine\u021bi de trei ori mai mult dec\u00e2t micul multifunc\u021bional la un pre\u021b dublu. Cu alte cuvinte, un raport optim \u00eentre pre\u021b \u0219i performan\u021b\u0103.<\/p>\n<p>Sfat: Pentru a extinde posibilit\u0103\u021bile de aplicare a uleiurilor din Big All-rounder, v\u0103 recomand\u0103m s\u0103 comanda\u021bi uleiul de cocos frac\u021bionat pentru dilu\u021bie pentru uz extern sau capacele vegane de legume pentru uz intern.<\/p>\n<p><strong>Recomandare<\/strong><br \/>\nRe\u021bine\u021bi recomand\u0103rile pentru fiecare produs \u00een parte.<\/p>\n<p><strong>Utilizare sigur\u0103<br \/>\n<\/strong>Respecta\u021bi instruc\u021biunile pentru fiecare produs \u00een parte.<\/p>\n","protected":false},"excerpt":{"rendered":"<h2 style=\"font-size: 28px;\">Mas\u0103 mare multifunc\u021bional\u0103 cu difuzor<\/h2>\n<p><span style=\"font-size: 28px; color: #e20000; font-weight: bold;\">Salva\u021bi 47 %<\/span><\/p>\n<p><strong>doTERRA Home Essentials Kit<\/strong> &#8211; Sau cele mai bune produse universale pentru a intra \u00een lumea fantastic\u0103 a uleiurilor, \u00eempreun\u0103 cu practicul difuzor Petal Diffuser. Cu cele mai importante 10 uleiuri esen\u021biale \u0219i amestecuri de uleiuri, sunte\u021bi bine echipat acas\u0103 \u0219i \u00een c\u0103l\u0103torii.<\/p>\n<p>\u2713 Sistemul imunitar \u2713 Tensiune \u2713 Tractul respirator<br \/>\n\u2713 Sistemul digestiv \u2713 Sistemul digestiv \u2713 Somnul \u2713 Concentrarea<br \/>\n\u2713 Echilibrul emo\u021bional \u2713 Starea general\u0103 de bine<br \/>\n\u2713 Cur\u0103\u021barea \u2713 Sistemul nervos \u2713 Durerea<br \/>\n\u2713 \u0218i multe altele<\/p>\n","protected":false},"featured_media":3929,"template":"","meta":{"_et_pb_use_builder":"","_et_pb_old_content":"","_et_gb_content_width":""},"product_cat":[15,49],"product_tag":[392,391],"_links":{"self":[{"href":"https:\/\/www.magnolioworld.com\/green-ro\/wp-json\/wp\/v2\/product\/738"}],"collection":[{"href":"https:\/\/www.magnolioworld.com\/green-ro\/wp-json\/wp\/v2\/product"}],"about":[{"href":"https:\/\/www.magnolioworld.com\/green-ro\/wp-json\/wp\/v2\/types\/product"}],"wp:featuredmedia":[{"embeddable":true,"href":"https:\/\/www.magnolioworld.com\/green-ro\/wp-json\/wp\/v2\/media\/3929"}],"wp:attachment":[{"href":"https:\/\/www.magnolioworld.com\/green-ro\/wp-json\/wp\/v2\/media?parent=738"}],"wp:term":[{"taxonomy":"product_cat","embeddable":true,"href":"https:\/\/www.magnolioworld.com\/green-ro\/wp-json\/wp\/v2\/product_cat?post=738"},{"taxonomy":"product_tag","embeddable":true,"href":"https:\/\/www.magnolioworld.com\/green-ro\/wp-json\/wp\/v2\/product_tag?post=738"}],"curies":[{"name":"wp","href":"https:\/\/api.w.org\/{rel}","templated":true}]}}