{"id":734,"date":"2020-04-22T14:01:30","date_gmt":"2020-04-22T12:01:30","guid":{"rendered":"https:\/\/www.magnolio.shop\/zendocrine-softgels-zendocrine-softgels-entgiftend\/"},"modified":"2025-11-17T18:54:37","modified_gmt":"2025-11-17T17:54:37","slug":"doterra-zendocrine-softgels","status":"publish","type":"product","link":"https:\/\/www.magnolioworld.com\/green-ro\/doterra-zendocrine-softgels\/","title":{"rendered":"doTERRA Zendocrine Softgels"},"content":{"rendered":"<p><strong>doTERRA Zendocrine Softgels <\/strong>&#8211; Un nou \u00eenceput pentru corp \u0219i minte \u00eentr-un mod delicat<strong><br \/>\n<\/strong><\/p>\n<p>Cine nu ar vrea s\u0103 scape cu regularitate \u0219i cu u\u0219urin\u021b\u0103 corpul \u0219i mintea de ceea ce este vechi \u0219i s\u0103 fac\u0103 loc pentru ceva lini\u0219titor de nou?  <\/p>\n<p>Amestecul special Zendocrine v\u0103 ajut\u0103 organismul \u00eentr-un mod lini\u0219titor \u0219i delicat. De asemenea, acest lucru elibereaz\u0103 organismul de radicalii liberi, care sunt \u00een mare parte responsabili de procesul de \u00eemb\u0103tr\u00e2nire.<\/p>\n<p>Uleiurile esen\u021biale de rozmarin, coriandru \u0219i fructe de ienup\u0103r sunt cunoscute pentru c\u0103 elibereaz\u0103 organismul de substan\u021bele nedorite. Mandarina \u0219i geraniul sus\u021bin acest lucru \u0219i creeaz\u0103 o atmosfer\u0103 care ridic\u0103 starea de spirit, care te face s\u0103 te sim\u021bi bine.<\/p>\n<p>DoTERRA Zendocrine softgels practice doTERRA Zendocrine pot fi luate zilnic, a\u0219a c\u0103 nu ve\u021bi dori s\u0103 le rata\u021bi.<\/p>\n<p>Din punct de vedere emo\u021bional, acest amestec v\u0103 ajut\u0103 s\u0103 lua\u021bi un nou \u00eenceput \u00eencrez\u0103tor \u0219i puternic. De asemenea, este ideal \u00eempreun\u0103 cu uleiul Zendocrine pentru o aplicare aromatic\u0103.<\/p>\n<p><strong>Recomandare<br \/>\n<\/strong>Intern: Utiliza\u021bi 1 capsul\u0103 moale pe zi.<br \/>\nV\u0103 rug\u0103m s\u0103 citi\u021bi toate aten\u021bion\u0103rile \u0219i avertismentele \u00eenainte de utilizare.<\/p>\n<p><strong>Utilizare sigur\u0103<\/strong><br \/>\nDoza zilnic\u0103 recomandat\u0103 nu trebuie s\u0103 fie dep\u0103\u0219it\u0103. A nu se p\u0103stra la \u00eendem\u00e2na copiilor. Suplimentele alimentare nu pot \u00eenlocui o diet\u0103 variat\u0103 \u0219i echilibrat\u0103 \u0219i un stil de via\u021b\u0103 s\u0103n\u0103tos. Dac\u0103 sunte\u021bi gravid\u0103 sau sub supraveghere medical\u0103, v\u0103 rug\u0103m s\u0103 v\u0103 adresa\u021bi medicului dumneavoastr\u0103. P\u0103stra\u021bi capsulele moi \u00eentr-un loc r\u0103coros \u0219i uscat.<\/p>\n","protected":false},"excerpt":{"rendered":"<h2 style=\"font-size: 28px\">Capsule pentru un nou \u00eenceput<\/h2>\n<p>doTERRA Zendocrine Softgels &#8211; Un nou \u00eenceput pentru corp \u0219i minte \u00eentr-un mod delicat. Utiliza\u021bi combina\u021bia unic\u0103 de uleiuri esen\u021biale pure pentru o stare de bine optim\u0103.<\/p>\n","protected":false},"featured_media":4064,"template":"","meta":{"_et_pb_use_builder":"","_et_pb_old_content":"","_et_gb_content_width":""},"product_cat":[15,52,44,1943,1944],"product_tag":[383,384],"_links":{"self":[{"href":"https:\/\/www.magnolioworld.com\/green-ro\/wp-json\/wp\/v2\/product\/734"}],"collection":[{"href":"https:\/\/www.magnolioworld.com\/green-ro\/wp-json\/wp\/v2\/product"}],"about":[{"href":"https:\/\/www.magnolioworld.com\/green-ro\/wp-json\/wp\/v2\/types\/product"}],"wp:featuredmedia":[{"embeddable":true,"href":"https:\/\/www.magnolioworld.com\/green-ro\/wp-json\/wp\/v2\/media\/4064"}],"wp:attachment":[{"href":"https:\/\/www.magnolioworld.com\/green-ro\/wp-json\/wp\/v2\/media?parent=734"}],"wp:term":[{"taxonomy":"product_cat","embeddable":true,"href":"https:\/\/www.magnolioworld.com\/green-ro\/wp-json\/wp\/v2\/product_cat?post=734"},{"taxonomy":"product_tag","embeddable":true,"href":"https:\/\/www.magnolioworld.com\/green-ro\/wp-json\/wp\/v2\/product_tag?post=734"}],"curies":[{"name":"wp","href":"https:\/\/api.w.org\/{rel}","templated":true}]}}