{"id":728,"date":"2020-04-22T14:01:28","date_gmt":"2020-04-22T12:01:28","guid":{"rendered":"https:\/\/www.magnolio.shop\/stronger-stronger-staerkend\/"},"modified":"2025-12-09T11:18:09","modified_gmt":"2025-12-09T10:18:09","slug":"doterra-stronger","status":"publish","type":"product","link":"https:\/\/www.magnolioworld.com\/green-ro\/doterra-stronger\/","title":{"rendered":"doTERRA Stronger"},"content":{"rendered":"<p><strong>doTERRA Stronger<\/strong> &#8211; Amestecul protector pentru copii &#8211; Amestecul potrivit pentru un sistem imunitar puternic \u0219i ap\u0103rare \u00eempotriva influen\u021belor negative externe<strong><br \/>\n<\/strong><\/p>\n<p>Acest mixaj al colec\u021biei Kids Collection aminte\u0219te de On Guard pentru copii \u0219i adolescen\u021bi. Dar compozi\u021bia difer\u0103 semnificativ. Miroase mai bl\u00e2nd \u0219i mai prietenos pentru copii, deoarece lipsesc uleiurile puternice, cum ar fi scoar\u021ba de scor\u021bi\u0219oar\u0103 \u0219i Cassia.<\/p>\n<p>Amestecul protector pentru copii<strong>(doTERRA Stronger<\/strong>) ajut\u0103 la protejarea corpului \u0219i a sistemului imunitar, protej\u00e2nd \u00een acela\u0219i timp sufletul de influen\u021bele externe nepl\u0103cute \u0219i permi\u021b\u00e2ndu-le copiilor s\u0103 fie ei \u00een\u0219i\u0219i. Consolideaz\u0103 starea de bine \u0219i promoveaz\u0103 vitalitatea. De asemenea, ajut\u0103 de minune \u00een cazul irita\u021biilor pielii.<\/p>\n<p>Amestecul de uleiuri Stronger impresioneaz\u0103 prin parfumul s\u0103u fructat \u0219i u\u0219or \u00eenr\u0103d\u0103cinat, potrivit pentru copii. care asigur\u0103 echilibrul potrivit \u00eentre protec\u021bie \u0219i stimulare.<\/p>\n<p><u>Urm\u0103toarele uleiuri sunt con\u021binute \u00een <strong>doTERRA Stronger<\/strong>:<\/u><\/p>\n<p>&#8211; Lemn de cedru (uleiul comunit\u0103\u021bii, calmant, \u00eemp\u0103m\u00e2ntenitor, care amelioreaz\u0103 anxietatea)<br \/>\n&#8211; Litsea (este o plant\u0103 de laur din Asia &#8211; miros de citrice &#8211; stimulant, relaxant \u0219i  <br \/>\n  ameliorarea stresului)<br \/>\n&#8211; T\u0103m\u00e2ie (antiinflamatoare, \u00eent\u0103re\u0219te sistemul imunitar, amelioreaz\u0103 anxietatea \u0219i stresul, cur\u0103\u021b\u0103 pielea)<br \/>\n&#8211; Trandafir (deschiz\u0103tor de inim\u0103 &#8211; \u00eenc\u0103lze\u0219te \u0219i deschide inima \u0219i creeaz\u0103 echilibru emo\u021bional, \u00eengrijirea pielii).<\/p>\n<p>Un amestec minunat pentru a \u00eent\u0103ri \u0219i a calma inima \u0219i pentru a r\u0103m\u00e2ne ferm pe p\u0103m\u00e2nt chiar \u0219i \u00een momentele dificile. O alternativ\u0103 ideal\u0103 pentru copiii, adolescen\u021bii \u0219i adul\u021bii pentru care On Guard este prea puternic sau c\u0103rora nu le place acest amestec.<\/p>\n<p>Cel mai bine este s\u0103 aplica\u021bi doTERRA Stronger pe ceaf\u0103 sau pe t\u0103lpile picioarelor la cel mai mic semn de r\u0103ceal\u0103, la simptome negative sau la adun\u0103ri mari de oameni. Sau aplica\u021bi pe m\u00e2ini, genunchi \u0219i picioare dup\u0103 o zi obositoare.<\/p>\n<p>\u00cen plus, exist\u0103 acum amestecuri de parfumuri pentru toate provoc\u0103rile de via\u021b\u0103 ale celor mici:<\/p>\n<p>Amestec \u00eencurajator &#8211; doTERRA Brave <br \/>\nAmestec calmant &#8211; doTERRA Rescuer  <br \/>\nAmestec pentru focalizare &#8211; doTERRA Thinker<br \/>\nAmestec de \u00eemp\u0103m\u00e2ntare &#8211; doTERRA Steady<br \/>\nAmestec digestiv &#8211; doTERRA Tamer  <br \/>\nAmestec de relaxare &#8211; doTERRA Calmer<\/p>\n<p>Folosi\u021bi setul de colec\u021bie pentru copii (Kids Collection) ieftin, cu geant\u0103 de transport practic\u0103, c\u00e2rlige colorate \u0219i cartona\u0219e.<\/p>\n<p><span style=\"text-decoration: underline\">Uleiurile sunt clasificate \u00een urm\u0103toarele domenii:<\/span><br \/>\n<u><\/u>&#8211; Minte (doTERRA Thinker &amp; doTERRA Calmer)<br \/>\n&#8211; Corp (doTERRA Stronger &amp; doTERRA Rescuer &amp; doTERRA Tamer)<br \/>\n&#8211; Inim\u0103 (doTERRAS Steady &amp; doTERRA Brave)<\/p>\n<p><strong>Recomandare<br \/>\n<\/strong>Aromatic: Inhala\u021bi amestecul peste \u00eencheieturi pentru o senza\u021bie de deta\u0219are \u0219i pentru a \u00eent\u0103ri sistemul imunitar. Repeta\u021bi pe parcursul zilei, dac\u0103 este necesar. Se aplic\u0103 pe bijuteriile pentru difuzoare, pe dolomita natural\u0103 sau pe pietrele pentru difuzoare din lav\u0103.  <br \/>\nTopical: Aplica\u021bi atingerea pe zonele de piele dorite pentru o piele s\u0103n\u0103toas\u0103 \u0219i hr\u0103nit\u0103. Aplica\u021bi amestecul pe ceaf\u0103 pentru o zi revigorant\u0103. De asemenea, este ideal pentru activarea \u00een timpul tuturor activit\u0103\u021bilor. Se aplic\u0103 pe m\u00e2ini, genunchi \u0219i picioare dup\u0103 o zi lung\u0103 \u0219i activ\u0103. Destinat utiliz\u0103rii sub supravegherea unui adult.<\/p>\n<div class=\"product-uses__directions-for-use\">\n<div class=\"product-uses__directions-for-use-item\">\n<div class=\"product-uses__directions-for-use-copy\"><strong>Utilizare sigur\u0103<\/strong><br \/>\nEste posibil\u0103 iritarea pielii. A nu se p\u0103stra la \u00eendem\u00e2na copiilor cu v\u00e2rsta sub 3 ani. Dac\u0103 sunte\u021bi \u00eens\u0103rcinat\u0103 sau urma\u021bi un tratament medical, v\u0103 rug\u0103m s\u0103 v\u0103 adresa\u021bi medicului dumneavoastr\u0103. Evita\u021bi contactul cu ochii, urechile interne, fa\u021ba, zonele sensibile \u0219i membranele mucoase. Numai pentru uz extern.<\/div>\n<\/div>\n<\/div>\n","protected":false},"excerpt":{"rendered":"<h2 style=\"font-size: 28px\">Amestec de protec\u021bie pentru copii<\/h2>\n<p>doTERRA Stronger &#8211; Amestecul potrivit pentru un sistem imunitar puternic \u0219i pentru ap\u0103rare \u00eempotriva influen\u021belor negative externe.<\/p>\n","protected":false},"featured_media":4107,"template":"","meta":{"_et_pb_use_builder":"","_et_pb_old_content":"","_et_gb_content_width":""},"product_cat":[15,51,46,1940,1973,1980],"product_tag":[369,370],"_links":{"self":[{"href":"https:\/\/www.magnolioworld.com\/green-ro\/wp-json\/wp\/v2\/product\/728"}],"collection":[{"href":"https:\/\/www.magnolioworld.com\/green-ro\/wp-json\/wp\/v2\/product"}],"about":[{"href":"https:\/\/www.magnolioworld.com\/green-ro\/wp-json\/wp\/v2\/types\/product"}],"wp:featuredmedia":[{"embeddable":true,"href":"https:\/\/www.magnolioworld.com\/green-ro\/wp-json\/wp\/v2\/media\/4107"}],"wp:attachment":[{"href":"https:\/\/www.magnolioworld.com\/green-ro\/wp-json\/wp\/v2\/media?parent=728"}],"wp:term":[{"taxonomy":"product_cat","embeddable":true,"href":"https:\/\/www.magnolioworld.com\/green-ro\/wp-json\/wp\/v2\/product_cat?post=728"},{"taxonomy":"product_tag","embeddable":true,"href":"https:\/\/www.magnolioworld.com\/green-ro\/wp-json\/wp\/v2\/product_tag?post=728"}],"curies":[{"name":"wp","href":"https:\/\/api.w.org\/{rel}","templated":true}]}}