{"id":708,"date":"2020-04-22T14:01:24","date_gmt":"2020-04-22T12:01:24","guid":{"rendered":"https:\/\/www.magnolio.shop\/motivate-motivate-motivierend\/"},"modified":"2026-02-06T13:38:52","modified_gmt":"2026-02-06T12:38:52","slug":"doterra-motivate","status":"publish","type":"product","link":"https:\/\/www.magnolioworld.com\/green-ro\/doterra-motivate\/","title":{"rendered":"doTERRA Motivate"},"content":{"rendered":"<p><strong>doTERRA Motivate<\/strong> &#8211; Amestecul \u00eencurajator <strong>&#8211;<\/strong> Pentru o motiva\u021bie rapid\u0103 \u0219i de durat\u0103<strong><\/p>\n<p><\/strong>Te-ai sim\u021bit mai frustrat dec\u00e2t de obicei \u00een ultima vreme? Nu v\u0103 mai porni\u021bi cu adev\u0103rat din cauza unor piedici? A fost abuzat\u0103 \u00eencrederea ta, astfel \u00eenc\u00e2t s\u0103 reac\u021bionezi doar cu cinism?  <br \/>\nAtunci amestecul motivant doTERRA Motivate este cea mai bun\u0103 alegere.  <\/p>\n<p>Amestecul de uleiuri esen\u021biale Motivate v\u0103 sprijin\u0103 \u00een resetarea de care ave\u021bi nevoie urgent\u0103, v\u0103 permite s\u0103 face\u021bi o pauz\u0103 \u0219i s\u0103 v\u0103 reg\u0103si\u021bi drumul cu o nou\u0103 for\u021b\u0103 creativ\u0103, motiva\u021bie \u0219i curaj. V\u0103 da\u021bi seama c\u0103 pute\u021bi face mult mai mult \u0219i, \u00een sf\u00e2r\u0219it, pune\u021bi \u00een practic\u0103. Amestecul creeaz\u0103 \u00eencredere \u00een sine, sus\u021bine energia \u0219i alung\u0103 g\u00e2ndurile negative. Dac\u0103 sim\u021bi c\u0103 nu ajungi nic\u0103ieri \u0219i e\u0219ti descurajat, Motivate te ajut\u0103 s\u0103 mergi pe drumul t\u0103u cu puterea naturii.<\/p>\n<p>Acest amestec de uleiuri nou formulat combin\u0103 o arom\u0103 proasp\u0103t\u0103 de ment\u0103 cu uleiuri de citrice care \u00eenvioreaz\u0103 starea de spirit \u0219i cu beneficiile pre\u021biosului absolut de vanilie. Este deosebit de util\u0103 pentru a realiza desf\u0103\u0219urarea poten\u021bialului. \u00cen acela\u0219i timp, uleiurile calmante asigur\u0103 mai mult\u0103 senin\u0103tate \u0219i lini\u0219te \u00een timpul aplic\u0103rii, f\u0103r\u0103 a pierde vigoarea necesar\u0103.<\/p>\n<p>Sunt incluse urm\u0103toarele uleiuri esen\u021biale: Ment\u0103, Portocal\u0103 s\u0103lbatic\u0103, Clementin\u0103, L\u0103m\u00e2ie, Rozmarin, Coriandru, Busuioc, Ment\u0103, Lemongrass, Fasole Tonka, Cardamom, Melissa \u0219i Vanilie Absolut\u0103.<\/p>\n<p>R\u0103sf\u0103\u021ba\u021bi-v\u0103 cu acest amestec special \u0219i \u00eencepe\u021bi s\u0103 v\u0103 \u00eendeplini\u021bi dorin\u021bele pline de entuziasm \u0219i energie, permi\u021b\u00e2ndu-v\u0103 s\u0103 v\u0103 realiza\u021bi \u00eentregul poten\u021bial.<\/p>\n<p><strong>Recomandare<\/strong><br \/>\nAromatic: Pentru sentimente de motiva\u021bie \u0219i un \u00eenceput de zi puternic, inhala\u021bi amestecul pe palmele m\u00e2inilor. Nebuliza\u021bi 3-4 pic\u0103turi de amestec \u00een difuzor pentru vigoarea \u0219i energia necesar\u0103 la locul de munc\u0103.  <br \/>\nDe asemenea, ideal pentru medita\u021bie sau pentru practica yoga. <br \/>\nTopic\u0103: Aplica\u021bi pe t\u0103lpile picioarelor diminea\u021ba pentru sentimente de optimism \u0219i \u00eencredere \u00een sine. Pentru a promova entuziasmul \u0219i \u00eencurajarea pe tot parcursul zilei, aplica\u021bi amestecul la \u00eencheieturi \u0219i pe inim\u0103.  <br \/>\nCa parfum, se amestec\u0103 1 pic\u0103tur\u0103 cu 10 pic\u0103turi de ulei purt\u0103tor \u0219i se poart\u0103 cu vigoare pe tot parcursul zilei.<\/p>\n<p><strong>Utilizare sigur\u0103<\/strong><br \/>\nEste posibil\u0103 iritarea pielii. A nu se p\u0103stra la \u00eendem\u00e2na copiilor. Dac\u0103 sunte\u021bi \u00eens\u0103rcinat\u0103 sau urma\u021bi un tratament medical, v\u0103 rug\u0103m s\u0103 v\u0103 adresa\u021bi medicului dumneavoastr\u0103. Evita\u021bi contactul cu ochii, urechile interne, fa\u021ba, zonele sensibile \u0219i membranele mucoase. Evita\u021bi lumina soarelui \u0219i razele UV timp de cel pu\u021bin 12 ore dup\u0103 aplicare. Numai pentru uz extern.<\/p>\n","protected":false},"excerpt":{"rendered":"<h2 style=\"font-size: 28px\">Amestec \u00eencurajator<\/h2>\n<p>doTERRA Motivate &#8211; Acest amestec de uleiuri de ment\u0103 \u0219i citrice, precum \u0219i de vanilie pre\u021bioas\u0103 din Madagascar, care se adreseaz\u0103 \u00een mod special emo\u021biilor, creeaz\u0103 \u00eencredere \u00een sine, sus\u021bine energia \u0219i alung\u0103 sentimentele negative. Dac\u0103 sim\u021bi c\u0103 nu ajungi nic\u0103ieri \u0219i e\u0219ti descurajat, Motivate te ajut\u0103 s\u0103 mergi pe drumul t\u0103u cu puterea naturii.<\/p>\n","protected":false},"featured_media":4102,"template":"","meta":{"_et_pb_use_builder":"","_et_pb_old_content":"","_et_gb_content_width":""},"product_cat":[15,51,36,40,2103,1950,1965],"product_tag":[316,317],"_links":{"self":[{"href":"https:\/\/www.magnolioworld.com\/green-ro\/wp-json\/wp\/v2\/product\/708"}],"collection":[{"href":"https:\/\/www.magnolioworld.com\/green-ro\/wp-json\/wp\/v2\/product"}],"about":[{"href":"https:\/\/www.magnolioworld.com\/green-ro\/wp-json\/wp\/v2\/types\/product"}],"wp:featuredmedia":[{"embeddable":true,"href":"https:\/\/www.magnolioworld.com\/green-ro\/wp-json\/wp\/v2\/media\/4102"}],"wp:attachment":[{"href":"https:\/\/www.magnolioworld.com\/green-ro\/wp-json\/wp\/v2\/media?parent=708"}],"wp:term":[{"taxonomy":"product_cat","embeddable":true,"href":"https:\/\/www.magnolioworld.com\/green-ro\/wp-json\/wp\/v2\/product_cat?post=708"},{"taxonomy":"product_tag","embeddable":true,"href":"https:\/\/www.magnolioworld.com\/green-ro\/wp-json\/wp\/v2\/product_tag?post=708"}],"curies":[{"name":"wp","href":"https:\/\/api.w.org\/{rel}","templated":true}]}}