{"id":693,"date":"2020-04-22T14:01:22","date_gmt":"2020-04-22T12:01:22","guid":{"rendered":"https:\/\/www.magnolio.shop\/calmer-calmer-beruhigend\/"},"modified":"2026-03-11T11:20:32","modified_gmt":"2026-03-11T10:20:32","slug":"doterra-calmer","status":"publish","type":"product","link":"https:\/\/www.magnolioworld.com\/green-ro\/doterra-calmer\/","title":{"rendered":"doTERRA Calmer"},"content":{"rendered":"<p><strong>doTERRA Calmer &#8211;<\/strong> relaxare pentru sufletele mici \u0219i lini\u0219te pentru ziua de azi<\/p>\n<p>Pentru ca cei mici s\u0103 nu fie nevoi\u021bi s\u0103 fure mereu uleiurile de la p\u0103rin\u021bi, a fost creat\u0103 o serie pentru copii, special pentru nevoile lor. Uleiurile picante care nu sunt potrivite pentru copii au fost \u00eenlocuite \u00een amestecurile pentru adul\u021bi cu parfumuri mai u\u0219oare, mai dulci \u0219i mai bl\u00e2nde, cum ar fi Buddha Wood \u0219i Osmanthus, cre\u00e2nd astfel amestecuri ideale pentru cei mici.<\/p>\n<p>Amestecurile de uleiuri sunt oferite \u00eentr-o atingere prietenoas\u0103 pentru copii \u0219i gata de utilizare, care este ideal\u0103 pentru a fi folosit\u0103 \u00een timpul c\u0103l\u0103toriilor \u0219i la \u0219coal\u0103.<\/p>\n<p>Cu amestecul de uleiuri <strong>doTERRA Calmer<\/strong>, cei mici au cu ei o oaz\u0103 de relaxare oriunde s-ar duce. Dup\u0103 o lec\u021bie stresant\u0103 sau o alt\u0103 epuizare emo\u021bional\u0103, ace\u0219tia pot ob\u021bine rapid \u0219i durabil un sentiment de calm \u0219i relaxare.  <br \/>\nAmestecul de uleiuri doTERRA Calmer ajut\u0103, de asemenea, \u00een mod minunat \u00eempotriva sentimentelor de anxietate \u0219i nesiguran\u021b\u0103, a schimb\u0103rilor de dispozi\u021bie \u0219i a tensiunii interioare. Dar poate avea, de asemenea, un efect minunat de echilibrare a nervozit\u0103\u021bii \u0219i hiperactivit\u0103\u021bii. De asemenea, este ideal pentru a fi folosit \u00eenainte de culcare pentru un somn lini\u0219tit \u0219i odihnitor.<br \/>\nEste alc\u0103tuit din uleiuri esen\u021biale valoroase, cum ar fi lev\u0103n\u021bic\u0103, Buddha-Wood, Cananga \u0219i mu\u0219e\u021bel roman.<\/p>\n<p>Se aplic\u0103 \u00een mod ideal pe t\u0103lpile picioarelor \u0219i pe g\u00e2t sau se inhaleaz\u0103 peste \u00eencheieturi.<\/p>\n<p><span style=\"text-decoration: underline\">\u00cen plus, exist\u0103 acum amestecuri de parfumuri pentru toate provoc\u0103rile celor mici.<\/span><\/p>\n<p>Amestec \u00eencurajator &#8211; doTERRA Brave<br \/>\nAmestec calmant &#8211; doTERRA Rescuer  <br \/>\nAmestec de \u00eemp\u0103m\u00e2ntare &#8211; doTERRA Steady<br \/>\nAmestec de protec\u021bie &#8211; doTERRA Stronger  <br \/>\nAmestec pentru focalizare &#8211; doTERRA Thinker<br \/>\nAmestec digestiv &#8211; doTERRA Tamer  <\/p>\n<p>Folosi\u021bi setul de colec\u021bie pentru copii (Kids Collection) ieftin, cu geant\u0103 de transport practic\u0103, c\u00e2rlige colorate \u0219i cartona\u0219e.<\/p>\n<p>Uleiurile sunt clasificate \u00een urm\u0103toarele domenii:<br \/>\n<u><\/u>&#8211; Minte (doTERRA Thinker &amp; doTERRA Calmer)<br \/>\n&#8211; Corp (doTERRA Stronger &amp; doTERRA Rescuer &amp; doTERRA Tamer)<br \/>\n&#8211; Inim\u0103 (doTERRAS Steady &amp; doTERRA Brave)<\/p>\n<p><strong>Recomandare<br \/>\n<\/strong>Aromatic: Pentru o senza\u021bie de calm \u0219i o atmosfer\u0103 lini\u0219tit\u0103, inhala\u021bi amestecul pe \u00eencheieturile m\u00e2inilor. Repeta\u021bi pe parcursul zilei, dac\u0103 este necesar. Se aplic\u0103 pe bijuteriile pentru difuzoare, pe dolomita natural\u0103 sau pe pietrele pentru difuzoare din lav\u0103.  <br \/>\nTopical: Aplica\u021bi amestecul pe ceaf\u0103 pentru o zi de relaxare. Pentru a asigura un somn lini\u0219tit \u0219i odihnitor, aplica\u021bi amestecul pe partea inferioar\u0103 a picioarelor. Destinat utiliz\u0103rii sub supravegherea unui adult.<\/p>\n<div class=\"product-uses__directions-for-use\">\n<div class=\"product-uses__directions-for-use-item\">\n<div class=\"product-uses__directions-for-use-copy\"><strong>Utilizare sigur\u0103<\/strong><br \/>\nEste posibil\u0103 iritarea pielii. A nu se p\u0103stra la \u00eendem\u00e2na copiilor cu v\u00e2rsta sub 3 ani. Dac\u0103 sunte\u021bi \u00eens\u0103rcinat\u0103 sau urma\u021bi un tratament medical, v\u0103 rug\u0103m s\u0103 v\u0103 adresa\u021bi medicului dumneavoastr\u0103. Evita\u021bi contactul cu ochii, urechile interne, fa\u021ba, zonele sensibile \u0219i membranele mucoase. Numai pentru uz extern.<\/div>\n<\/div>\n<\/div>\n","protected":false},"excerpt":{"rendered":"<h2 style=\"font-size: 28px\">Amestec relaxant pentru copii<\/h2>\n<p>doTERRA Calmer &#8211; relaxare pentru sufletele mici \u0219i lini\u0219te pentru ziua de azi. Cu amestecul de uleiuri Calmer, cei mici au o oaz\u0103 de relaxare \u00eentr-o atingere practic\u0103, gata de utilizare, oriunde s-ar duce.<\/p>\n","protected":false},"featured_media":4119,"template":"","meta":{"_et_pb_use_builder":"","_et_pb_old_content":"","_et_gb_content_width":""},"product_cat":[15,51,38,46,45,1940,1959,1976,1984],"product_tag":[286,287],"_links":{"self":[{"href":"https:\/\/www.magnolioworld.com\/green-ro\/wp-json\/wp\/v2\/product\/693"}],"collection":[{"href":"https:\/\/www.magnolioworld.com\/green-ro\/wp-json\/wp\/v2\/product"}],"about":[{"href":"https:\/\/www.magnolioworld.com\/green-ro\/wp-json\/wp\/v2\/types\/product"}],"wp:featuredmedia":[{"embeddable":true,"href":"https:\/\/www.magnolioworld.com\/green-ro\/wp-json\/wp\/v2\/media\/4119"}],"wp:attachment":[{"href":"https:\/\/www.magnolioworld.com\/green-ro\/wp-json\/wp\/v2\/media?parent=693"}],"wp:term":[{"taxonomy":"product_cat","embeddable":true,"href":"https:\/\/www.magnolioworld.com\/green-ro\/wp-json\/wp\/v2\/product_cat?post=693"},{"taxonomy":"product_tag","embeddable":true,"href":"https:\/\/www.magnolioworld.com\/green-ro\/wp-json\/wp\/v2\/product_tag?post=693"}],"curies":[{"name":"wp","href":"https:\/\/api.w.org\/{rel}","templated":true}]}}