{"id":682,"date":"2020-04-22T14:01:20","date_gmt":"2020-04-22T12:01:20","guid":{"rendered":"https:\/\/www.magnolio.shop\/fractionated-coconut-oil-fraktioniertes-kokosoel\/"},"modified":"2026-04-10T13:24:54","modified_gmt":"2026-04-10T11:24:54","slug":"doterra-coconut-oil","status":"publish","type":"product","link":"https:\/\/www.magnolioworld.com\/green-ro\/doterra-coconut-oil\/","title":{"rendered":"doTERRA Coconut Oil"},"content":{"rendered":"<p>doTERRA Coconut Oil &#8211;\u00a0 Este un ulei purt\u0103tor u\u0219or \u0219i neutru. <\/p>\n<p>Uleiul de nuc\u0103 de cocos \u00eembun\u0103t\u0103\u021be\u0219te efectul uleiurilor esen\u021biale asupra pielii, astfel \u00eenc\u00e2t acestea s\u0103 nu se aromatizeze prea repede \u0219i s\u0103 aib\u0103 timp s\u0103 p\u0103trund\u0103 \u00een piele. De fapt, timpul \u00een care uleiurile r\u0103m\u00e2n pe piele este considerabil mai mare. <\/p>\n<p>\u00cen plus, doTERRA Coconut Oil asigur\u0103 o piele neted\u0103 \u0219i moale \u0219i poate fi folosit minunat pentru \u00eengrijirea corpului.<\/p>\n<p>Este, de asemenea, ideal pentru diluarea uleiurilor esen\u021biale pentru pielea sensibil\u0103 \u0219i un adaos calmant \u0219i hr\u0103nitor pentru toate masajele de wellness.<\/p>\n","protected":false},"excerpt":{"rendered":"<h2 style=\"font-size: 28px;\">Ulei de nuc\u0103 de cocos lichid<\/h2>\n<p>doTERRA Coconut Oil &#8211; Este un ulei purt\u0103tor u\u0219or \u0219i neutru. \u00cembun\u0103t\u0103\u021be\u0219te efectul uleiurilor esen\u021biale asupra pielii. Ideal pentru diluarea uleiurilor picante \u0219i pentru a cre\u0219te eficien\u021ba uleiurilor esen\u021biale atunci c\u00e2nd sunt utilizate extern.<\/p>\n","protected":false},"featured_media":4205,"template":"","meta":{"_et_pb_use_builder":"","_et_pb_old_content":"","_et_gb_content_width":""},"product_cat":[15,2096,50,36,37,38,39,41,42,43,46,48,45,47,2103,1941,1961,1969,1971,1972,1973,1975,1980,1981,1984,1987,1988],"product_tag":[263,264,2113],"_links":{"self":[{"href":"https:\/\/www.magnolioworld.com\/green-ro\/wp-json\/wp\/v2\/product\/682"}],"collection":[{"href":"https:\/\/www.magnolioworld.com\/green-ro\/wp-json\/wp\/v2\/product"}],"about":[{"href":"https:\/\/www.magnolioworld.com\/green-ro\/wp-json\/wp\/v2\/types\/product"}],"wp:featuredmedia":[{"embeddable":true,"href":"https:\/\/www.magnolioworld.com\/green-ro\/wp-json\/wp\/v2\/media\/4205"}],"wp:attachment":[{"href":"https:\/\/www.magnolioworld.com\/green-ro\/wp-json\/wp\/v2\/media?parent=682"}],"wp:term":[{"taxonomy":"product_cat","embeddable":true,"href":"https:\/\/www.magnolioworld.com\/green-ro\/wp-json\/wp\/v2\/product_cat?post=682"},{"taxonomy":"product_tag","embeddable":true,"href":"https:\/\/www.magnolioworld.com\/green-ro\/wp-json\/wp\/v2\/product_tag?post=682"}],"curies":[{"name":"wp","href":"https:\/\/api.w.org\/{rel}","templated":true}]}}