{"id":641,"date":"2020-04-22T14:01:09","date_gmt":"2020-04-22T12:01:09","guid":{"rendered":"https:\/\/www.magnolio.shop\/frankincense-weihrauch\/"},"modified":"2026-03-15T15:35:29","modified_gmt":"2026-03-15T14:35:29","slug":"ulei-de-tamaie-doterra-frankincense","status":"publish","type":"product","link":"https:\/\/www.magnolioworld.com\/green-ro\/ulei-de-tamaie-doterra-frankincense\/","title":{"rendered":"Ulei de t\u0103m\u00e2ie &#8211; doTERRA Frankincense"},"content":{"rendered":"<p><strong>DoTERRA Frankincense<\/strong> &#8211; Regele uleiurilor<\/p>\n<p>Arborele de t\u0103m\u00e2ie, care cre\u0219te p\u00e2n\u0103 la o \u00een\u0103l\u021bime de aproximativ 5 metri, se g\u0103se\u0219te \u00een regiunile aride din Somalia, Yemen \u0219i Oman. Uleiul esen\u021bial se extrage din r\u0103\u0219ina cauciucat\u0103. T\u0103m\u00e2ia este considerat\u0103 unul dintre cele mai scumpe \u0219i mai pre\u021bioase uleiuri esen\u021biale. Egiptenii antici foloseau r\u0103\u0219ina de t\u0103m\u00e2ie \u00een parfumuri \u0219i pentru unguente pentru calmarea pielii, de exemplu.  <\/p>\n<p>Propriet\u0103\u021bile calmante \u0219i de \u00eenfrumuse\u021bare ale uleiului de <strong>t\u0103m\u00e2ie<\/strong> sunt folosite pentru a \u00eentineri \u0219i a calma pielea cu uleiul esen\u021bial de <strong>t\u0103m\u00e2ie doTERRA Frankincense<\/strong>. De asemenea, are un efect regenerator asupra celulelor \u0219i, prin urmare, poate fi folosit ca un minunat ajutor anti-\u00eemb\u0103tr\u00e2nire.<\/p>\n<p>Din punct de vedere emo\u021bional, este uleiul adev\u0103rului. Poate fi folosit \u00een mod minunat pentru munca spiritual\u0103 \u0219i coaching. Modul ideal de a face acest lucru este s\u0103 o pulveriza\u021bi \u00eentr-un difuzor sau s\u0103 o inhala\u021bi profund prin palmele m\u00e2inilor.<\/p>\n<p>T\u0103m\u00e2ia ajut\u0103, de asemenea, s\u0103 \u00eencepi ziua concentrat \u0219i plin de mul\u021bumire, calm \u0219i relaxare. Pur \u0219i simplu \u00eencorpora\u021bi-o \u00een rutina dumneavoastr\u0103 de diminea\u021b\u0103, cum ar fi yoga sau medita\u021bia.<\/p>\n<p><strong>Recomandare<\/strong><br \/>\nAromatic: Ad\u0103uga\u021bi 3-4 pic\u0103turi \u00een difuzor pentru o atmosfer\u0103 calm\u0103 \u0219i revigorant\u0103 a \u00eenc\u0103perii. De asemenea, poate fi minunat completat cu uleiuri de arbori care confer\u0103 siguran\u021b\u0103 \u0219i cu uleiuri de citrice care \u00eembun\u0103t\u0103\u021besc starea de spirit. Inhala\u021bi uleiul pe \u00eencheieturile m\u00e2inilor sau \u00een palme pentru a calma mintea \u0219i a reduce anxietatea.  <br \/>\nTopic: \u00cencorpora\u021bi 1-2 pic\u0103turi de t\u0103m\u00e2ie doTERRA Frankincense \u00een rutina zilnic\u0103 de \u00eengrijire a fe\u021bei pentru un ten curat \u0219i proasp\u0103t. De asemenea, este ideal la nivel local pentru irita\u021biile pielii. Deoarece are un efect regenerator, poate fi folosit \u0219i pentru anti-\u00eemb\u0103tr\u00e2nire.  <br \/>\nCa amestec de parfumuri: T\u0103m\u00e2ia poate fi combinat\u0103 minunat cu alte uleiuri esen\u021biale, cum ar fi Copaiba, lemn de cedru, Ylang Ylang \u0219i lemn de santal, pentru a crea un amestec de parfumuri exclusivist. De asemenea, este ideal pentru a fi folosit \u00eentr-un roll-on pentru c\u0103l\u0103torii. Pur \u0219i simplu ad\u0103uga\u021bi uleiul frac\u021bionat de nuc\u0103 de cocos la amestecul de parfumuri gata preparat.  <\/p>\n<p><strong>Utilizare sigur\u0103<\/strong><br \/>\nPoate provoca irita\u021bii ale pielii. A nu se p\u0103stra la \u00eendem\u00e2na copiilor. Dac\u0103 sunte\u021bi \u00eens\u0103rcinat\u0103 sau urma\u021bi un tratament medical, v\u0103 rug\u0103m s\u0103 v\u0103 adresa\u021bi medicului dumneavoastr\u0103. Evita\u021bi contactul cu ochii, urechile interne, fa\u021ba, zonele sensibile \u0219i membranele mucoase. Pentru uz topic, v\u0103 rug\u0103m s\u0103 dilua\u021bi \u00eentotdeauna uleiurile cu un ulei purt\u0103tor (de exemplu, ulei de cocos frac\u021bionat).<\/p>\n","protected":false},"excerpt":{"rendered":"<h2 style=\"font-size: 28px\">Uleiul adev\u0103rului<\/h2>\n<p>T\u0103m\u00e2ie doTERRA &#8211; Datorit\u0103 compozi\u021biei sale unice, poate fi folosit\u0103 \u00eentr-o varietate de moduri fizice \u0219i emo\u021bionale. Nu degeaba este regele uleiurilor. Uleiul de t\u0103m\u00e2ie este deosebit de valoros pentru regenerarea celular\u0103, anti-\u00eemb\u0103tr\u00e2nire \u0219i pentru irita\u021biile \u0219i cicatricile pielii. Din punct de vedere emo\u021bional, are un puternic efect de ameliorare a anxiet\u0103\u021bii \u0219i scoate la iveal\u0103 cele ascunse. Prin urmare, este uleiul ideal pentru coaching \u0219i pentru practica spiritual\u0103.<\/p>\n","protected":false},"featured_media":4177,"template":"","meta":{"_et_pb_use_builder":"","_et_pb_old_content":"","_et_gb_content_width":""},"product_cat":[43,15,50,36,37,38,39,41,42,46,48,45,47,1953,1972,1985],"product_tag":[133,132,130,131],"_links":{"self":[{"href":"https:\/\/www.magnolioworld.com\/green-ro\/wp-json\/wp\/v2\/product\/641"}],"collection":[{"href":"https:\/\/www.magnolioworld.com\/green-ro\/wp-json\/wp\/v2\/product"}],"about":[{"href":"https:\/\/www.magnolioworld.com\/green-ro\/wp-json\/wp\/v2\/types\/product"}],"wp:featuredmedia":[{"embeddable":true,"href":"https:\/\/www.magnolioworld.com\/green-ro\/wp-json\/wp\/v2\/media\/4177"}],"wp:attachment":[{"href":"https:\/\/www.magnolioworld.com\/green-ro\/wp-json\/wp\/v2\/media?parent=641"}],"wp:term":[{"taxonomy":"product_cat","embeddable":true,"href":"https:\/\/www.magnolioworld.com\/green-ro\/wp-json\/wp\/v2\/product_cat?post=641"},{"taxonomy":"product_tag","embeddable":true,"href":"https:\/\/www.magnolioworld.com\/green-ro\/wp-json\/wp\/v2\/product_tag?post=641"}],"curies":[{"name":"wp","href":"https:\/\/api.w.org\/{rel}","templated":true}]}}