{"id":619,"date":"2020-04-21T16:39:17","date_gmt":"2020-04-21T14:39:17","guid":{"rendered":"https:\/\/www.magnolio.shop\/arborvitae-lebensbaum\/"},"modified":"2026-01-09T13:13:16","modified_gmt":"2026-01-09T12:13:16","slug":"uleiul-arborele-vietii-doterra-arborvitae","status":"publish","type":"product","link":"https:\/\/www.magnolioworld.com\/green-ro\/uleiul-arborele-vietii-doterra-arborvitae\/","title":{"rendered":"Uleiul Arborele vie\u021bii &#8211; doTERRA Arborvitae"},"content":{"rendered":"<p><strong>doTERRA Arbovitae <\/strong>&#8211; \u00eemp\u0103m\u00e2ntare, putere \u0219i energie nou\u0103 de via\u021b\u0103<\/p>\n<p>Arborvitae sau &#8220;copacul vie\u021bii&#8221; are dimensiuni maiestuoase \u0219i se caracterizeaz\u0103 prin numeroase propriet\u0103\u021bi benefice pentru s\u0103n\u0103tate. Uleiul esen\u021bial <strong>doTERRA Arbovitae<\/strong> este extras din lemnul de inim\u0103 de Thuja plicata. \u00cen America de Nord, unde copacul este originar \u00een principal din Canada \u0219i din regiunea de nord-vest a SUA, este cunoscut sub numele de &#8220;cedru ro\u0219u vestic&#8221;.<\/p>\n<p>Uleiul de arborele vie\u021bii este unic datorit\u0103 concentra\u021biei sale ridicate de tuia\u021bi de metil. Uleiul esen\u021bial este produs \u00eentr-un mod inovator \u0219i ecologic, prin distilarea materialelor lemnoase reziduale. Acest lucru garanteaz\u0103 c\u0103 niciun copac nu este t\u0103iat \u00een mod inutil pentru produc\u021bie. Popula\u021biile indigene din ceea ce este ast\u0103zi Canada au folosit arborele arborvitae \u00een multe moduri diferite, \u00een special \u00een scopuri medicale, pentru construirea de b\u0103rci \u0219i pentru confec\u021bionarea de totemuri, co\u0219uri \u0219i \u00eembr\u0103c\u0103minte.<\/p>\n<p>doTERRA Arborvitae are numeroase propriet\u0103\u021bi de promovare a s\u0103n\u0103t\u0103\u021bii. Ofer\u0103 \u00eemp\u0103m\u00e2ntare, putere \u0219i o nou\u0103 energie vital\u0103. Ajut\u0103 la conectarea cu Sinele Superior \u0219i, prin urmare, este deosebit de \u00eembog\u0103\u021bitoare pentru medita\u021bie \u0219i munca spiritual\u0103. Ideal pentru utilizare \u00eentr-un difuzor.<\/p>\n<p><strong>Recomandare<\/strong><br \/>\nAromatic: Ad\u0103uga\u021bi 3-4 pic\u0103turi de doTERRA Arborvitae \u00eentr-un difuzor. Ideal \u00eempreun\u0103 cu lemnul de cedru \u0219i t\u0103m\u00e2ia pentru medita\u021bie \u0219i cre\u0219terea aten\u021biei.  <br \/>\nTopic: Ideal ca motiva\u021bie pentru sport la \u00eencheieturi \u0219i glezne sau prin punctele de puls pentru o practic\u0103 relaxat\u0103 de yoga.  <br \/>\nSe amestec\u0103 5 pic\u0103turi cu 10 ml de ulei purt\u0103tor pentru un masaj relaxant. Se amestec\u0103 5 pic\u0103turi cu 5 ml de ulei purt\u0103tor sau lapte sau crem\u0103 de migdale ca baie de wellness.<br \/>\nCa parfum: Amesteca\u021bi o pic\u0103tur\u0103 de arborele vie\u021bii \u00eempreun\u0103 cu lemn de cedru \u0219i t\u0103m\u00e2ie cu 10 ml de ulei purt\u0103tor pentru a crea un parfum cu o arom\u0103 lemnoas\u0103 cald\u0103.<\/p>\n<p><strong>Utilizare sigur\u0103<\/strong><br \/>\nPoate provoca irita\u021bii ale pielii. A nu se p\u0103stra la \u00eendem\u00e2na copiilor. Dac\u0103 sunte\u021bi \u00eens\u0103rcinat\u0103 sau urma\u021bi un tratament medical, v\u0103 rug\u0103m s\u0103 v\u0103 adresa\u021bi medicului dumneavoastr\u0103. Evita\u021bi contactul cu ochii, urechile interne, fa\u021ba, zonele sensibile \u0219i membranele mucoase. Pentru uz topic, v\u0103 rug\u0103m s\u0103 dilua\u021bi \u00eentotdeauna uleiurile cu un ulei purt\u0103tor (de exemplu, ulei de cocos frac\u021bionat).<\/p>\n","protected":false},"excerpt":{"rendered":"<h2 style=\"font-size: 28px\">Uleiul harului divin<\/h2>\n<p>doTERRA Arborvitae are numeroase propriet\u0103\u021bi de promovare a s\u0103n\u0103t\u0103\u021bii. Ofer\u0103 \u00eemp\u0103m\u00e2ntare, putere \u0219i o nou\u0103 energie vital\u0103. Ajut\u0103 la conectarea cu Sinele Superior \u0219i, prin urmare, este deosebit de \u00eembog\u0103\u021bitoare pentru medita\u021bie \u0219i munca spiritual\u0103. Ideal pentru utilizare \u00eentr-un difuzor.<\/p>\n","protected":false},"featured_media":5293,"template":"","meta":{"_et_pb_use_builder":"","_et_pb_old_content":"","_et_gb_content_width":""},"product_cat":[15,50],"product_tag":[63,64],"_links":{"self":[{"href":"https:\/\/www.magnolioworld.com\/green-ro\/wp-json\/wp\/v2\/product\/619"}],"collection":[{"href":"https:\/\/www.magnolioworld.com\/green-ro\/wp-json\/wp\/v2\/product"}],"about":[{"href":"https:\/\/www.magnolioworld.com\/green-ro\/wp-json\/wp\/v2\/types\/product"}],"wp:featuredmedia":[{"embeddable":true,"href":"https:\/\/www.magnolioworld.com\/green-ro\/wp-json\/wp\/v2\/media\/5293"}],"wp:attachment":[{"href":"https:\/\/www.magnolioworld.com\/green-ro\/wp-json\/wp\/v2\/media?parent=619"}],"wp:term":[{"taxonomy":"product_cat","embeddable":true,"href":"https:\/\/www.magnolioworld.com\/green-ro\/wp-json\/wp\/v2\/product_cat?post=619"},{"taxonomy":"product_tag","embeddable":true,"href":"https:\/\/www.magnolioworld.com\/green-ro\/wp-json\/wp\/v2\/product_tag?post=619"}],"curies":[{"name":"wp","href":"https:\/\/api.w.org\/{rel}","templated":true}]}}