{"id":6052,"date":"2023-12-18T17:44:35","date_gmt":"2023-12-18T16:44:35","guid":{"rendered":"https:\/\/www.magnolio.at\/doterra-roam-diffuser\/"},"modified":"2025-11-25T17:07:04","modified_gmt":"2025-11-25T16:07:04","slug":"doterra-roam-diffuser","status":"publish","type":"product","link":"https:\/\/www.magnolioworld.com\/green-ro\/doterra-roam-diffuser\/","title":{"rendered":"doTERRA Roam Diffuser"},"content":{"rendered":"<p><strong>doTERRA Roam Diffuser<\/strong> &#8211; Nebulizatorul cu un design frumos pentru utilizarea elegant\u0103 a uleiurilor \u00een cas\u0103 sau \u00een aer liber, f\u0103r\u0103 fir.<\/p>\n<p>Acest difuzor v\u0103 transform\u0103 mediul \u00eenconjur\u0103tor \u00eentr-un mediu armonios oriunde, datorit\u0103 bateriei re\u00eenc\u0103rcabile \u00eencorporate, chiar \u0219i f\u0103r\u0103 o conexiune prin cablu.<\/p>\n<p>doTERRA Roam Diffuser\u00a0are o carcas\u0103 elegant\u0103 realizat\u0103 din piatr\u0103 natural\u0103 lustruit\u0103 \u0219i \u0219lefuit\u0103, ceea ce confer\u0103 fiec\u0103rui model un aspect unic \u0219i individual.<\/p>\n<p>Datorit\u0103 bateriei re\u00eenc\u0103rcabile \u00eencorporate \u0219i puternice, difuzorul d\u014dTERRA Roam Diffuser nu necesit\u0103 un cablu \u0219i se potrive\u0219te perfect \u00een orice camer\u0103 din casa sau biroul dvs. Sta\u021bia de \u00eenc\u0103rcare corespunz\u0103toare este inclus\u0103. Iat\u0103 timpii de desf\u0103\u0219urare:<\/p>\n<ul>\n<li>P\u00e2n\u0103 la 5 ore de func\u021bionare continu\u0103 sau 10 ore de func\u021bionare intermitent\u0103 atunci c\u00e2nd este alimentat prin intermediul adaptorului de re\u021bea<\/li>\n<li>P\u00e2n\u0103 la 4 ore de func\u021bionare continu\u0103 sau 8 ore de func\u021bionare intermitent\u0103 \u00een modul baterie<\/li>\n<\/ul>\n<p>Este potrivit pentru camere de p\u00e2n\u0103 la 25 m\u00b2 \u0219i are o capacitate de umplere cu ap\u0103 de 100 ml.<\/p>\n<p>Ideal \u00eempreun\u0103 cu un ulei esen\u021bial pre\u021bios ca idee de cadou special.<\/p>\n<p><strong>Recomandare<\/strong><br \/>\nRespecta\u021bi recomand\u0103rile de aplicare din descrierea produsului<\/p>\n<p><strong>Aplica\u021bie sigur\u0103<\/strong><br \/>\nRespecta\u021bi instruc\u021biunile de siguran\u021b\u0103 din descrierea produsului<\/p>\n","protected":false},"excerpt":{"rendered":"<h2 style=\"font-size: 28px;\">Nebulizatorul elegant realizat din piatr\u0103 natural\u0103<\/h2>\n<p>DoTERRA Roam Diffuser &#8211; Nebulizatorul elegant \u0219i de \u00eenalt\u0103 calitate pentru utilizarea uleiurilor \u00een cas\u0103 sau la birou. Dar, datorit\u0103 bateriei re\u00eenc\u0103rcabile, poate fi folosit oriunde f\u0103r\u0103 cablu.<\/p>\n","protected":false},"featured_media":6053,"template":"","meta":{"_et_pb_use_builder":"","_et_pb_old_content":"","_et_gb_content_width":""},"product_cat":[15,57],"product_tag":[],"_links":{"self":[{"href":"https:\/\/www.magnolioworld.com\/green-ro\/wp-json\/wp\/v2\/product\/6052"}],"collection":[{"href":"https:\/\/www.magnolioworld.com\/green-ro\/wp-json\/wp\/v2\/product"}],"about":[{"href":"https:\/\/www.magnolioworld.com\/green-ro\/wp-json\/wp\/v2\/types\/product"}],"wp:featuredmedia":[{"embeddable":true,"href":"https:\/\/www.magnolioworld.com\/green-ro\/wp-json\/wp\/v2\/media\/6053"}],"wp:attachment":[{"href":"https:\/\/www.magnolioworld.com\/green-ro\/wp-json\/wp\/v2\/media?parent=6052"}],"wp:term":[{"taxonomy":"product_cat","embeddable":true,"href":"https:\/\/www.magnolioworld.com\/green-ro\/wp-json\/wp\/v2\/product_cat?post=6052"},{"taxonomy":"product_tag","embeddable":true,"href":"https:\/\/www.magnolioworld.com\/green-ro\/wp-json\/wp\/v2\/product_tag?post=6052"}],"curies":[{"name":"wp","href":"https:\/\/api.w.org\/{rel}","templated":true}]}}