{"id":5963,"date":"2023-11-29T13:51:36","date_gmt":"2023-11-29T12:51:36","guid":{"rendered":"https:\/\/www.magnolio.at\/doterra-wellness-support-kit\/"},"modified":"2025-05-06T10:54:37","modified_gmt":"2025-05-06T08:54:37","slug":"doterra-wellness-support-kit","status":"publish","type":"product","link":"https:\/\/www.magnolioworld.com\/green-ro\/doterra-wellness-support-kit\/","title":{"rendered":"doTERRA Wellness Support Kit"},"content":{"rendered":"<p><strong>doTERRA Wellness Support Kit<\/strong> &#8211; Oaza de wellness pentru o stare de bine optim\u0103<\/p>\n<p>Trusa a fost special conceput\u0103 pentru to\u021bi cei care doresc s\u0103 se bucure de via\u021ba de zi cu zi \u00eentr-un mod relaxat \u0219i binef\u0103c\u0103tor \u0219i care doresc s\u0103 aib\u0103 \u00eentotdeauna la \u00eendem\u00e2n\u0103 produsul potrivit, bazat pe natur\u0103, pentru toate afec\u021biunile minore. Fie c\u0103 este vorba de un sprijin puternic al sistemului imunitar sau de promovarea optim\u0103 a tractului respirator \u0219i a digestiei. Cu toate acestea, uleiurile pot oferi, de asemenea, un sprijin valoros pentru problemele emo\u021bionale.<\/p>\n<p><span style=\"text-decoration: underline;\">Produsele con\u021binute \u00een <strong>doTERRA Wellness Support Kit<\/strong>:<\/span><\/p>\n<p>&#8211; doTERRA Air (amestec pentru c\u0103ile respiratorii)<br \/>\n&#8211; doTERRA Copaiba (uleiul revela\u021biei \u0219i al transform\u0103rii)<br \/>\n&#8211; doTERRA On Guard (amestec de protec\u021bie)<br \/>\n&#8211; doTERRA On Guard Softgels (amestec protector \u00een capsule moi)<br \/>\n&#8211; doTERRA Oregano (protec\u021bie imunitar\u0103 puternic\u0103 \u0219i uleiul umilin\u021bei)<br \/>\n&#8211; doTERRA PB Assist (amestec probiotic)<\/p>\n<p>Oferi\u021bi-v\u0103 o protec\u021bie perfect\u0103 \u0219i complet\u0103 pentru bun\u0103starea \u0219i starea de bine \u00een via\u021ba de zi cu zi, astfel \u00eenc\u00e2t s\u0103 v\u0103 pute\u021bi bucura de via\u021b\u0103 cu u\u0219urin\u021b\u0103, succes \u0219i bucurie.<\/p>\n<p><strong>Recomandare<\/strong><br \/>\nRe\u021bine\u021bi recomand\u0103rile pentru fiecare produs \u00een parte.<\/p>\n<p><strong>Utilizare sigur\u0103<br \/>\n<\/strong>Respecta\u021bi instruc\u021biunile pentru fiecare produs \u00een parte.<\/p>\n","protected":false},"excerpt":{"rendered":"<h2>Pachetul de wellness complet pentru o bun\u0103stare optim\u0103<\/h2>\n<p style=\"font-size: 28px; color: #e20000; font-weight: bold;\">Economisi\u021bi 40 %<\/p>\n<p><strong>doTERRA Wellness Support Kit<\/strong> &#8211; Oaza de wellness pentru o stare de bine optim\u0103<\/p>\n<p>Trusa a fost special conceput\u0103 pentru to\u021bi cei care doresc s\u0103 se bucure de via\u021ba de zi cu zi \u00eentr-un mod relaxat \u0219i binef\u0103c\u0103tor \u0219i care doresc s\u0103 aib\u0103 \u00eentotdeauna la \u00eendem\u00e2n\u0103 produsul potrivit, bazat pe natur\u0103, pentru toate afec\u021biunile minore. Fie c\u0103 este vorba de un sprijin puternic al sistemului imunitar sau de o promovare optim\u0103 a tractului respirator \u0219i a digestiei. Cu toate acestea, uleiurile pot oferi, de asemenea, un sprijin valoros pentru problemele emo\u021bionale.<\/p>\n","protected":false},"featured_media":5976,"template":"","meta":{"_et_pb_use_builder":"","_et_pb_old_content":"","_et_gb_content_width":""},"product_cat":[15,1921,2083,1948,1949,1950,2002,1951,1952,1953],"product_tag":[],"_links":{"self":[{"href":"https:\/\/www.magnolioworld.com\/green-ro\/wp-json\/wp\/v2\/product\/5963"}],"collection":[{"href":"https:\/\/www.magnolioworld.com\/green-ro\/wp-json\/wp\/v2\/product"}],"about":[{"href":"https:\/\/www.magnolioworld.com\/green-ro\/wp-json\/wp\/v2\/types\/product"}],"wp:featuredmedia":[{"embeddable":true,"href":"https:\/\/www.magnolioworld.com\/green-ro\/wp-json\/wp\/v2\/media\/5976"}],"wp:attachment":[{"href":"https:\/\/www.magnolioworld.com\/green-ro\/wp-json\/wp\/v2\/media?parent=5963"}],"wp:term":[{"taxonomy":"product_cat","embeddable":true,"href":"https:\/\/www.magnolioworld.com\/green-ro\/wp-json\/wp\/v2\/product_cat?post=5963"},{"taxonomy":"product_tag","embeddable":true,"href":"https:\/\/www.magnolioworld.com\/green-ro\/wp-json\/wp\/v2\/product_tag?post=5963"}],"curies":[{"name":"wp","href":"https:\/\/api.w.org\/{rel}","templated":true}]}}