{"id":5962,"date":"2023-11-29T13:44:59","date_gmt":"2023-11-29T12:44:59","guid":{"rendered":"https:\/\/www.magnolio.at\/doterra-relief-and-revive-kit\/"},"modified":"2024-04-03T07:30:53","modified_gmt":"2024-04-03T05:30:53","slug":"doterra-relief-and-revive-kit","status":"publish","type":"product","link":"https:\/\/www.magnolioworld.com\/green-ro\/doterra-relief-and-revive-kit\/","title":{"rendered":"doTERRA Relief and Revive Kit"},"content":{"rendered":"<p><strong>doTERRA Relief and Revive Kit <\/strong>&#8211; Protec\u021bia complet\u0103 pentru toate afec\u021biunile mu\u0219chilor \u0219i articula\u021biilor<\/p>\n<div class=\"spotlight__head-copy\">\n<p>Nimeni nu este imun la afec\u021biuni ocazionale \u0219i la disconfort la nivelul mu\u0219chilor \u0219i articula\u021biilor, iar via\u021ba poate fi plin\u0103 de mici nepl\u0103ceri! Kitul Relief &amp; Revive v\u0103 ofer\u0103 toate instrumentele de care ave\u021bi nevoie pentru a v\u0103 sim\u021bi bine \u0219i pentru a v\u0103 relaxa corpul \u00een cel mai bun mod posibil.<\/p>\n<\/div>\n<p><span style=\"text-decoration: underline;\">Produsele con\u021binute \u00een doTERRA Relief and Revive Kit:<\/span><\/p>\n<p>&#8211; doTERRA Aromatouch<br \/>\n&#8211; doTERRA Copaiba <br \/>\n&#8211; doTERRA Deep Blue <br \/>\n&#8211; doTERRA Deep Blue Polyphenol Complex<br \/>\n&#8211; doTERRA Wintergreen <\/p>\n<p>Bucura\u021bi-v\u0103 de o protec\u021bie complet\u0103 perfect\u0103 pentru toate afec\u021biunile care afecteaz\u0103 mu\u0219chii \u0219i articula\u021biile. De asemenea, este ideal pentru sus\u021binerea tuturor activit\u0103\u021bilor sportive. Bucura\u021bi-v\u0103 pur \u0219i simplu de via\u021b\u0103 \u0219i sim\u021bi\u021bi-v\u0103 bine \u00een mod activ.<\/p>\n<p><strong>Recomandare<\/strong><br \/>\nRe\u021bine\u021bi recomand\u0103rile pentru fiecare produs \u00een parte.<\/p>\n<p><strong>Utilizare sigur\u0103<br \/>\n<\/strong>Respecta\u021bi instruc\u021biunile pentru fiecare produs \u00een parte.<\/p>\n","protected":false},"excerpt":{"rendered":"<h2>Protec\u021bie complet\u0103 pentru toate persoanele active<\/h2>\n<p style=\"font-size: 28px; color: #e20000; font-weight: bold;\">Salva\u021bi 46 %<\/p>\n<p><strong>doTERRA Relief and Revive Kit <\/strong>&#8211; Protec\u021bia complet\u0103 pentru toate afec\u021biunile mu\u0219chilor \u0219i articula\u021biilor. Bucura\u021bi-v\u0103 pur \u0219i simplu de via\u021b\u0103 \u0219i sim\u021bi\u021bi-v\u0103 bine \u00een mod activ.<\/p>\n","protected":false},"featured_media":0,"template":"","meta":{"_et_pb_use_builder":"","_et_pb_old_content":"","_et_gb_content_width":""},"product_cat":[15,1921,39,54,1942],"product_tag":[],"_links":{"self":[{"href":"https:\/\/www.magnolioworld.com\/green-ro\/wp-json\/wp\/v2\/product\/5962"}],"collection":[{"href":"https:\/\/www.magnolioworld.com\/green-ro\/wp-json\/wp\/v2\/product"}],"about":[{"href":"https:\/\/www.magnolioworld.com\/green-ro\/wp-json\/wp\/v2\/types\/product"}],"wp:attachment":[{"href":"https:\/\/www.magnolioworld.com\/green-ro\/wp-json\/wp\/v2\/media?parent=5962"}],"wp:term":[{"taxonomy":"product_cat","embeddable":true,"href":"https:\/\/www.magnolioworld.com\/green-ro\/wp-json\/wp\/v2\/product_cat?post=5962"},{"taxonomy":"product_tag","embeddable":true,"href":"https:\/\/www.magnolioworld.com\/green-ro\/wp-json\/wp\/v2\/product_tag?post=5962"}],"curies":[{"name":"wp","href":"https:\/\/api.w.org\/{rel}","templated":true}]}}