{"id":5956,"date":"2023-11-29T12:44:03","date_gmt":"2023-11-29T11:44:03","guid":{"rendered":"https:\/\/www.magnolio.at\/doterra-citrus-bliss-bath-bar\/"},"modified":"2025-05-07T11:50:26","modified_gmt":"2025-05-07T09:50:26","slug":"doterra-citrus-bliss-bath-bar","status":"publish","type":"product","link":"https:\/\/www.magnolioworld.com\/green-ro\/doterra-citrus-bliss-bath-bar\/","title":{"rendered":"doTERRA Citrus Bliss Bath Bar"},"content":{"rendered":"<p><strong>doTERRA Citrus Bliss<\/strong> <strong>Bath Bar<\/strong> &#8211; S\u0103punul de baie relaxant cu parfumul revitalizant \u0219i de ridicare a st\u0103rii de spirit al amestecului de uleiuri Citrus Bliss<\/p>\n<p>S\u0103punul de baie doTERRA Citrus Bliss ofer\u0103 o senza\u021bie pl\u0103cut\u0103, ofer\u0103 mult\u0103 spum\u0103 de baie, arom\u0103 \u0219i ofer\u0103 o experien\u021b\u0103 de cur\u0103\u021bare excelent\u0103. <\/p>\n<p>Spre deosebire de s\u0103punurile conven\u021bionale cu agen\u021bi tensioactivi agresivi, las\u0103 pielea curat\u0103, neted\u0103 \u0219i moale. \u00cenc\u0103 de la prima utilizare, v\u0103 ve\u021bi da seama c\u0103 acest s\u0103pun de baie este complet diferit de oricare altul pe care l-a\u021bi mai folosit p\u00e2n\u0103 acum. <\/p>\n<p>DoTERRA Citrus Bliss Bath Bar formeaz\u0103 o spum\u0103 delicat\u0103 care alunec\u0103 u\u0219or pe piele, cur\u0103\u021b\u00e2nd temeinic \u0219i \u00een acela\u0219i timp hidrat\u00e2nd pielea cu ulei din semin\u021be de jojoba, glicerin\u0103 vegetal\u0103 \u0219i suc de aloe vera.<\/p>\n<p>Aroma revigorant\u0103 \u0219i care ridic\u0103 starea de spirit a amestecului doTERRA Citrus Bliss pe care \u00eel folosim \u00een acest s\u0103pun de baie v\u0103 va pune \u00eentr-o stare de fericire exaltat\u0103. <\/p>\n<p>Bucura\u021bi-v\u0103 de o experien\u021b\u0103 spa bogat\u0103, purificatoare \u0219i aromat\u0103 cu doTERRA Citrus Bliss Bath Bar, un produs natural \u0219i cu adev\u0103rat unic.<\/p>\n<p>\u00cencerca\u021bi \u0219i celelalte s\u0103punuri de baie spa exclusive doTERRA Balance, doTERRA Moisturising, doTERRA Serenity \u0219i doTERRA Balance. De asemenea, ideal \u00een combina\u021bie cu produsele din seria Spa.<strong><br \/>\n<\/strong><\/p>\n<p><strong>Recomandare<\/strong><br \/>\nDe actualitate: Pentru o cur\u0103\u021bare optim\u0103 \u0219i un aspect proasp\u0103t al pielii, \u00eencorporeaz\u0103 doTERRA Citrus Bliss Bath Bar \u00een rutina zilnic\u0103 de \u00eengrijire corporal\u0103 \u0219i bucur\u0103-te de parfumul minunat.<br \/>\nCerere: Se spumeaz\u0103 energic s\u0103punul cu ap\u0103. Folosi\u021bi s\u0103punul la du\u0219, baie sau lavoar. Pentru a prelungi durata de valabilitate a s\u0103punului, l\u0103sa\u021bi s\u0103 se usuce \u00eentre aplic\u0103ri. Se p\u0103streaz\u0103 la temperatura camerei. Evita\u021bi c\u0103ldura excesiv\u0103.<\/p>\n<p><strong>Utilizare sigur\u0103<\/strong><br \/>\nNumai pentru uz extern. Evita\u021bi contactul cu ochii. \u00centrerupe\u021bi utilizarea produsului dac\u0103 apare iritarea pielii.<\/p>\n","protected":false},"excerpt":{"rendered":"<h2 style=\"font-size: 28px;\">S\u0103pun de baie revitalizant<\/h2>\n<p>DoTERRA Citrus Bliss Bath Bar &#8211; Este o experien\u021b\u0103 de cur\u0103\u021bare incredibil de profund\u0103 cu amestecul de uleiuri revitalizante Citrus Bliss.<\/p>\n","protected":false},"featured_media":5969,"template":"","meta":{"_et_pb_use_builder":"","_et_pb_old_content":"","_et_gb_content_width":""},"product_cat":[15,56],"product_tag":[576],"_links":{"self":[{"href":"https:\/\/www.magnolioworld.com\/green-ro\/wp-json\/wp\/v2\/product\/5956"}],"collection":[{"href":"https:\/\/www.magnolioworld.com\/green-ro\/wp-json\/wp\/v2\/product"}],"about":[{"href":"https:\/\/www.magnolioworld.com\/green-ro\/wp-json\/wp\/v2\/types\/product"}],"wp:featuredmedia":[{"embeddable":true,"href":"https:\/\/www.magnolioworld.com\/green-ro\/wp-json\/wp\/v2\/media\/5969"}],"wp:attachment":[{"href":"https:\/\/www.magnolioworld.com\/green-ro\/wp-json\/wp\/v2\/media?parent=5956"}],"wp:term":[{"taxonomy":"product_cat","embeddable":true,"href":"https:\/\/www.magnolioworld.com\/green-ro\/wp-json\/wp\/v2\/product_cat?post=5956"},{"taxonomy":"product_tag","embeddable":true,"href":"https:\/\/www.magnolioworld.com\/green-ro\/wp-json\/wp\/v2\/product_tag?post=5956"}],"curies":[{"name":"wp","href":"https:\/\/api.w.org\/{rel}","templated":true}]}}