{"id":4931,"date":"2023-06-15T10:18:31","date_gmt":"2023-06-15T08:18:31","guid":{"rendered":"https:\/\/www.magnolio.at\/doterra-pb-assist-jr\/"},"modified":"2024-09-19T21:38:44","modified_gmt":"2024-09-19T19:38:44","slug":"doterra-pb-assist-jr","status":"publish","type":"product","link":"https:\/\/www.magnolioworld.com\/green-ro\/doterra-pb-assist-jr\/","title":{"rendered":"doTERRA PB Assist Jr."},"content":{"rendered":"<p><strong>doTERRA PB Assist jr. &#8211;<\/strong> Pentru dezvoltarea \u0219i men\u021binerea unei flore intestinale \u0219i a unui sistem imunitar s\u0103n\u0103tos la copii  <\/p>\n<p>doTERRA PB Assist jr. con\u021bine o formul\u0103 de tulpini prebiotice valoroase, care au fost special selectate pentru efectele lor benefice asupra copiilor,  <br \/>\nSunt incluse urm\u0103toarele tulpini:<\/p>\n<div class=\"product-whats-inside__wrap\">\n<div class=\"product-whats-inside__wrap-item\">\n<div class=\"product-whats-inside__info\">\n<div class=\"product-whats-inside__tab-wrap\">\n<div class=\"product-whats-inside__content\">\n<ul class=\"product-whats-inside__info-list custom-list\">\n<li class=\"product-whats-inside__info-list-item\">Lactobacillus rhamnosus<\/li>\n<li class=\"product-whats-inside__info-list-item\">Lactobacillus salivarius<\/li>\n<li class=\"product-whats-inside__info-list-item\">Lactobacillus plantarum<\/li>\n<li class=\"product-whats-inside__info-list-item\">Bifidobacterium breve<\/li>\n<li class=\"product-whats-inside__info-list-item\">Bifidobacterium lactis<\/li>\n<\/ul>\n<\/div>\n<\/div>\n<\/div>\n<\/div>\n<\/div>\n<p>Este un produs gustos \u0219i u\u0219or de utilizat, pe care copiii \u00eel m\u0103n\u00e2nc\u0103 cu pl\u0103cere \u0219i care \u00eei sprijin\u0103 \u00een mod eficient \u00een dieta lor zilnic\u0103.  <\/p>\n<p>Alte produse speciale pentru copii sunt, de asemenea, un adaos minunat pentru bun\u0103starea \u0219i dezvoltarea optim\u0103 a copiilor dumneavoastr\u0103.  <br \/>\nPrintre acestea se num\u0103r\u0103 IQ Mega (acizi gra\u0219i omega-3) \u0219i A2Z Chewable (tablete masticabile de vitamine). A2Z Chewable \u0219i IQ Mega sunt, de asemenea, disponibile sub form\u0103 de set ieftin.<\/p>\n<p>Pentru o sus\u021binere optim\u0103 a corpului, a min\u021bii \u0219i a inimii, colec\u021bia Kids a fost creat\u0103 special pentru cerin\u021bele celor mici.<strong><br \/>\n<\/strong><\/p>\n<p><strong>Recomandare<\/strong><br \/>\nLua\u021bi con\u021binutul unui plicule\u021b pe zi. Turna\u021bi con\u021binutul plicule\u021bului direct \u00een gur\u0103 sau amesteca\u021bi \u00een aproximativ 118 ml de ap\u0103, suc sau b\u0103utura preferat\u0103 \u0219i be\u021bi imediat. Poate fi administrat, de asemenea, \u00eempreun\u0103 cu alimente reci, cum ar fi iaurtul, smoothie-urile, cerealele pentru micul dejun etc.  <\/p>\n<p><strong>Utilizare sigur\u0103<\/strong><br \/>\nA nu se p\u0103stra la \u00eendem\u00e2na copiilor. Ave\u021bi grij\u0103 s\u0103 nu dep\u0103\u0219i\u021bi doza zilnic\u0103 recomandat\u0103. V\u0103 rug\u0103m s\u0103 re\u021bine\u021bi c\u0103 suplimentele alimentare nu pot \u00eenlocui o diet\u0103 complet\u0103 \u0219i echilibrat\u0103 \u0219i un stil de via\u021b\u0103 s\u0103n\u0103tos. Femeile \u00eens\u0103rcinate \u0219i cele care al\u0103pteaz\u0103, precum \u0219i persoanele cu probleme de s\u0103n\u0103tate cunoscute trebuie s\u0103 solicite sfatul medicului \u00eenainte de a lua acest produs. A se p\u0103stra \u00eentr-un loc r\u0103coros \u0219i uscat. V\u0103 rug\u0103m s\u0103 re\u021bine\u021bi data limit\u0103 de consum (a se vedea partea de jos a sticlei).<\/p>\n","protected":false},"excerpt":{"rendered":"<h2 style=\"font-size: 28px\">Probiotice gustoase &#8211; ideale pentru copii<\/h2>\n<p><strong>doTERRA PB Assist jr. &#8211;<\/strong> Pentru dezvoltarea \u0219i men\u021binerea unei flore intestinale \u0219i a unui sistem imunitar s\u0103n\u0103tos la copii. Con\u021bine o formul\u0103 de tulpini prebiotice valoroase, care au fost selectate special pentru efectele lor benefice pentru copii \u0219i care, astfel, sus\u021bin \u00een mod optim alimenta\u021bia zilnic\u0103 a copilului dumneavoastr\u0103.<\/p>\n","protected":false},"featured_media":4929,"template":"","meta":{"_et_pb_use_builder":"","_et_pb_old_content":"","_et_gb_content_width":""},"product_cat":[15,52,1943,1947,1972,2065,1989],"product_tag":[581],"_links":{"self":[{"href":"https:\/\/www.magnolioworld.com\/green-ro\/wp-json\/wp\/v2\/product\/4931"}],"collection":[{"href":"https:\/\/www.magnolioworld.com\/green-ro\/wp-json\/wp\/v2\/product"}],"about":[{"href":"https:\/\/www.magnolioworld.com\/green-ro\/wp-json\/wp\/v2\/types\/product"}],"wp:featuredmedia":[{"embeddable":true,"href":"https:\/\/www.magnolioworld.com\/green-ro\/wp-json\/wp\/v2\/media\/4929"}],"wp:attachment":[{"href":"https:\/\/www.magnolioworld.com\/green-ro\/wp-json\/wp\/v2\/media?parent=4931"}],"wp:term":[{"taxonomy":"product_cat","embeddable":true,"href":"https:\/\/www.magnolioworld.com\/green-ro\/wp-json\/wp\/v2\/product_cat?post=4931"},{"taxonomy":"product_tag","embeddable":true,"href":"https:\/\/www.magnolioworld.com\/green-ro\/wp-json\/wp\/v2\/product_tag?post=4931"}],"curies":[{"name":"wp","href":"https:\/\/api.w.org\/{rel}","templated":true}]}}