{"id":3851,"date":"2022-08-20T12:10:52","date_gmt":"2022-08-20T10:10:52","guid":{"rendered":"https:\/\/www.magnolio.at\/?post_type=product&#038;p=3851"},"modified":"2026-02-19T15:39:44","modified_gmt":"2026-02-19T14:39:44","slug":"doterra-air-x","status":"publish","type":"product","link":"https:\/\/www.magnolioworld.com\/green-ro\/doterra-air-x\/","title":{"rendered":"doTERRA Air-X"},"content":{"rendered":"<p><strong>doTERRA Air-X<\/strong> &#8211; Amestecul ideal pentru un aer respirabil pur \u00een care pute\u021bi respira liber \u0219i revigorat.<\/p>\n<p>doTERRA Air-X este un amestec purificator care captiveaz\u0103 prin parfumul s\u0103u minunat. Acesta este at\u00e2t fructat, c\u00e2t \u0219i p\u0103m\u00e2ntesc, cu un parfum de plante.<br \/>\nAcest lucru se datoreaz\u0103 uleiurilor esen\u021biale de litsea, mandarin\u0103, grapefruit, cardamom \u0219i t\u0103m\u00e2ie.<br \/>\nAcest amestec poate fi utilizat pentru a contracara poluarea mediului. De exemplu, <strong>doTERRA Air-X<\/strong> este conceput pentru a ajuta la purificarea aerului din interior \u0219i pentru a reduce efectele polu\u0103rii aerului inhalat. De asemenea, poate compensa efectele nocive ale aerului poluat din centrele urbane \u0219i din zonele industriale.<\/p>\n<p>Pentru a ob\u021bine efectul optim al acestui amestec respirator, se recomand\u0103 difuzarea sau inhalarea lui prin \u00eencheieturile m\u00e2inilor sau prin palmele m\u00e2inilor. De asemenea, poate fi aplicat \u00een zona bronhiilor sau pe chakra g\u00e2tului.  <\/p>\n<p>Amestecul de fructe de litsea, coaj\u0103 de citrice, r\u0103\u0219in\u0103 de t\u0103m\u00e2ie \u0219i coaj\u0103 de cardamom \u00eemprosp\u0103teaz\u0103 at\u00e2t aerul, c\u00e2t \u0219i mintea \u0219i ajut\u0103 la contracararea eficient\u0103 a epuiz\u0103rii fizice. Amestecul are un efect energizant \u0219i de ridicare a st\u0103rii de spirit \u0219i este ideal \u00een perioadele de lips\u0103 de energie \u0219i motiva\u021bie sc\u0103zut\u0103. Aplicat local, AIR-X poate ajuta la reglarea impurit\u0103\u021bilor pielii. Datorit\u0103 efectului s\u0103u echilibrant, poate fi folosit \u0219i pentru a calma tulbur\u0103rile digestive.<\/p>\n<p>Cur\u0103\u021barea \u0219i purificarea aerului pe care \u00eel respiri pot fi folosite \u0219i pe plan emo\u021bional pentru a cur\u0103\u021ba \u0219i limpezi mintea \u0219i pentru a ac\u021biona cu calm, mai ales \u00een perioade dificile. Claritatea este \u00eens\u0103 necesar\u0103 \u0219i pentru a recunoa\u0219te propriile puncte forte \u0219i pentru a le folosi \u00een mod corespunz\u0103tor.  <br \/>\nUleiurile de citrice con\u021binute \u00een amestec creeaz\u0103 o stare de spirit pozitiv\u0103 \u0219i ajut\u0103 la gestionarea echilibrat\u0103 a stresului \u0219i la evitarea reac\u021biilor de fric\u0103 \u0219i panic\u0103 \u00een situa\u021bii de criz\u0103. Ideal pentru coaching \u0219i practic\u0103 spiritual\u0103.<\/p>\n<p><strong>doTERRA Air-X<\/strong> se bucur\u0103 de respira\u021bia vie\u021bii cu o bun\u0103 dispozi\u021bie \u0219i senin\u0103tate.<\/p>\n<p><strong>Recomandare<\/strong><br \/>\nAromatic: Nebuliza\u021bi 3-4 pic\u0103turi \u00een difuzor pentru un aer respirabil curat \u0219i limpede. Pentru un efect emo\u021bional optim, inhala\u021bi ad\u00e2nc 1-2 pic\u0103turi pe punctele de puls sau \u00een palmele m\u00e2inilor.<br \/>\nTopic: Pentru masaje, se amestec\u0103 5 pic\u0103turi cu 10 ml de ulei purt\u0103tor. Ca aditiv pentru baie, se amestec\u0103 5 pic\u0103turi cu 5 ml de ulei purt\u0103tor. Pentru a parfuma, se amestec\u0103 1 pic\u0103tur\u0103 cu 10 pic\u0103turi de ulei purt\u0103tor.<\/p>\n<p><strong>Utilizare sigur\u0103<\/strong><br \/>\nEste posibil\u0103 iritarea pielii. A nu se p\u0103stra la \u00eendem\u00e2na copiilor. Dac\u0103 sunte\u021bi \u00eens\u0103rcinat\u0103 sau urma\u021bi un tratament medical, v\u0103 rug\u0103m s\u0103 v\u0103 adresa\u021bi medicului dumneavoastr\u0103. Evita\u021bi contactul cu ochii, urechile interne, fa\u021ba, zonele sensibile \u0219i membranele mucoase. Evita\u021bi lumina soarelui \u0219i razele UV timp de cel pu\u021bin 12 ore dup\u0103 aplicare. Numai pentru uz extern.<\/p>\n","protected":false},"excerpt":{"rendered":"<h2 style=\"font-size: 28px\">Amestec clarificator &#8211; claritate \u00een vremuri dificile<\/h2>\n<p>doTERRA Air-X &#8211; Amestecul ideal pentru un aer respirabil pur \u00een care pute\u021bi respira liber \u0219i revigorat. AIR-X se bucur\u0103 de respira\u021bia vie\u021bii cu bun\u0103 dispozi\u021bie \u0219i senin\u0103tate.<\/p>\n","protected":false},"featured_media":4190,"template":"","meta":{"_et_pb_use_builder":"","_et_pb_old_content":"","_et_gb_content_width":""},"product_cat":[15,51,1922],"product_tag":[2108],"_links":{"self":[{"href":"https:\/\/www.magnolioworld.com\/green-ro\/wp-json\/wp\/v2\/product\/3851"}],"collection":[{"href":"https:\/\/www.magnolioworld.com\/green-ro\/wp-json\/wp\/v2\/product"}],"about":[{"href":"https:\/\/www.magnolioworld.com\/green-ro\/wp-json\/wp\/v2\/types\/product"}],"wp:featuredmedia":[{"embeddable":true,"href":"https:\/\/www.magnolioworld.com\/green-ro\/wp-json\/wp\/v2\/media\/4190"}],"wp:attachment":[{"href":"https:\/\/www.magnolioworld.com\/green-ro\/wp-json\/wp\/v2\/media?parent=3851"}],"wp:term":[{"taxonomy":"product_cat","embeddable":true,"href":"https:\/\/www.magnolioworld.com\/green-ro\/wp-json\/wp\/v2\/product_cat?post=3851"},{"taxonomy":"product_tag","embeddable":true,"href":"https:\/\/www.magnolioworld.com\/green-ro\/wp-json\/wp\/v2\/product_tag?post=3851"}],"curies":[{"name":"wp","href":"https:\/\/api.w.org\/{rel}","templated":true}]}}