{"id":3845,"date":"2022-08-20T11:22:26","date_gmt":"2022-08-20T09:22:26","guid":{"rendered":"https:\/\/www.magnolio.at\/?post_type=product&#038;p=3845"},"modified":"2026-04-28T16:58:40","modified_gmt":"2026-04-28T14:58:40","slug":"doterra-deep-blue-stick","status":"publish","type":"product","link":"https:\/\/www.magnolioworld.com\/green-ro\/doterra-deep-blue-stick\/","title":{"rendered":"doTERRA Deep Blue Stick"},"content":{"rendered":"<p><strong>doTERRA Deep Blue Stick<\/strong> &#8211; Combina\u021bia celor 2 uleiuri speciale Deep Blue \u0219i Copaiba v\u0103 ajut\u0103 s\u0103 v\u0103 mi\u0219ca\u021bi u\u0219or \u0219i f\u0103r\u0103 probleme.<\/p>\n<p>Amestecul calmant dovedit Deep Blue este combinat cu efectul regenerant \u0219i calmant al uleiului esen\u021bial Copaiba.<br \/>\nNoua formul\u0103 a stick-ului este ideal\u0103 pentru a fi folosit\u0103 \u00een mi\u0219care sau dup\u0103 exerci\u021bii fizice. Dar \u0219i pentru a u\u0219ura tensiunea din zona g\u00e2tului sau a umerilor atunci c\u00e2nd se lucreaz\u0103 la birou sau pentru a preveni tensiunea \u00een zona capului.<\/p>\n<p>De asemenea, este ideal s\u0103 aplica\u021bi doTERRA Deep Blue Stick pe zonele tensionate ale corpului \u00eenainte de a merge la culcare. Acest lucru permite sistemului musculo-scheletic s\u0103 se regenereze \u00een mod optim pe timp de noapte \u0219i v\u0103 ajut\u0103 s\u0103 dormi\u021bi relaxat \u0219i s\u0103 v\u0103 trezi\u021bi odihnit.<br \/>\nBastonul poate fi, de asemenea, pl\u0103cut r\u0103coritor \u0219i u\u0219urator pentru picioarele grele \u00een timpul c\u0103l\u0103toriilor lungi.<\/p>\n<p>Datorit\u0103 formulei speciale a doTERRA Deep Blue Stick, nu las\u0103 urme dup\u0103 aplicare, dar este totu\u0219i de lung\u0103 durat\u0103. Acest lucru \u00eenseamn\u0103 c\u0103 stickul poate fi aplicat \u0219i \u00eenainte sau \u00een mijlocul unui antrenament. De asemenea, r\u0103core\u0219te minunat zonele afectate \u0219i este foarte pl\u0103cut\u0103 pentru piele, mai ales la temperaturi ridicate.<\/p>\n<p>Dac\u0103 sim\u021bi\u021bi tensiune peste tot dup\u0103 un efort fizic, atunci este timpul pentru amestecul lini\u0219titor Deep Blue din doTERRA Deep Blue Stick.<\/p>\n<p>Este combina\u021bia perfect\u0103 de uleiuri esen\u021biale care au un efect pl\u0103cut de r\u0103corire atunci c\u00e2nd sunt masate pe piele. doTERRA Deep Blue are un efect calmant \u0219i este ideal pentru ameliorarea senza\u021biilor de tensiune. Uleiurile esen\u021biale valoroase de ment\u0103, anason stelar, eucalipt, wintergreen, mu\u0219e\u021bel albastru egiptean \u0219i helichrysum sunt responsabile pentru acest lucru.<\/p>\n<p>Amestecul lini\u0219titor este acum disponibil \u00eentr-o formul\u0103 nou\u0103, \u00eembun\u0103t\u0103\u021bit\u0103. Acesta a fost testat riguros pentru a ob\u021bine performan\u021be mai bune. Con\u021bine, de asemenea, Copaiba \u0219i rozmarin spaniol, care con\u021bin \u00een mod natural o propor\u021bie mare de camfor.<\/p>\n<p>Acest amestec minunat de lini\u0219titor este disponibil \u00een diferite forme de produse, astfel \u00eenc\u00e2t poate fi folosit cu orice ocazie. Fie ca ulei pur Deep Blue, fie ca o atingere practic\u0103 pentru c\u0103l\u0103torii sau pentru sport. Fie pur (Deep Blue Roll-On), fie gata de utilizare diluat cu ulei de cocos frac\u021bionat, a\u0219a cum se arat\u0103 aici (Deep Blue Touch).<br \/>\nCrema Deep Blue Rub este, de asemenea, disponibil\u0103 pentru o aplicare mai extins\u0103 \u0219i pentru cei c\u0103rora le place s\u0103 foloseasc\u0103 lo\u021biuni.<\/p>\n<p>\u00cen cazul problemelor musculo-scheletice cronice, se recomand\u0103 utilizarea complexului Deep Blue Polyphenol \u00een plus fa\u021b\u0103 de aplicarea extern\u0103 a produselor Deep Blue.<\/p>\n<p><strong>Recomandare<\/strong><br \/>\nTopic: utiliza\u021bi doTERRA Deep Blue Stick \u00eenainte sau dup\u0103 sport, dup\u0103 cum este necesar. Se \u00eentinde pe g\u00e2t \u0219i umeri pentru a elibera tensiunea dup\u0103 o zi lung\u0103 \u00een fa\u021ba calculatorului. Se aplic\u0103 pe ceaf\u0103 \u00een caz de oboseal\u0103 sau tensiune la nivelul capului. Folosi\u021bi efectul r\u0103coritor \u0219i lini\u0219titor atunci c\u00e2nd c\u0103l\u0103tori\u021bi \u0219i, \u00een special, atunci c\u00e2nd sta\u021bi mult timp \u00een \u0219ezut, aplic\u00e2ndu-l pe picioare \u0219i picioare. Stickul doTERRA Deep Blue este, de asemenea, ideal pentru a fi utilizat \u00een timpul c\u0103l\u0103toriilor, \u00een timpul sportului sau la locul de munc\u0103.<br \/>\nPur \u0219i simplu se aplic\u0103 cu generozitate pe zona dorit\u0103 a corpului \u0219i se repet\u0103 de maximum 3 ori pe zi. A nu se utiliza pentru copii.<\/p>\n<p><strong>Utilizare sigur\u0103<\/strong><br \/>\nEste posibil\u0103 iritarea pielii. A nu se p\u0103stra la \u00eendem\u00e2na copiilor. Dac\u0103 sunte\u021bi \u00eens\u0103rcinat\u0103 sau urma\u021bi un tratament medical, v\u0103 rug\u0103m s\u0103 v\u0103 adresa\u021bi medicului dumneavoastr\u0103. Evita\u021bi contactul cu ochii, urechile interne, fa\u021ba, zonele sensibile \u0219i membranele mucoase. \u00cen caz de alergii la salicila\u021bi, nu se utilizeaz\u0103 f\u0103r\u0103 un aviz medical prealabil. Atunci c\u00e2nd manipula\u021bi produsul, asigura\u021bi-v\u0103 c\u0103 acesta este utilizat numai a\u0219a cum este descris. \u00cen caz de contact cu zone sensibile, cl\u0103ti\u021bi bine cu ap\u0103. Nu se aplic\u0103 pe r\u0103ni sau pe zone deschise ale pielii. Nu bandaja\u021bi str\u00e2ns zonele de piele tratate \u0219i nu v\u0103 apropia\u021bi de pl\u0103cu\u021bele termice. \u00centrerupe\u021bi utilizarea pentru a cere sfatul medicului dac\u0103 apar irita\u021bii ale pielii, ro\u0219ea\u021b\u0103, grea\u021b\u0103, v\u0103rs\u0103turi, disconfort abdominal, diaree sau erup\u021bii cutanate, dac\u0103 durerea persist\u0103 mai mult de 7 zile sau dac\u0103 ro\u0219ea\u021ba persist\u0103. \u00cen caz de \u00eenghi\u021bire accidental\u0103, contacta\u021bi imediat un medic. P\u0103stra\u021bi produsul la o temperatur\u0103 mai mic\u0103 de 38\u00b0C. Nu utiliza\u021bi dac\u0103 dispozitivul de \u00eenchidere nu este sigilat ini\u021bial. \u00cenchide\u021bi bine capacul dup\u0103 fiecare utilizare. Numai pentru uz extern.<\/p>\n","protected":false},"excerpt":{"rendered":"<h2 style=\"font-size: 28px\">Stilou lini\u0219titor<\/h2>\n<p>doTERRA Deep Blue Stick &#8211; Combina\u021bia celor 2 uleiuri speciale Deep Blue \u0219i Copaiba v\u0103 ajut\u0103 s\u0103 v\u0103 mi\u0219ca\u021bi u\u0219or \u0219i f\u0103r\u0103 probleme. Noua formul\u0103 se absoarbe imediat \u0219i poate fi aplicat\u0103 \u00een mod minunat \u00eentre dou\u0103 utiliz\u0103ri sau \u00een timpul c\u0103l\u0103toriilor, la serviciu sau \u00een timpul sportului.<\/p>\n","protected":false},"featured_media":3956,"template":"","meta":{"_et_pb_use_builder":"","_et_pb_old_content":"","_et_gb_content_width":""},"product_cat":[15,51,39,48,54,1963,1983],"product_tag":[],"_links":{"self":[{"href":"https:\/\/www.magnolioworld.com\/green-ro\/wp-json\/wp\/v2\/product\/3845"}],"collection":[{"href":"https:\/\/www.magnolioworld.com\/green-ro\/wp-json\/wp\/v2\/product"}],"about":[{"href":"https:\/\/www.magnolioworld.com\/green-ro\/wp-json\/wp\/v2\/types\/product"}],"wp:featuredmedia":[{"embeddable":true,"href":"https:\/\/www.magnolioworld.com\/green-ro\/wp-json\/wp\/v2\/media\/3956"}],"wp:attachment":[{"href":"https:\/\/www.magnolioworld.com\/green-ro\/wp-json\/wp\/v2\/media?parent=3845"}],"wp:term":[{"taxonomy":"product_cat","embeddable":true,"href":"https:\/\/www.magnolioworld.com\/green-ro\/wp-json\/wp\/v2\/product_cat?post=3845"},{"taxonomy":"product_tag","embeddable":true,"href":"https:\/\/www.magnolioworld.com\/green-ro\/wp-json\/wp\/v2\/product_tag?post=3845"}],"curies":[{"name":"wp","href":"https:\/\/api.w.org\/{rel}","templated":true}]}}