{"id":2424,"date":"2020-11-30T23:27:59","date_gmt":"2020-11-30T22:27:59","guid":{"rendered":"https:\/\/at.magnolio.shop\/?post_type=product&#038;p=2424"},"modified":"2025-12-02T15:58:12","modified_gmt":"2025-12-02T14:58:12","slug":"bucuria-de-vacanta-doterra","status":"publish","type":"product","link":"https:\/\/www.magnolioworld.com\/green-ro\/bucuria-de-vacanta-doterra\/","title":{"rendered":"Bucuria de vacan\u021b\u0103 doTERRA"},"content":{"rendered":"<p><strong>doTERRA Holiday Joy<\/strong> &#8211; Amestecul vesel &#8211; Acompaniamentul potrivit pentru un sezon de Advent vesel \u0219i un Cr\u0103ciun plin de bucurie.<\/p>\n<p>Uleiurile esen\u021biale pe care le con\u021bine, cum ar fi Cassia, scor\u021bi\u0219oar\u0103, scor\u021bi\u0219oar\u0103, portocal\u0103 s\u0103lbatic\u0103 \u0219i Nutmag (nuc\u0219oar\u0103), creeaz\u0103 o atmosfer\u0103 pl\u0103cut\u0103 la lumina lum\u00e2n\u0103rilor \u0219i sporesc cu adev\u0103rat anticiparea sezonului festiv. doTERRA Holiday Joy v\u0103 ajut\u0103 s\u0103 reduce\u021bi stresul \u0219i s\u0103 v\u0103 l\u0103sa\u021bi grijile afar\u0103. Acest amestec creeaz\u0103 un climat de armonie \u0219i bucurie. Sus\u021bine sentimentele de c\u0103ldur\u0103, siguran\u021b\u0103, bucurie \u0219i iubire \u00eentre toate genera\u021biile. Aceasta face din Cr\u0103ciun o s\u0103rb\u0103toare cu adev\u0103rat plin\u0103 de bucurie \u0219i de \u00eent\u00e2lniri pa\u0219nice.<\/p>\n<p><strong>Recomandare<\/strong><br \/>\nIdeal \u00een difuzor sau diluat cu ulei purt\u0103tor \u00eentr-o baie de Cr\u0103ciun. Dar <strong>doTERRA Holiday Joy<\/strong> este, de asemenea, un adaos minunat la pr\u0103jiturile de Cr\u0103ciun sau la punci.<\/p>\n<p><strong>Utilizare sigur\u0103<\/strong><br \/>\nEste posibil\u0103 iritarea pielii. A nu se p\u0103stra la \u00eendem\u00e2na copiilor. Dac\u0103 sunte\u021bi \u00eens\u0103rcinat\u0103 sau urma\u021bi un tratament medical, v\u0103 rug\u0103m s\u0103 v\u0103 adresa\u021bi medicului dumneavoastr\u0103. Evita\u021bi contactul cu ochii, urechile interne, fa\u021ba, zonele sensibile \u0219i membranele mucoase. Evita\u021bi lumina soarelui \u0219i razele UV timp de cel pu\u021bin 12 ore dup\u0103 aplicare. Numai pentru uz extern.<\/p>\n","protected":false},"excerpt":{"rendered":"<h2 style=\"font-size: 28px\">Joyful Christmas mix<\/h2>\n<p>doTERRA Holiday Joy &#8211; Creeaz\u0103 un climat de armonie \u0219i bucurie. Sus\u021bine sentimentele de c\u0103ldur\u0103, siguran\u021b\u0103 \u0219i iubire \u00eentre toate genera\u021biile. Acest lucru face ca Cr\u0103ciunul s\u0103 fie o s\u0103rb\u0103toare cu adev\u0103rat plin\u0103 de bucurie \u0219i de \u00eent\u00e2lniri pa\u0219nice.<\/p>\n","protected":false},"featured_media":3962,"template":"","meta":{"_et_pb_use_builder":"","_et_pb_old_content":"","_et_gb_content_width":""},"product_cat":[15,1937],"product_tag":[],"_links":{"self":[{"href":"https:\/\/www.magnolioworld.com\/green-ro\/wp-json\/wp\/v2\/product\/2424"}],"collection":[{"href":"https:\/\/www.magnolioworld.com\/green-ro\/wp-json\/wp\/v2\/product"}],"about":[{"href":"https:\/\/www.magnolioworld.com\/green-ro\/wp-json\/wp\/v2\/types\/product"}],"wp:featuredmedia":[{"embeddable":true,"href":"https:\/\/www.magnolioworld.com\/green-ro\/wp-json\/wp\/v2\/media\/3962"}],"wp:attachment":[{"href":"https:\/\/www.magnolioworld.com\/green-ro\/wp-json\/wp\/v2\/media?parent=2424"}],"wp:term":[{"taxonomy":"product_cat","embeddable":true,"href":"https:\/\/www.magnolioworld.com\/green-ro\/wp-json\/wp\/v2\/product_cat?post=2424"},{"taxonomy":"product_tag","embeddable":true,"href":"https:\/\/www.magnolioworld.com\/green-ro\/wp-json\/wp\/v2\/product_tag?post=2424"}],"curies":[{"name":"wp","href":"https:\/\/api.w.org\/{rel}","templated":true}]}}