{"id":2287,"date":"2020-09-14T12:06:27","date_gmt":"2020-09-14T10:06:27","guid":{"rendered":"https:\/\/at.magnolio.shop\/?post_type=product&#038;p=2287"},"modified":"2026-01-08T17:30:36","modified_gmt":"2026-01-08T16:30:36","slug":"doterra-adaptiv","status":"publish","type":"product","link":"https:\/\/www.magnolioworld.com\/green-ro\/doterra-adaptiv\/","title":{"rendered":"doTERRA Adaptiv"},"content":{"rendered":"<p><strong>doTERRA Adaptiv<\/strong> &#8211; Amestec de parfumuri minunat de calmant, ideal \u00een aceste vremuri turbulente \u0219i stresante.<\/p>\n<p>Datorit\u0103 compozi\u021biei sale echilibrate de uleiuri, doTERRA Adaptiv are un efect de \u00eemp\u0103m\u00e2ntare, calmare \u0219i echilibrare \u0219i ajut\u0103 la dep\u0103\u0219irea celor mai dificile turbulen\u021be. Temerile \u0219i panica, \u00een special, pot fi atenuate \u0219i adesea complet rezolvate cu ajutorul acestui amestec. Pe m\u0103sur\u0103 ce corpul \u0219i mintea sunt calmate, amestecul ajut\u0103 \u0219i \u00een cazul agita\u021biei nervoase \u0219i poate contracara epuizarea mental\u0103. <br \/>\nDe asemenea, poate crea baza pentru un somn echilibrat \u0219i odihnitor, f\u0103r\u0103 a v\u0103 obosi \u00een timpul zilei.<br \/>\nDar acest amestec echilibrant poate, de asemenea, s\u0103 contracareze izbucnirile excesive \u0219i incontrolabile de emo\u021bii, cum ar fi furia, agresivitatea \u0219i frustrarea. De asemenea, este ideal pentru copiii agita\u021bi \u0219i nervo\u0219i.<\/p>\n<p>Amestecul de parfumuri doTERRA Adaptiv este cunoscut \u0219i sub numele de uleiul adaptabilit\u0103\u021bii \u0219i ajut\u0103 astfel s\u0103 treci cu calm \u0219i senin\u0103tate prin aceste vremuri dificile \u0219i s\u0103 te po\u021bi adapta optim la vremurile \u00een schimbare.<\/p>\n<p>Uleiurile esen\u021biale valoroase con\u021binute \u00een acest amestec special<strong> doTERRA Adaptiv<\/strong> sunt utile aici: <br \/>\nLavanda, care este extras\u0103 din v\u00e2rfurile florilor de lavand\u0103, are un efect deosebit de calmant \u0219i relaxant \u0219i, ca ulei de comunicare, are, de asemenea, un efect de echilibrare \u0219i promoveaz\u0103 \u00een\u021belegerea interpersonal\u0103. <br \/>\nPresat delicat la rece din coaja de portocal\u0103 s\u0103lbatic\u0103, uleiul esen\u021bial de portocal\u0103 s\u0103lbatic\u0103 ajut\u0103 la ridicarea st\u0103rii de spirit \u0219i are o arom\u0103 pozitiv\u0103, energizant\u0103. <br \/>\nRozmarinul este, de asemenea, foarte energizant, iar mirosul s\u0103u ierbos ajut\u0103 la men\u021binerea echilibrului, fiind un ulei de tranzi\u021bie, \u00een special \u00een perioadele de schimbare. <br \/>\nMenta verde extras\u0103 din frunze are un efect r\u0103coritor \u0219i revitalizant, ofer\u0103 o nou\u0103 concentrare \u0219i aduce un sentiment de pozitivitate. <br \/>\nNeroli este un parfum floral minunat de fermec\u0103tor, care \u00eenc\u00e2nt\u0103, \u00eenc\u0103lze\u0219te \u0219i atinge inima. Acesta este motivul pentru care este adesea numit uleiul parteneriatului \u0219i al obiectivelor comune. <br \/>\nCopaiba, extras\u0103 din arborele Copaiba, ofer\u0103 putere \u0219i \u00eencredere primar\u0103, ajut\u00e2nd la calmarea \u0219i lini\u0219tirea sentimentelor de anxietate. <br \/>\nCa o completare dulce \u0219i delicat\u0103 a compozi\u021biei de parfum, Magnolia, cu mirosul s\u0103u floral incomparabil, ofer\u0103 deschidere \u0219i c\u0103ldur\u0103 inimii \u0219i \u00ee\u0219i respect\u0103 numele de ulei al compasiunii. <\/p>\n<p>Bucura\u021bi-v\u0103 de acest amestec de parfum incomparabil de echilibrat \u00een via\u021ba de zi cu zi \u0219i crea\u021bi un echilibru u\u0219or \u00een via\u021ba dumneavoastr\u0103.<br \/>\n\u00cen mod ideal, amestecul doTERRA Adaptiv ar trebui aplicat diminea\u021ba pe t\u0103lpile picioarelor cu ulei purt\u0103tor, inhalat prin \u00eencheieturi sau nebulizat \u00eentr-un difuzor. De asemenea, este adesea folosit ca parfum.<\/p>\n<p><strong>Recomandare<\/strong><br \/>\nAromatic: Se difuzeaz\u0103 3-4 pic\u0103turi \u00een difuzor. Pentru un efect emo\u021bional optim, inhala\u021bi ad\u00e2nc 1-2 pic\u0103turi pe punctele de puls sau \u00een palmele m\u00e2inilor.<br \/>\nTopic: Pentru masaje, se amestec\u0103 5 pic\u0103turi cu 10 ml de ulei purt\u0103tor. Ca aditiv pentru baie, se amestec\u0103 5 pic\u0103turi cu 5 ml de ulei purt\u0103tor. Pentru a parfuma, se amestec\u0103 1 pic\u0103tur\u0103 cu 10 pic\u0103turi de ulei purt\u0103tor.<\/p>\n<p><strong>Utilizare sigur\u0103<\/strong><br \/>\nEste posibil\u0103 iritarea pielii. A nu se p\u0103stra la \u00eendem\u00e2na copiilor. Dac\u0103 sunte\u021bi \u00eens\u0103rcinat\u0103 sau urma\u021bi un tratament medical, v\u0103 rug\u0103m s\u0103 v\u0103 adresa\u021bi medicului dumneavoastr\u0103. Evita\u021bi contactul cu ochii, urechile interne, fa\u021ba, zonele sensibile \u0219i membranele mucoase. Evita\u021bi lumina soarelui \u0219i razele UV timp de cel pu\u021bin 12 ore dup\u0103 aplicare. Numai pentru uz extern.<\/p>\n","protected":false},"excerpt":{"rendered":"<h2 style=\"font-size: 28px;\">Amestec calmant &#8211; Uleiul adaptabilit\u0103\u021bii<\/h2>\n<p>doTERRA Adaptiv &#8211; Este un amestec de parfumuri minunat de calmant, ideal \u00een aceste vremuri turbulente \u0219i stresante. Bucura\u021bi-v\u0103 de acest amestec de parfumuri incomparabil echilibrat \u00een via\u021ba de zi cu zi \u0219i crea\u021bi un echilibru u\u0219or \u00een via\u021ba dumneavoastr\u0103.<\/p>\n","protected":false},"featured_media":4169,"template":"","meta":{"_et_pb_use_builder":"","_et_pb_old_content":"","_et_gb_content_width":""},"product_cat":[51,15],"product_tag":[],"_links":{"self":[{"href":"https:\/\/www.magnolioworld.com\/green-ro\/wp-json\/wp\/v2\/product\/2287"}],"collection":[{"href":"https:\/\/www.magnolioworld.com\/green-ro\/wp-json\/wp\/v2\/product"}],"about":[{"href":"https:\/\/www.magnolioworld.com\/green-ro\/wp-json\/wp\/v2\/types\/product"}],"wp:featuredmedia":[{"embeddable":true,"href":"https:\/\/www.magnolioworld.com\/green-ro\/wp-json\/wp\/v2\/media\/4169"}],"wp:attachment":[{"href":"https:\/\/www.magnolioworld.com\/green-ro\/wp-json\/wp\/v2\/media?parent=2287"}],"wp:term":[{"taxonomy":"product_cat","embeddable":true,"href":"https:\/\/www.magnolioworld.com\/green-ro\/wp-json\/wp\/v2\/product_cat?post=2287"},{"taxonomy":"product_tag","embeddable":true,"href":"https:\/\/www.magnolioworld.com\/green-ro\/wp-json\/wp\/v2\/product_tag?post=2287"}],"curies":[{"name":"wp","href":"https:\/\/api.w.org\/{rel}","templated":true}]}}