{"id":2864,"date":"2021-10-17T20:28:23","date_gmt":"2021-10-17T18:28:23","guid":{"rendered":"https:\/\/at.magnolio.shop\/?page_id=2864"},"modified":"2024-03-07T11:42:54","modified_gmt":"2024-03-07T10:42:54","slug":"aplicatie-calmare-si-relaxare","status":"publish","type":"page","link":"https:\/\/www.magnolioworld.com\/green-ro\/aplicatie-calmare-si-relaxare\/","title":{"rendered":"Men\u00fc | Anwendung | Beruhigung und Entspannung"},"content":{"rendered":"<p>[et_pb_section fb_built=&#8221;1&#8243; _builder_version=&#8221;4.16&#8243; _module_preset=&#8221;default&#8221; custom_margin=&#8221;||||false|false&#8221; custom_margin_tablet=&#8221;&#8221; custom_margin_phone=&#8221;||||false|false&#8221; custom_margin_last_edited=&#8221;on|phone&#8221; custom_padding=&#8221;30px||30px||false|false&#8221; global_colors_info=&#8221;{}&#8221;][et_pb_row column_structure=&#8221;2_3,1_3&#8243; _builder_version=&#8221;4.16&#8243; _module_preset=&#8221;default&#8221; custom_margin=&#8221;24px|auto||auto||&#8221; custom_margin_tablet=&#8221;&#8221; custom_margin_phone=&#8221;12px|auto||auto|false|false&#8221; custom_margin_last_edited=&#8221;on|phone&#8221; custom_padding=&#8221;0px||35px||false|false&#8221; global_colors_info=&#8221;{}&#8221;][et_pb_column type=&#8221;2_3&#8243; _builder_version=&#8221;4.16&#8243; _module_preset=&#8221;default&#8221; global_colors_info=&#8221;{}&#8221;][et_pb_text _builder_version=&#8221;4.16&#8243; _module_preset=&#8221;default&#8221; custom_margin=&#8221;||7px|||&#8221; header_font_size_tablet=&#8221;&#8221; header_font_size_phone=&#8221;34px&#8221; header_font_size_last_edited=&#8221;on|phone&#8221; global_colors_info=&#8221;{}&#8221;]<\/p>\n<h1>Calmare \u0219i relaxare cu uleiuri esen\u021biale<\/h1>\n<p>[\/et_pb_text][et_pb_text _builder_version=&#8221;4.16&#8243; _module_preset=&#8221;default&#8221; global_colors_info=&#8221;{}&#8221;]<\/p>\n<p>Cine nu t\u00e2nje\u0219te dup\u0103 calm \u00een momentele stresante ale zilei \u0219i dup\u0103 relaxare seara? \u00cen vremurile dificile de ast\u0103zi, ambele sunt aspecte fundamentale pentru s\u0103n\u0103tatea \u0219i bun\u0103starea fizic\u0103 \u0219i mental\u0103.<\/p>\n<p>[\/et_pb_text][\/et_pb_column][et_pb_column type=&#8221;1_3&#8243; _builder_version=&#8221;4.16&#8243; _module_preset=&#8221;default&#8221; global_colors_info=&#8221;{}&#8221;][et_pb_image src=&#8221;https:\/\/www.magnolioworld.com\/green-ro\/wp-content\/uploads\/20&#215;20.png&#8221; alt=&#8221;Calmare \u0219i relaxare cu uleiuri esen\u021biale&#8221; title_text=&#8221;Calmare \u0219i relaxare cu uleiuri esen\u021biale&#8221; force_fullwidth=&#8221;on&#8221; _builder_version=&#8221;4.16&#8243; background_image=&#8221;https:\/\/www.magnolioworld.com\/green-ro\/wp-content\/uploads\/Yoga-Frau_44628171_original.jpg&#8221; height=&#8221;200px&#8221; border_width_all=&#8221;10px&#8221; border_color_all=&#8221;#ffffff&#8221; box_shadow_style=&#8221;preset1&#8243; box_shadow_blur=&#8221;10px&#8221; box_shadow_color=&#8221;#9b9b9b&#8221; locked=&#8221;off&#8221; global_colors_info=&#8221;{}&#8221;][\/et_pb_image][\/et_pb_column][\/et_pb_row][et_pb_row _builder_version=&#8221;4.16&#8243; _module_preset=&#8221;default&#8221; background_color=&#8221;#e8e8e8&#8243; custom_margin=&#8221;|auto|24px|auto||&#8221; custom_margin_tablet=&#8221;&#8221; custom_margin_phone=&#8221;|auto|26px|auto|false|false&#8221; custom_margin_last_edited=&#8221;on|phone&#8221; custom_padding=&#8221;20px||20px||false|false&#8221; locked=&#8221;off&#8221; global_colors_info=&#8221;{}&#8221;][et_pb_column type=&#8221;4_4&#8243; _builder_version=&#8221;4.16&#8243; _module_preset=&#8221;default&#8221; global_colors_info=&#8221;{}&#8221;][et_pb_text _builder_version=&#8221;4.16&#8243; _module_preset=&#8221;default&#8221; text_font_size=&#8221;24px&#8221; text_orientation=&#8221;center&#8221; custom_margin=&#8221;||7px|||&#8221; global_colors_info=&#8221;{}&#8221;]<\/p>\n<p>Prezentare general\u0103<\/p>\n<p>[\/et_pb_text][et_pb_text _builder_version=&#8221;4.16&#8243; _module_preset=&#8221;default&#8221; text_orientation=&#8221;center&#8221; custom_margin=&#8221;||10px||false|false&#8221; global_colors_info=&#8221;{}&#8221;]<\/p>\n<p><a href=\"#beruhigung-abschalten\">Oprire seara<\/a> || <a href=\"#beruhigung-entspannung\">relaxare pentru copii<\/a> || <a href=\"#beruhigung-ruhe\">lini\u0219te \u0219i echilibru<\/a><\/p>\n<p>[\/et_pb_text][et_pb_text _builder_version=&#8221;4.16&#8243; _module_preset=&#8221;default&#8221; text_orientation=&#8221;center&#8221; global_colors_info=&#8221;{}&#8221;]<\/p>\n<p>Sfat: Folosi\u021bi s\u0103geata din dreapta jos pentru a v\u0103 \u00eentoarce la \u00eenceput.<\/p>\n<p>[\/et_pb_text][\/et_pb_column][\/et_pb_row][et_pb_row module_id=&#8221;beruhigung-abschalten&#8221; _builder_version=&#8221;4.16&#8243; _module_preset=&#8221;default&#8221; custom_margin=&#8221;40px||||false|false&#8221; custom_margin_tablet=&#8221;&#8221; custom_margin_phone=&#8221;&#8221; custom_margin_last_edited=&#8221;on|phone&#8221; custom_padding=&#8221;0px||0px||false|false&#8221; global_colors_info=&#8221;{}&#8221;][et_pb_column type=&#8221;4_4&#8243; _builder_version=&#8221;4.16&#8243; _module_preset=&#8221;default&#8221; global_colors_info=&#8221;{}&#8221;][et_pb_text _builder_version=&#8221;4.16&#8243; _module_preset=&#8221;default&#8221; custom_margin=&#8221;||7px|||&#8221; header_font_size_phone=&#8221;42px&#8221; header_font_size_last_edited=&#8221;off|phone&#8221; header_2_font_size_tablet=&#8221;&#8221; header_2_font_size_phone=&#8221;34px&#8221; header_2_font_size_last_edited=&#8221;on|phone&#8221; global_colors_info=&#8221;{}&#8221;]<\/p>\n<h2>Opri\u021bi-v\u0103 \u0219i relaxa\u021bi-v\u0103 seara<\/h2>\n<p>[\/et_pb_text][et_pb_text _builder_version=&#8221;4.16&#8243; _module_preset=&#8221;default&#8221; global_colors_info=&#8221;{}&#8221;]<\/p>\n<p>Este adesea dificil s\u0103 te relaxezi \u0219i s\u0103 te deconectezi dup\u0103 o zi lung\u0103 \u0219i plin\u0103 de evenimente, atunci c\u00e2nd mintea ta \u00eenc\u0103 se \u00eenv\u00e2rte. Uleiurile esen\u021biale de lavand\u0103, de cedru \u0219i de iarb\u0103 dulce haitian\u0103 (ulei de vetiver) sunt ideale pentru a g\u0103si calmul necesar \u0219i pentru a renun\u021ba.<\/p>\n<p>Dar amestecul restaurator Serenity v\u0103 ajut\u0103, de asemenea, s\u0103 v\u0103 deconecta\u021bi \u0219i s\u0103 adormi\u021bi \u00eentr-un somn lini\u0219tit \u0219i odihnitor &#8211; un ajutor minunat pentru a adormi.<\/p>\n<p>Acest amestec de uleiuri esen\u021biale are o arom\u0103 lini\u0219titoare \u0219i relaxant\u0103, care amelioreaz\u0103 tensiunea \u0219i v\u0103 ofer\u0103 o odihn\u0103 binemeritat\u0103. \u00cen special, uleiurile esen\u021biale Ho wood oil \u0219i Haitian sweetgrass oil (ulei de vetiver) confer\u0103 lui Serenity o arom\u0103 \u00eemp\u0103m\u00e2ntenitoare care lini\u0219te\u0219te mintea \u0219i calmeaz\u0103 sim\u021burile. \u00cen plus, uleiurile esen\u021biale echilibrante, cum ar fi uleiul de cedru, uleiul de lavand\u0103, uleiul de ylang ylang, uleiul de m\u0103ghiran, uleiul de mu\u0219e\u021bel roman, uleiul de mu\u0219e\u021bel roman, uleiul de santal hawaiian, uleiul de Haitian sweetgrass (ulei de vetiver) \u0219i p\u0103st\u0103ile de vanilie asigur\u0103 o relaxare optim\u0103.<\/p>\n<p><u>SUGESTIE:<\/u> Pentru o experien\u021b\u0103 SPA acas\u0103, este suficient s\u0103 ad\u0103uga\u021bi 1-2 pic\u0103turi de ulei de lemn de cedru \u0219i ulei de iarb\u0103 dulce haitian\u0103 (ulei de vetiver) \u00een baie, \u00eempreun\u0103 cu lapte de ov\u0103z sau de migdale. Pentru un somn lini\u0219tit, pute\u021bi aplica doTERRA Serenity pe t\u0103lpile picioarelor \u0219i s\u0103 masa\u021bi \u00eenainte de a merge la culcare. Pute\u021bi ad\u0103uga ulei de lavand\u0103 \u00een difuzor sau \u00eel pute\u021bi picura pe pern\u0103.<\/p>\n<p>[\/et_pb_text][et_pb_shop type=&#8221;product_category&#8221; include_categories=&#8221;1958&#8243; columns_number=&#8221;4&#8243; _builder_version=&#8221;4.16&#8243; title_font_size=&#8221;22px&#8221; price_font_size=&#8221;14px&#8221; min_height=&#8221;504px&#8221; custom_margin=&#8221;||||false|false&#8221; custom_padding=&#8221;25px||0px||false|false&#8221; title_font_size_last_edited=&#8221;off|desktop&#8221; pac_drh_column_numbers_phone=&#8221;pac_drh_ph_col_two&#8221; locked=&#8221;off&#8221; global_colors_info=&#8221;{}&#8221;][\/et_pb_shop][\/et_pb_column][\/et_pb_row][et_pb_row module_id=&#8221;beruhigung-entspannung&#8221; _builder_version=&#8221;4.16&#8243; _module_preset=&#8221;default&#8221; custom_padding=&#8221;0px||0px||false|false&#8221; global_colors_info=&#8221;{}&#8221;][et_pb_column type=&#8221;4_4&#8243; _builder_version=&#8221;4.16&#8243; _module_preset=&#8221;default&#8221; global_colors_info=&#8221;{}&#8221;][et_pb_text _builder_version=&#8221;4.16&#8243; _module_preset=&#8221;default&#8221; custom_margin=&#8221;||7px|||&#8221; global_colors_info=&#8221;{}&#8221;]<\/p>\n<h2>Relaxare \u0219i bun\u0103stare pentru copii<\/h2>\n<p>[\/et_pb_text][et_pb_text _builder_version=&#8221;4.16&#8243; _module_preset=&#8221;default&#8221; global_colors_info=&#8221;{}&#8221;]<\/p>\n<p>Amestecurile de uleiuri doTERRA Brave \u0219i Calmer din colec\u021bia doTERRA Kids au fost special concepute pentru copii. Ambele sunt compuse din uleiuri florale bl\u00e2nde, prietenoase cu copiii \u0219i pot fi folosite \u0219i sub form\u0103 de atingeri gata de utilizare pentru c\u0103l\u0103torii \u0219i la \u0219coal\u0103.<\/p>\n<p>Copiii cap\u0103t\u0103 calm, \u00eencredere \u0219i siguran\u021b\u0103 de sine prin amestecul \u00eencurajator Brave. Aceasta suprascrie emo\u021biile negative cu ajutorul aromelor pozitive care le \u00eent\u0103resc \u0219i aduc pacea interioar\u0103. Brave este alc\u0103tuit din uleiuri esen\u021biale de portocale s\u0103lbatice, ulei de amyris, ulei de osmanthus, ulei de scor\u021bi\u0219oar\u0103 \u0219i este perfect echilibrat cu ulei de cocos. Are o arom\u0103 luminoas\u0103 \u0219i cald\u0103. Uleiul Amyris ofer\u0103 un mediu calm, astfel \u00eenc\u00e2t copiii no\u0219tri s\u0103 poat\u0103 face fa\u021b\u0103 tuturor provoc\u0103rilor vie\u021bii. Le cre\u0219te curajul \u0219i optimismul.<\/p>\n<p>Atunci c\u00e2nd copiii simt nevoia de a-\u0219i re\u00eenc\u0103rca corpul \u0219i mintea, amestecul restaurator Calmer este cea mai bun\u0103 alegere. Acesta con\u021bine uleiuri esen\u021biale de lavand\u0103, cananga, lemn de Buddha \u0219i mu\u0219e\u021bel roman, cunoscute pentru propriet\u0103\u021bile lor calmante. \u00cempreun\u0103 cu uleiul frac\u021bionat de nuc\u0103 de cocos, acestea au fost combinate pentru a crea un amestec relaxant unic. Copiii dvs. nu vor mai dori niciodat\u0103 s\u0103 stea f\u0103r\u0103 Calmer.<\/p>\n<p>Pentru a crea un mediu relaxant dup\u0103 orele de \u0219coal\u0103, se poate folosi \u0219i uleiul esen\u021bial echilibrant \u0219i lini\u0219titor Wild Orange Oil. Copiii \u00eel ador\u0103.<\/p>\n<p>TIP:<br \/>Brave and Calmer poate fi aplicat pe g\u00e2t, \u00eencheieturile m\u00e2inilor \u0219i t\u0103lpile picioarelor, la nevoie, pentru a v\u0103 bucura de efectul relaxant.<\/p>\n<p>Turna\u021bi portocal\u0103 s\u0103lbatic\u0103 \u00een difuzor &#8211; copiii dvs. se vor sim\u021bi imediat u\u0219or cuib\u0103rit \u00eentr-o livad\u0103 de portocali.<\/p>\n<p>[\/et_pb_text][et_pb_shop type=&#8221;product_category&#8221; include_categories=&#8221;1959&#8243; columns_number=&#8221;4&#8243; orderby=&#8221;menu_order&#8221; _builder_version=&#8221;4.16&#8243; title_font_size=&#8221;22px&#8221; price_font_size=&#8221;14px&#8221; min_height=&#8221;504px&#8221; custom_margin=&#8221;||||false|false&#8221; custom_padding=&#8221;25px||0px||false|false&#8221; title_font_size_last_edited=&#8221;off|desktop&#8221; pac_drh_column_numbers_phone=&#8221;pac_drh_ph_col_two&#8221; locked=&#8221;off&#8221; global_colors_info=&#8221;{}&#8221;][\/et_pb_shop][\/et_pb_column][\/et_pb_row][et_pb_row module_id=&#8221;beruhigung-ruhe&#8221; _builder_version=&#8221;4.16&#8243; _module_preset=&#8221;default&#8221; custom_margin=&#8221;0px|auto||auto|false|false&#8221; custom_padding=&#8221;0px||0px||false|false&#8221; global_colors_info=&#8221;{}&#8221;][et_pb_column type=&#8221;4_4&#8243; _builder_version=&#8221;4.16&#8243; _module_preset=&#8221;default&#8221; global_colors_info=&#8221;{}&#8221;][et_pb_text _builder_version=&#8221;4.16&#8243; _module_preset=&#8221;default&#8221; custom_margin=&#8221;||7px|||&#8221; global_colors_info=&#8221;{}&#8221;]<\/p>\n<h2>Pace \u0219i echilibru pentru aceast\u0103 zi<\/h2>\n<p>[\/et_pb_text][et_pb_text _builder_version=&#8221;4.16&#8243; _module_preset=&#8221;default&#8221; global_colors_info=&#8221;{}&#8221;]<\/p>\n<p>Uneori \u0219tii de diminea\u021b\u0103 c\u0103 te a\u0219teapt\u0103 o zi plin\u0103. Atunci este ideal s\u0103 \u00eencepe\u021bi ziua cu amestecul de uleiuri de echilibrare doTERRA Balance \u0219i s\u0103 \u00eel ave\u021bi mereu la dumneavoastr\u0103 atunci c\u00e2nd ave\u021bi nevoie de el.<\/p>\n<p>Parfumul seduc\u0103tor al amestecului de uleiuri esen\u021biale Balance este alc\u0103tuit din ulei de molid, ulei de lemn de ho, ulei de t\u0103m\u00e2ie, ulei de ferig\u0103 de ploaie albastr\u0103, ulei de mu\u0219e\u021bel roman \u0219i ulei de cocos frac\u021bionat. Aceste uleiuri esen\u021biale v\u0103 ofer\u0103 pace \u0219i relaxare. Uleiul de molid a fost adesea folosit de indieni din motive spirituale, dar \u0219i din motive de s\u0103n\u0103tate, care armonizeaz\u0103 corpul \u0219i mintea. Lemnul Ho, t\u0103t\u0103neasa albastr\u0103 \u0219i mu\u0219e\u021belul albastru ajut\u0103 \u00eempotriva sentimentelor de anxietate. T\u0103m\u00e2ia are un efect de \u00eemp\u0103m\u00e2ntare \u0219i de echilibrare asupra emo\u021biilor noastre.<\/p>\n<p>Doar cei care \u0219i-au g\u0103sit pacea cu ei \u00een\u0219i\u0219i \u00een corpul lor interior pot duce o via\u021b\u0103 \u00eemplinit\u0103 \u0219i \u00een exterior. Amestecul de uleiuri esen\u021biale Peace este un sprijin minunat \u00een acest sens.<\/p>\n<p>Deoarece nici tu \u0219i nici lumea din jurul t\u0103u nu sunte\u021bi perfec\u021bi, amestecul te ajut\u0103 s\u0103-\u021bi g\u0103se\u0219ti pacea. Amestecul de uleiuri esen\u021biale doTERRA Peace v\u0103 ajut\u0103 s\u0103 v\u0103 lini\u0219ti\u021bi, s\u0103 respira\u021bi ad\u00e2nc \u0219i s\u0103 g\u0103si\u021bi mai mult\u0103 senin\u0103tate \u0219i relaxare. Acest amestec de uleiuri esen\u021biale v\u0103 sprijin\u0103 cu ulei de iarb\u0103 dulce haitian\u0103 (ulei de vetiver), ulei de lavand\u0103, ulei de ylang ylang, ulei de t\u0103m\u00e2ie, ulei de salvie, ulei de m\u0103ghiran, ulei de cistus (ulei de labdanum), ulei de ment\u0103. A\u0219adar, calmul t\u0103u interior \u0219i credin\u021ba ferm\u0103 \u00eentr-un viitor pozitiv \u00eencep cu c\u00e2teva pic\u0103turi din amestecul calmant Pace.<\/p>\n<p>\u0218i, bine\u00een\u021beles, exist\u0103 un clasic al relax\u0103rii: uleiul esen\u021bial de lavand\u0103. V\u0103 ajut\u0103 s\u0103 g\u0103si\u021bi relaxarea \u00eentr-un mod bl\u00e2nd.<\/p>\n<p>SUGESTIE: Pentru a \u00eencepe ziua, turna\u021bi Balance \u00een tava de du\u0219 sub form\u0103 de du\u0219 aromatic \u0219i aplica\u021bi-l diluat cu ulei de cocos frac\u021bionat pe t\u0103lpile picioarelor. Folosi\u021bi Lavender and Peace ca o atingere intermediar\u0103 \u0219i ad\u0103uga\u021bi c\u00e2teva pic\u0103turi de Lavender and Balance \u00eentr-un difuzor \u00een timpul zilei.<\/p>\n<p>[\/et_pb_text][et_pb_shop type=&#8221;product_category&#8221; include_categories=&#8221;1960&#8243; columns_number=&#8221;4&#8243; orderby=&#8221;menu_order&#8221; _builder_version=&#8221;4.16&#8243; title_font_size=&#8221;22px&#8221; price_font_size=&#8221;14px&#8221; min_height=&#8221;504px&#8221; custom_margin=&#8221;||||false|false&#8221; custom_padding=&#8221;25px||0px||false|false&#8221; title_font_size_last_edited=&#8221;off|desktop&#8221; pac_drh_column_numbers_phone=&#8221;pac_drh_ph_col_two&#8221; locked=&#8221;off&#8221; global_colors_info=&#8221;{}&#8221;][\/et_pb_shop][\/et_pb_column][\/et_pb_row][\/et_pb_section]<\/p>\n","protected":false},"excerpt":{"rendered":"<p>Calmare \u0219i relaxare cu uleiuri esen\u021bialeCine nu t\u00e2nje\u0219te dup\u0103 calm \u00een momentele stresante ale zilei \u0219i dup\u0103 relaxare seara? \u00cen vremurile dificile de ast\u0103zi, ambele sunt aspecte fundamentale pentru s\u0103n\u0103tatea \u0219i bun\u0103starea fizic\u0103 \u0219i mental\u0103.Prezentare general\u0103Oprire seara || relaxare pentru copii || lini\u0219te \u0219i echilibruSfat: Folosi\u021bi s\u0103geata din dreapta jos pentru a v\u0103 \u00eentoarce la [&hellip;]<\/p>\n","protected":false},"author":1,"featured_media":0,"parent":0,"menu_order":0,"comment_status":"closed","ping_status":"closed","template":"","meta":{"_et_pb_use_builder":"on","_et_pb_old_content":"","_et_gb_content_width":"","footnotes":""},"categories":[2061],"_links":{"self":[{"href":"https:\/\/www.magnolioworld.com\/green-ro\/wp-json\/wp\/v2\/pages\/2864"}],"collection":[{"href":"https:\/\/www.magnolioworld.com\/green-ro\/wp-json\/wp\/v2\/pages"}],"about":[{"href":"https:\/\/www.magnolioworld.com\/green-ro\/wp-json\/wp\/v2\/types\/page"}],"author":[{"embeddable":true,"href":"https:\/\/www.magnolioworld.com\/green-ro\/wp-json\/wp\/v2\/users\/1"}],"replies":[{"embeddable":true,"href":"https:\/\/www.magnolioworld.com\/green-ro\/wp-json\/wp\/v2\/comments?post=2864"}],"version-history":[{"count":1,"href":"https:\/\/www.magnolioworld.com\/green-ro\/wp-json\/wp\/v2\/pages\/2864\/revisions"}],"predecessor-version":[{"id":6400,"href":"https:\/\/www.magnolioworld.com\/green-ro\/wp-json\/wp\/v2\/pages\/2864\/revisions\/6400"}],"wp:attachment":[{"href":"https:\/\/www.magnolioworld.com\/green-ro\/wp-json\/wp\/v2\/media?parent=2864"}],"wp:term":[{"taxonomy":"category","embeddable":true,"href":"https:\/\/www.magnolioworld.com\/green-ro\/wp-json\/wp\/v2\/categories?post=2864"}],"curies":[{"name":"wp","href":"https:\/\/api.w.org\/{rel}","templated":true}]}}