{"id":15,"date":"2020-04-10T11:22:54","date_gmt":"2020-04-10T09:22:54","guid":{"rendered":"https:\/\/www.magnolio.shop\/impressum\/"},"modified":"2024-11-19T22:51:55","modified_gmt":"2024-11-19T21:51:55","slug":"imprimare","status":"publish","type":"page","link":"https:\/\/www.magnolioworld.com\/green-ro\/imprimare\/","title":{"rendered":"Men\u00fc | System | Impressum"},"content":{"rendered":"<p>[et_pb_section fb_built=&#8221;1&#8243; _builder_version=&#8221;4.16&#8243; _module_preset=&#8221;default&#8221; global_colors_info=&#8221;{}&#8221;][et_pb_row _builder_version=&#8221;4.16&#8243; _module_preset=&#8221;bdac8097-ee63-4677-9d8a-abf5387a4955&#8243; background_size=&#8221;initial&#8221; background_position=&#8221;top_left&#8221; background_repeat=&#8221;repeat&#8221; global_colors_info=&#8221;{}&#8221;][et_pb_column type=&#8221;4_4&#8243; _builder_version=&#8221;4.16&#8243; _module_preset=&#8221;default&#8221; custom_padding=&#8221;|||&#8221; global_colors_info=&#8221;{}&#8221; custom_padding__hover=&#8221;|||&#8221;][et_pb_text _builder_version=&#8221;4.24.0&#8243; _module_preset=&#8221;a254adfa-4c4c-4dda-b35e-84a333b92776&#8243; background_size=&#8221;initial&#8221; background_position=&#8221;top_left&#8221; background_repeat=&#8221;repeat&#8221; global_colors_info=&#8221;{}&#8221;]<\/p>\n<h1>Imprimare<\/h1>\n<p>MagnolioWorld Intl.<br \/>Aspect Tower, Business Bay<br \/>Dubai, EAU<\/p>\n<p><strong>Reprezentat de:<br \/><\/strong>Victoria K\u00f6ster<\/p>\n<h2>Contacta\u021bi-ne<\/h2>\n<p>E-Mail: romania-imp (at) magnolioworld.com<\/p>\n<h2>Responsabil pentru con\u021binut<\/h2>\n<p>Omar Mansoor<br \/>Expert IT ABAP<br \/>Birou nr. 1601 Aspect Tower, Business Bay<br \/>Dubai, EAU<br \/>mansoor (at) abaptap.com<\/p>\n<h2>Centrul de solu\u021bionare a litigiilor \u00een materie de consum\/centrul universal de arbitraj<\/h2>\n<p>Nu suntem dispu\u0219i sau obliga\u021bi s\u0103 particip\u0103m la procedurile de solu\u021bionare a litigiilor \u00een fa\u021ba unei comisii de arbitraj pentru consumatori.<\/p>\n<h3>R\u0103spunderea pentru con\u021binut<\/h3>\n<p>\u00cen calitate de furnizor de servicii, suntem responsabili pentru propriul con\u021binut de pe aceste pagini, \u00een conformitate cu legile generale. Cu toate acestea, \u00een calitate de furnizor de servicii, nu suntem obliga\u021bi s\u0103 monitoriz\u0103m informa\u021biile transmise sau stocate de ter\u021bi sau s\u0103 investig\u0103m circumstan\u021be care indic\u0103 o activitate ilegal\u0103.<\/p>\n<p>Obliga\u021biile de a elimina sau de a bloca utilizarea informa\u021biilor \u00een conformitate cu legisla\u021bia general\u0103 r\u0103m\u00e2n neafectate de acest lucru. Cu toate acestea, r\u0103spunderea \u00een acest sens este posibil\u0103 numai din momentul \u00een care se ia cuno\u0219tin\u021b\u0103 de o anumit\u0103 \u00eenc\u0103lcare. De \u00eendat\u0103 ce vom lua cuno\u0219tin\u021b\u0103 de astfel de \u00eenc\u0103lc\u0103ri, vom elimina imediat acest con\u021binut.<\/p>\n<h3>R\u0103spunderea pentru leg\u0103turi<\/h3>\n<p>Site-ul nostru web con\u021bine linkuri c\u0103tre site-uri web externe ale unor ter\u021be p\u0103r\u021bi asupra con\u021binutului c\u0103rora nu avem nicio influen\u021b\u0103. Prin urmare, nu ne putem asuma nicio r\u0103spundere pentru acest con\u021binut ter\u021b. Furnizorul sau operatorul respectiv al paginilor este \u00eentotdeauna responsabil pentru con\u021binutul paginilor legate. Paginile cu linkuri au fost verificate pentru posibile \u00eenc\u0103lc\u0103ri legale \u00een momentul cre\u0103rii linkurilor. Con\u021binuturile ilegale nu au fost recunoscute \u00een momentul conect\u0103rii.<\/p>\n<p>Cu toate acestea, monitorizarea permanent\u0103 a con\u021binutului paginilor legate nu este rezonabil\u0103 \u00een lipsa unor dovezi concrete ale unei \u00eenc\u0103lc\u0103ri. \u00cen cazul \u00een care lu\u0103m cuno\u0219tin\u021b\u0103 de orice \u00eenc\u0103lcare a legii, vom elimina imediat aceste link-uri.<\/p>\n<h3>Drepturi de autor<\/h3>\n<p>Con\u021binutul \u0219i operele create de operatorii site-ului pe aceste pagini sunt supuse drepturilor de autor. Reproducerea, editarea, distribuirea \u0219i orice alt tip de utilizare \u00een afara limitelor legii drepturilor de autor necesit\u0103 acordul scris al autorului sau creatorului respectiv. Desc\u0103rc\u0103rile \u0219i copiile de pe acest site sunt permise numai pentru uz privat, necomercial.<\/p>\n<p>\u00cen m\u0103sura \u00een care con\u021binutul acestui site nu a fost creat de c\u0103tre operator, sunt respectate drepturile de autor ale ter\u021bilor. \u00cen special, con\u021binutul ter\u021bilor este etichetat ca atare. \u00cen cazul \u00een care, cu toate acestea, lua\u021bi cuno\u0219tin\u021b\u0103 de o \u00eenc\u0103lcare a drepturilor de autor, v\u0103 rug\u0103m s\u0103 ne informa\u021bi \u00een consecin\u021b\u0103. \u00cen cazul \u00een care lu\u0103m cuno\u0219tin\u021b\u0103 de orice \u00eenc\u0103lcare a legii, vom elimina imediat con\u021binutul respectiv.<\/p>\n<p>[\/et_pb_text][\/et_pb_column][\/et_pb_row][\/et_pb_section]<\/p>\n","protected":false},"excerpt":{"rendered":"<p>Imprimare MagnolioWorld Intl.Aspect Tower, Business BayDubai, EAU Reprezentat de:Victoria K\u00f6ster Contacta\u021bi-ne E-Mail: romania-imp (at) magnolioworld.com Responsabil pentru con\u021binut Omar MansoorExpert IT ABAPBirou nr. 1601 Aspect Tower, Business BayDubai, EAUmansoor (at) abaptap.com Centrul de solu\u021bionare a litigiilor \u00een materie de consum\/centrul universal de arbitraj Nu suntem dispu\u0219i sau obliga\u021bi s\u0103 particip\u0103m la procedurile de solu\u021bionare a [&hellip;]<\/p>\n","protected":false},"author":1,"featured_media":0,"parent":0,"menu_order":0,"comment_status":"closed","ping_status":"closed","template":"","meta":{"_et_pb_use_builder":"on","_et_pb_old_content":"<p>[gzd_complaints]<\/p>","_et_gb_content_width":"","footnotes":""},"categories":[2008],"_links":{"self":[{"href":"https:\/\/www.magnolioworld.com\/green-ro\/wp-json\/wp\/v2\/pages\/15"}],"collection":[{"href":"https:\/\/www.magnolioworld.com\/green-ro\/wp-json\/wp\/v2\/pages"}],"about":[{"href":"https:\/\/www.magnolioworld.com\/green-ro\/wp-json\/wp\/v2\/types\/page"}],"author":[{"embeddable":true,"href":"https:\/\/www.magnolioworld.com\/green-ro\/wp-json\/wp\/v2\/users\/1"}],"replies":[{"embeddable":true,"href":"https:\/\/www.magnolioworld.com\/green-ro\/wp-json\/wp\/v2\/comments?post=15"}],"version-history":[{"count":1,"href":"https:\/\/www.magnolioworld.com\/green-ro\/wp-json\/wp\/v2\/pages\/15\/revisions"}],"predecessor-version":[{"id":6805,"href":"https:\/\/www.magnolioworld.com\/green-ro\/wp-json\/wp\/v2\/pages\/15\/revisions\/6805"}],"wp:attachment":[{"href":"https:\/\/www.magnolioworld.com\/green-ro\/wp-json\/wp\/v2\/media?parent=15"}],"wp:term":[{"taxonomy":"category","embeddable":true,"href":"https:\/\/www.magnolioworld.com\/green-ro\/wp-json\/wp\/v2\/categories?post=15"}],"curies":[{"name":"wp","href":"https:\/\/api.w.org\/{rel}","templated":true}]}}