{"id":9682,"date":"2023-06-13T13:48:32","date_gmt":"2023-06-13T11:48:32","guid":{"rendered":"https:\/\/www.magnolio.ch\/?post_type=product&#038;p=9682"},"modified":"2024-05-18T01:03:54","modified_gmt":"2024-05-17T23:03:54","slug":"doterra-metapwr-advantage","status":"publish","type":"product","link":"https:\/\/www.magnolioworld.com\/green-ch\/doterra-metapwr-advantage\/","title":{"rendered":"doTERRA MetaPWR Advantage"},"content":{"rendered":"<p><strong>doTERRA MetaPWR Advantage <\/strong>&#8211; MetaPWR System 3 &#8211; Die Anti-Aging MIschung f\u00fcr jugendliche Vitalit\u00e4t und hohe Lebensqualit\u00e4t<\/p>\n<p>doTERRA hat mit dem neuen MetaPWR System eine kraftvolle und innovative Produktreihe f\u00fcr die Unterst\u00fctzung eines optimalen Stoffwechsels geschaffen. Denn je kraftvoller und leistungsf\u00e4higer der Stoffwechsel arbeitet, desto besser ist das Wohlbefinden von innen heraus.<\/p>\n<p>Zusammen mit hochwertiger Ern\u00e4hrung, t\u00e4glicher Bewegung, einem ausreichenden und erholsamen Schlaf sowie positivem n\u00e4hrenden Umfeld, kann das MetaPWR dich dabei unterst\u00fctzen, die maximalen Resultate f\u00fcr dein pers\u00f6nliches Wohlbefinden, optimalem Wohlf\u00fchlgewicht und einem strahlenden jugendlichen Aussehen zu erlangen.<\/p>\n<p>MetaPWR steht f\u00fcr Meta wie Stoffwechsel und PWR (Personal Wellness Realised) bzw. f\u00fcr Power. Der Name ist Programm.<\/p>\n<p>Mache den dritten Schritt f\u00fcr dein umfassendes Wohlbefinden mit doTERRA MetaPWR Advantage. Dieses Pulver hat es in sich und enth\u00e4lt alles, um deinen Organismus bei der Erhaltung und Regeneration des K\u00f6rpers zu unterst\u00fctzen und deine Jugendlichkeit sowie eine hohe Lebensqualit\u00e4t auch im Alter zu gew\u00e4hrleisten. So sorgt es f\u00fcr eine Verlangsamung der Alterung der Haut, Muskeln und Gelenken sowie des Zell- und K\u00f6rpersystems. Es wirkt gegen antioxidativen Stress und ist so ein Jungbrunnen f\u00fcr den ganzen K\u00f6rper.<\/p>\n<p>Daf\u00fcr sorgen besonders hochwertige Inhaltsstoffe wie Hyarulons\u00e4ure (Haut und Gelenke), Bierhefe (Muskel und Gelenke), Blutorangenfruchtextrakt und Sandornextrakt sowie bioverf\u00fcgbares liposomales Vitamin C (Immunsystem). Ausserdem sind Resveratol (Herz und Kreislauf) und Phytoceramide (Haut) enthalten.<\/p>\n<p>Neben diesen wertvollen Inhaltsstoffen sind in doTERRA MetaPWR Advantage 9 verschiedene Kollagentypen (aus nachhaltigem Fischfang von Kaltwasserfischen) enthalten. Diese sind 12 x besser bioverf\u00fcgbar wie viele andere Kollagenprodukte.<\/p>\n<p>Ausserdem ist nat\u00fcrlich doTERRA MetaPWR ein weiterer Bestandteil. Diese \u00d6lmischung kurbelt den Stoffwechsel an, unterst\u00fctzt die Verdauung, reduziert das Hungergef\u00fchl, hilft zu optimalem Wohlf\u00fchlgewicht und f\u00f6rdert so Aktivit\u00e4t und Wohlbefinden.<\/p>\n<p>Es wird empfohlen, ein T\u00fctchen doTERRA MetaPWR Advantage in 150 &#8211; 240 ml Wasser einzur\u00fchren und am besten in einem Shaker zu sch\u00fctteln und in die t\u00e4gliche Anit-Aging-Routine einzubauen.<\/p>\n<p>Um die optimalen Effekte f\u00fcr ihr Wohlbefinden und Wellness zu erhalten, empfiehlt es sich, das komplette MetaPWR System zu verwenden, da die einzelnen Bausteine sorgsam aufeinander abgestimmt sind.<\/p>\n<p><span style=\"text-decoration: underline;\">doTERRA MetaPWR System &#8211; Das Innovative Stoffwechsel und Anit-Aging-Konzept<\/span><\/p>\n<p><strong>Schriitt 1:<\/strong> MetaPWR &#8211; f\u00fcr einen kraftvollen Stoffwechsel und idealem Wohlf\u00fchlgewicht (in allen Komponenten enthalten)<br \/>\n&#8211; MetaPWR Beadlets &#8211; K\u00fcgelchen f\u00fcr unterwegs<br \/>\n&#8211; MetaPWR Softgels &#8211; zur anwenderfreundlichen Einnahme<\/p>\n<p><strong>Schritt 2:<\/strong> MetaPWR Assist &#8211; Die Kapsel zur Unterst\u00fctzung einer optimalen Verdauung, Stoffwechsel und idealem Wohlf\u00fchlgewicht<\/p>\n<p><strong>Schritt 3<\/strong>: MetaPWR Advantage &#8211; Die Anti-Aging-Mischung f\u00fcr jugendliche Vitalit\u00e4t und hohe Lebensqualit\u00e4t<\/p>\n<p><span style=\"text-decoration: underline;\">Wirkung MetaPWR System<\/span><\/p>\n<p>&#8211; Unterst\u00fctzung der Optimierung Stoffwechsel<br \/>\n&#8211; Reduzierung Fettzellen<br \/>\n&#8211; Vermeidung von Heisshungerattacken<br \/>\n&#8211; Optimierung des Gewichtsmanagements und Unterst\u00fctzung des idealen Wohlf\u00fchlgewichtes<br \/>\n&#8211; Reduzierung oxidativer Stress<br \/>\n&#8211; Verbesserung Ausdauer und Energie<br \/>\n&#8211; Erh\u00f6hung des Wohlbefindens<br \/>\n&#8211; F\u00f6rderung von erholsamen Schlaf<br \/>\n&#8211; Straffe und jugendliche Haut<br \/>\n&#8211; Unterst\u00fctzung geschmeidiger und elastischer Gelenke<br \/>\n&#8211; Verlangsamung Alterungsprozess<br \/>\n&#8211; Hohe Lebensqualit\u00e4t bis ins Alter<\/p>\n<p><strong>Anwendungsempfehlung f\u00fcr das MetaPWR System<br \/>\n<\/strong>2-3 Tropfen des MetaPWR Blend morgens auf n\u00fcchternen Magen mit 240 ml lauwarmem Wasser einnehmen. Bei Bedarf und zur Vermeidung von Hei\u00dfhungerattacken mehrmals am Tag. Ideal auch zur Unterst\u00fctzung vor dem Sport oder Workout.<br \/>\nOptional k\u00f6nnen zus\u00e4tzlich oder stattdessen auch MetaPWR Softgels genommen werden.<\/p>\n<p>Um eine optimale Wirkung deines Lifestyle zu unterst\u00fctzen, der auf gesteigerte Vitalit\u00e4t, bessere Ern\u00e4hrungsgewohnheiten und die Erhaltung des Wohlbefindens ausgerichtet ist, empfiehlt es sich das komplette MetaPWR System zu verwenden und auf eine ausgewogene Ern\u00e4hrung zu achten.<\/p>\n<ul>\n<li>Unterwegs k\u00f6nnen bei Heisshungerattacken die MetaPWR Beadlets mit bis zu 4 Beadlets\/Tag eingenommen werde<\/li>\n<li>Baue 1-3 MetaPWR Softgels in deine t\u00e4gliche Wellness-Routine ein.<\/li>\n<li>Nimm eine Kapsel MetaPWR Assist 15-30 Minuten vor der Hauptmahlzeit bzw. einer kohlehydratreichen Mahlzeit. Bis zu 3 x t\u00e4glich.<\/li>\n<li>Eine T\u00fcte MetaPWR Advantage kann in die t\u00e4gliche Anti-Aging-Routine eingebunden werden. Dazu einfach ein T\u00fctchen mit 150 &#8211; 240 ml Wasser mixen und trinken. Ideal morgens oder als Ersatz der Mahlzeit am Mittag.<\/li>\n<li>Optimal 2 Stunden nach der Hauptmahlzeit doTERRA Terrazyme einnehmen<\/li>\n<\/ul>\n<p><strong>Sichere Verwendung<\/strong><br \/>\nAu\u00dferhalb der Reichweite von Kindern aufbewahren. Achte darauf, die empfohlene t\u00e4gliche Dosis nicht zu \u00fcberschreiten. Bitte beachte, dass Nahrungserg\u00e4nzungen eine vollwertige und ausgeglichene Ern\u00e4hrung sowie einen gesunden Lebensstil nicht ersetzen k\u00f6nnen. Schwangere und Stillende sowie Menschen mit bekannten gesundheitlichen Schwierigkeiten vor der Einnahme \u00e4rztlichen Rat einholen. Aufbewahrung an einem k\u00fchlen, trockenen Ort. Dabei bitte das Mindesthaltbarkeitsdatum (siehe Flaschenboden) beachten.<\/p>\n","protected":false},"excerpt":{"rendered":"<h2 style=\"font-size: 28px;\">Das Anti-Aging Pulver (MetaPWR System)<\/h2>\n<p><strong>doTERRA MetaPWR Advantage <\/strong>&#8211; MetaPWR System 3 &#8211; Die Anti-Aging MIschung f\u00fcr jugendliche Vitalit\u00e4t und hohe Lebensqualit\u00e4t bis ins Alter. Reich an wertvollem bioverf\u00fcgbaren Kollagen und weiteren hochwertigen Inhaltsstoffen. Zusammen mit den anderen Systemkomponenten die optimale Rundum-Versorgung f\u00fcr dein Wohlbefinden und hohe Lebensqualit\u00e4t in jedem Alter.<\/p>\n","protected":false},"featured_media":9705,"template":"","meta":{"_et_pb_use_builder":"","_et_pb_old_content":"","_et_gb_content_width":""},"product_cat":[15,2112,52,44,36,47,1943,1945,1946,1947,2093,1950,2002,1952,1953,1965,1966,2003,1972],"product_tag":[581],"_links":{"self":[{"href":"https:\/\/www.magnolioworld.com\/green-ch\/wp-json\/wp\/v2\/product\/9682"}],"collection":[{"href":"https:\/\/www.magnolioworld.com\/green-ch\/wp-json\/wp\/v2\/product"}],"about":[{"href":"https:\/\/www.magnolioworld.com\/green-ch\/wp-json\/wp\/v2\/types\/product"}],"wp:featuredmedia":[{"embeddable":true,"href":"https:\/\/www.magnolioworld.com\/green-ch\/wp-json\/wp\/v2\/media\/9705"}],"wp:attachment":[{"href":"https:\/\/www.magnolioworld.com\/green-ch\/wp-json\/wp\/v2\/media?parent=9682"}],"wp:term":[{"taxonomy":"product_cat","embeddable":true,"href":"https:\/\/www.magnolioworld.com\/green-ch\/wp-json\/wp\/v2\/product_cat?post=9682"},{"taxonomy":"product_tag","embeddable":true,"href":"https:\/\/www.magnolioworld.com\/green-ch\/wp-json\/wp\/v2\/product_tag?post=9682"}],"curies":[{"name":"wp","href":"https:\/\/api.w.org\/{rel}","templated":true}]}}