{"id":9383,"date":"2023-05-03T20:19:22","date_gmt":"2023-05-03T18:19:22","guid":{"rendered":"https:\/\/www.magnolio.ch\/?post_type=product&#038;p=9383"},"modified":"2025-11-17T15:02:05","modified_gmt":"2025-11-17T14:02:05","slug":"doterra-cp-plus-softgels","status":"publish","type":"product","link":"https:\/\/www.magnolioworld.com\/green-ch\/doterra-cp-plus-softgels\/","title":{"rendered":"doTERRA CP+ Softgels"},"content":{"rendered":"<p><strong>doTERRA CP+ Softgels<\/strong> &#8211; Das wertvolle Kopaiva\u00f6l zur optimalen Einnahme als Softgel.<\/p>\n<p>Die Softgels wurden geschaffen, um die Vorteile des wertvollen doTERRA Copaiba f\u00fcr die einfache und unkomplizierte Einnahme auch gerade unterwegs oder zwischendurch nutzen zu k\u00f6nnen.<\/p>\n<p>Diese vegetarischen doTERRA CP+ Softgels wurden auf Basis von Oliven\u00f6l konzipiert und k\u00f6nnen die Inhaltstoffe direkt in den Verdauungstrakt bringen, um dort ganz gezielt von innen heraus das vielf\u00e4ltige Einsatzspektrum von doTERRA Copaiba nutzen zu k\u00f6nnen. Das in den Softgels enthalte Beta-Caryophyllen kann den Ausgleich der Verdauung unterst\u00fctzen.\u00a0<\/p>\n<p>So bietet Kopaiva\u00f6l durch seine wertvollen Inhaltsstoffe breite Verwendungsm\u00f6glichkeiten, welche f\u00fcr das gesamte k\u00f6rperliche Wohlbefinden eingesetzt werden k\u00f6nnen. Dabei wird insbesondere die beruhigende und ausgleichende Wirkung auf den gesamten K\u00f6rper genutzt. Besonders wertvoll f\u00fcr die Regeneration aller K\u00f6rpersysteme und der Haut.<\/p>\n<p>Emotional helfen die doTERRA CP+ Softgels f\u00fcr ein befreites Leben im Hier und Jetzt.<\/p>\n<p><strong>Empfehlung<\/strong><br \/>\n1 Softgel t\u00e4glich<\/p>\n<p><strong>Sichere Verwendung<\/strong><br \/>\nAu\u00dferhalb der Reichweite von Kindern aufbewahren. Achte darauf, die empfohlene t\u00e4gliche Dosis nicht zu \u00fcberschreiten. Bitte beachte, dass Nahrungserg\u00e4nzungen eine vollwertige und ausgeglichene Ern\u00e4hrung sowie einen gesunden Lebensstil nicht ersetzen k\u00f6nnen. Schwangere und Stillende sowie Menschen mit bekannten gesundheitlichen Schwierigkeiten vor der Einnahme \u00e4rztlichen Rat einholen. Aufbewahrung an einem k\u00fchlen, trockenen Ort. Dabei bitte das Mindesthaltbarkeitsdatum (siehe Dosenboden) beachten.<\/p>\n","protected":false},"excerpt":{"rendered":"<h2 style=\"font-size: 28px;\">Eneuernde Kapseln<\/h2>\n<p>doTERRA CP+ Softgels &#8211; Diese vegetarischen Softgels wurden auf Basis von Oliven\u00f6l konzipiert und k\u00f6nnen die Inhaltsstoffe direkt in den Verdauungstrakt bringen, um dort ganz gezielt von innen heraus das vielf\u00e4ltige Einsatzspektrum von doTERRA Copaiba nutzen zu k\u00f6nnen. Es kann die Erneuerung der K\u00f6rpersysteme unterst\u00fctzen,<\/p>\n","protected":false},"featured_media":9392,"template":"","meta":{"_et_pb_use_builder":"","_et_pb_old_content":"","_et_gb_content_width":""},"product_cat":[15,52,47,1987,1988],"product_tag":[387,388],"_links":{"self":[{"href":"https:\/\/www.magnolioworld.com\/green-ch\/wp-json\/wp\/v2\/product\/9383"}],"collection":[{"href":"https:\/\/www.magnolioworld.com\/green-ch\/wp-json\/wp\/v2\/product"}],"about":[{"href":"https:\/\/www.magnolioworld.com\/green-ch\/wp-json\/wp\/v2\/types\/product"}],"wp:featuredmedia":[{"embeddable":true,"href":"https:\/\/www.magnolioworld.com\/green-ch\/wp-json\/wp\/v2\/media\/9392"}],"wp:attachment":[{"href":"https:\/\/www.magnolioworld.com\/green-ch\/wp-json\/wp\/v2\/media?parent=9383"}],"wp:term":[{"taxonomy":"product_cat","embeddable":true,"href":"https:\/\/www.magnolioworld.com\/green-ch\/wp-json\/wp\/v2\/product_cat?post=9383"},{"taxonomy":"product_tag","embeddable":true,"href":"https:\/\/www.magnolioworld.com\/green-ch\/wp-json\/wp\/v2\/product_tag?post=9383"}],"curies":[{"name":"wp","href":"https:\/\/api.w.org\/{rel}","templated":true}]}}