{"id":9340,"date":"2023-04-27T10:56:01","date_gmt":"2023-04-27T08:56:01","guid":{"rendered":"https:\/\/www.magnolio.ch\/?post_type=product&#038;p=9340"},"modified":"2025-05-06T10:58:33","modified_gmt":"2025-05-06T08:58:33","slug":"doterra-calm-and-harmony-kit","status":"publish","type":"product","link":"https:\/\/www.magnolioworld.com\/green-ch\/doterra-calm-and-harmony-kit\/","title":{"rendered":"doTERRA Calm and Harmony Kit"},"content":{"rendered":"<p><strong>doTERRA Calm and Harmony Kit<\/strong> &#8211; Das ideale Set f\u00fcr Frieden, Ausgleich und Harmonie<\/p>\n<p>Wir sind derzeit vielen Herausforderungen ausgesetzt, die K\u00f6rper, Geist und Seele beanspruchen. Umso wichtiger ist es, Erdung und Ausgleich zu finden, in guter Stimmung zu bleiben und eine optimale Schlafqualit\u00e4t zu haben. Denn nur dann wird der K\u00f6rper nicht in seiner nat\u00fcrlichen Funktion beeintr\u00e4chtigt und Beschwerden vermieden.<\/p>\n<p>All das bietet dieses Kit mit den reinen \u00e4therischen \u00d6len und der Kraft der Natur:<br \/>\nSo sorgt die \u00e4therische \u00d6lmischung Balance f\u00fcr Ausgleich und Zedernholz\u00f6l bringt Standfestigkeit. <br \/>\nDie \u00e4therischen \u00d6le Petitgrain und Lavendel beruhigen Geist und Seele, w\u00e4hrend das aromatische Orangen\u00f6l stimmungshebend wirkt.\u00a0<br \/>\nDie \u00d6lmischung Peace schafft innere Ruhe und Frieden und die Kombination der erholsamen Mischung mit \u00d6l und Softgels sorgen f\u00fcr einen ruhigen und erholsamen Schlaf.<\/p>\n<p>G\u00f6nn dir das <strong>doTERRA Calm and Harmony Kit<\/strong>, um gut durch diese herausfordernden Zeiten zu kommen. Hier im preisg\u00fcnstigen Set. Ideal auch als wertvolles Geschenk zusammen mit einem Diffuser f\u00fcr eine harmonische Raumumgebung.<\/p>\n<p><strong>Empfehlung<\/strong><br \/>\nBeachte die Empfehlungen bei den einzelnen Produkten.<\/p>\n<p><strong>Sichere Anwendung<br \/>\n<\/strong>Beachte die Hinweise bei den einzelnen Produkten.<\/p>\n","protected":false},"excerpt":{"rendered":"<h2 style=\"font-size: 28px;\">Das Rundum-Harmonie Paket<\/h2>\n<p>Das doTERRA Calm &amp; Harmony Kit &#8211; Das ideale Set, um K\u00f6rper, Geist und Seele gut durch diese herausfordernden Zeiten zu bringen, so sorgt die \u00e4therische \u00d6lmischung Balance f\u00fcr Ausgleich und Zedernholz\u00f6l bringt Standfestigkeit. Die \u00e4therischen \u00d6le Petitgrain und Lavendel beruhigen Geist und Seele, w\u00e4hrend das aromatische Wilde Orangen\u00f6l stimmungshebend wirkt. Die \u00d6lmischung Peace schafft innere Ruhe und Frieden und die Kombination der erholsamen Mischung mit \u00d6l und Softgels sorgen f\u00fcr einen ruhigen und erholsamen Schlaf.<\/p>\n","protected":false},"featured_media":9394,"template":"","meta":{"_et_pb_use_builder":"","_et_pb_old_content":"","_et_gb_content_width":""},"product_cat":[15,1921],"product_tag":[],"_links":{"self":[{"href":"https:\/\/www.magnolioworld.com\/green-ch\/wp-json\/wp\/v2\/product\/9340"}],"collection":[{"href":"https:\/\/www.magnolioworld.com\/green-ch\/wp-json\/wp\/v2\/product"}],"about":[{"href":"https:\/\/www.magnolioworld.com\/green-ch\/wp-json\/wp\/v2\/types\/product"}],"wp:featuredmedia":[{"embeddable":true,"href":"https:\/\/www.magnolioworld.com\/green-ch\/wp-json\/wp\/v2\/media\/9394"}],"wp:attachment":[{"href":"https:\/\/www.magnolioworld.com\/green-ch\/wp-json\/wp\/v2\/media?parent=9340"}],"wp:term":[{"taxonomy":"product_cat","embeddable":true,"href":"https:\/\/www.magnolioworld.com\/green-ch\/wp-json\/wp\/v2\/product_cat?post=9340"},{"taxonomy":"product_tag","embeddable":true,"href":"https:\/\/www.magnolioworld.com\/green-ch\/wp-json\/wp\/v2\/product_tag?post=9340"}],"curies":[{"name":"wp","href":"https:\/\/api.w.org\/{rel}","templated":true}]}}