{"id":859,"date":"2020-04-22T14:01:55","date_gmt":"2020-04-22T12:01:55","guid":{"rendered":"https:\/\/www.magnolio.shop\/onguard-fomaing-seifenspender-3er-pack-onguard-fomaing-seifenspender-3er-pack\/"},"modified":"2025-11-17T17:14:48","modified_gmt":"2025-11-17T16:14:48","slug":"doterra-on-guard-seifenspender-3er-pack","status":"publish","type":"product","link":"https:\/\/www.magnolioworld.com\/green-ch\/doterra-on-guard-seifenspender-3er-pack\/","title":{"rendered":"doTERRA On Guard Seifenspender 3er Pack"},"content":{"rendered":"<p><strong>doTERRA On Guard Seifenspender 3er Pack &#8211; <\/strong>F\u00fcr wundervoll sanften Seifenschaum in elegantem Design im g\u00fcnstigen 3er Set<\/p>\n<p>Dieser bernsteinfarbene Seifenspender f\u00fcr sch\u00e4umende Handseife erzeugt einen sanften Seifenschaum und nutzt den Inhalt optimal bis zum letzten Tropfen der wertvollen Handseife.<\/p>\n<p>Er ist dekorativ, so dass sein besonderes stylisches Design perfekt ins Badezimmer bzw. jede K\u00fcche passt. Sein Fassungsverm\u00f6gen ist 236,5ml. Mit dem preisg\u00fcnstigen 3er Pack hast du ihn an jedem Ort verf\u00fcgbar. Ideal \u00fcberall dort, wo die Seife schnell und hygienisch entnommen werden soll, wie z.B. im Bereich Pflege, Kosmetik, Wellness, B\u00fcro und Praxis. Aber auch im privaten Bereich ist dieser \u00fcberall schnell verwendbar.<\/p>\n<p><strong>doTERRA On Guard Seifenspender 3er Pack<\/strong> &#8211; Ideal auch als wertvolles Geschenk. Am besten zusammen mit der passenden Handseife. Nutze dazu auch das sparsame 2er Set der Handseife.<\/p>\n","protected":false},"excerpt":{"rendered":"<h2 style=\"font-size: 28px;\">Bernsteinfarbener Seifenspender f\u00fcr die sch\u00fctzende Handseife<\/h2>\n<p>doTERRA On Guard Seifenspender 3er Pack\u00a0 &#8211; F\u00fcr wundervoll sanften Seifenschaum in elegantem Design. Bef\u00fcllbar mit der On Guard Handseife. Er hat ein Fassungsverm\u00f6gen von 236,5 ml. Hier als preisg\u00fcnstiges Set f\u00fcr den Einsatz \u00fcberall dort, wo reine und gesch\u00fctzte H\u00e4nde ben\u00f6tigt werden. Ob in Praxis, Studio, B\u00fcro, Wellness oder zuhause.<\/p>\n","protected":false},"featured_media":7911,"template":"","meta":{"_et_pb_use_builder":"","_et_pb_old_content":"","_et_gb_content_width":""},"product_cat":[15,57,53],"product_tag":[624],"_links":{"self":[{"href":"https:\/\/www.magnolioworld.com\/green-ch\/wp-json\/wp\/v2\/product\/859"}],"collection":[{"href":"https:\/\/www.magnolioworld.com\/green-ch\/wp-json\/wp\/v2\/product"}],"about":[{"href":"https:\/\/www.magnolioworld.com\/green-ch\/wp-json\/wp\/v2\/types\/product"}],"wp:featuredmedia":[{"embeddable":true,"href":"https:\/\/www.magnolioworld.com\/green-ch\/wp-json\/wp\/v2\/media\/7911"}],"wp:attachment":[{"href":"https:\/\/www.magnolioworld.com\/green-ch\/wp-json\/wp\/v2\/media?parent=859"}],"wp:term":[{"taxonomy":"product_cat","embeddable":true,"href":"https:\/\/www.magnolioworld.com\/green-ch\/wp-json\/wp\/v2\/product_cat?post=859"},{"taxonomy":"product_tag","embeddable":true,"href":"https:\/\/www.magnolioworld.com\/green-ch\/wp-json\/wp\/v2\/product_tag?post=859"}],"curies":[{"name":"wp","href":"https:\/\/api.w.org\/{rel}","templated":true}]}}