{"id":843,"date":"2020-04-22T14:01:52","date_gmt":"2020-04-22T12:01:52","guid":{"rendered":"https:\/\/www.magnolio.shop\/daily-nutrient-pack-daily-nutrient-pack\/"},"modified":"2024-05-17T21:44:41","modified_gmt":"2024-05-17T19:44:41","slug":"doterra-daily-nutrient","status":"publish","type":"product","link":"https:\/\/www.magnolioworld.com\/green-ch\/doterra-daily-nutrient\/","title":{"rendered":"doTERRA Daily Nutrient"},"content":{"rendered":"<p><strong>doTERRA Daily Nutrient &#8211; <\/strong>Optimale N\u00e4hrstoffe und Vitamine im Set<strong><br \/>\n<\/strong><br \/>\nMicroplex VMz ist eine nat\u00fcrliche Vollwertkostformel aus bio-verf\u00fcgbaren Vitaminen und Mineralien, die oft in moderner Ern\u00e4hrung fehlen. Die Rezeptur enth\u00e4lt eine ausgewogene Mischung aus den Vitaminen A, C, E und einem Vitamin-B-Komplex. Des Weiteren enth\u00e4lt es aus Nahrungsmitteln gewonnene Mineralien, wie Kalzium, Magnesium und Zink und biologische Spurenelemente, f\u00fcr gesunde Knochen und einen gesunden Stoffwechsel. Microplex VMz enth\u00e4lt die doTERRA\u00ae \u201eTummy Tamer\u201c Mischung aus Pfefferminze, Ingwer und K\u00fcmmel, zur Beruhigung des Magens. Diese Rezeptur kommt in rein pflanzlichen Kapseln, ohne Laurylsulfat und enth\u00e4lt keine Weizen- oder Milchprodukte.<\/p>\n<p><strong>doTERRA Daily Nutrient enth\u00e4lt: <br \/>\n<\/strong>\u2022 22 unverzichtbare und gut absorbierbare Vitamine und Mineralien, um normales Zellwachstum, Zellfunktion und die Aufrechterhaltung der Zelle zu f\u00f6rdern.<br \/>\n\u2022 Speziell zusammengestellt, um ein optimales, nat\u00fcrliches Gleichgewicht aller Mikron\u00e4hrstoffe, nach den neusten ern\u00e4hrungswissenschaftlichen Erkenntnissen sowie aus historischer Sicht zu gew\u00e4hrleisten.<\/p>\n<p>xEO Mega\u00ae ist eine revolution\u00e4re Formel, die die garantiert reinen \u00e4therischen \u00d6le mit nat\u00fcrlichen essenziellen Fetts\u00e4uren aus Pflanzenmaterial und dem Meer verbindet. Omega Fetts\u00e4uren f\u00f6rdern die Gesundheit von Herz und Kreislauf, Immunsystem, Gelenken und Gehirn.<\/p>\n<p>\u2022 Sch\u00fctzt von Lipidoxidation und f\u00f6rdert gesunde Funktion des Gehirns, der Augen und des Nervensystems.<br \/>\n\u2022 F\u00f6rdert gesunde Haut.<br \/>\n\u2022 Liefert eine breite Palette von Omega-3-Fetts\u00e4uren, wie EPA, DHA, ALA und SDA sowie Lipide von Meerestieren und Pflanzenmaterialien f\u00fcr ein gesundes Gleichgewicht dieser wichtigen N\u00e4hrstoffe.<\/p>\n<p><strong>doTERRA Daily Nutrient &#8211;<\/strong> die optimale Versorgung mit Vitaminen und Mineralien f\u00fcr ihren K\u00f6rper.<strong><br \/>\n<\/strong><\/p>\n<p><strong>Empfehlung<\/strong><br \/>\nxEO Mega &#8211; Erwachsene nehmen 4 Softgels pro Tag zu den Mahlzeiten ein<br \/>\nMicroplex VMz &#8211; Erwachsene nehmen 4 Softgels pro Tag zu den Mahlzeiten ein<\/p>\n<p><strong>Sichere Verwendung<\/strong><br \/>\nAu\u00dferhalb der Reichweite von Kindern aufbewahren. Achte darauf, die empfohlene t\u00e4gliche Dosis nicht zu \u00fcberschreiten. Bitte beachte, dass Nahrungserg\u00e4nzungen eine vollwertige und ausgeglichene Ern\u00e4hrung sowie einen gesunden Lebensstil nicht ersetzen k\u00f6nnen. Schwangere und Stillende sowie Menschen mit bekannten gesundheitlichen Schwierigkeiten vor der Einnahme \u00e4rztlichen Rat einholen. Aufbewahrung an einem k\u00fchlen, trockenen Ort. Dabei bitte das Mindesthaltbarkeitsdatum (siehe Flaschenboden) beachten.<\/p>\n","protected":false},"excerpt":{"rendered":"<h2 style=\"font-size: 28px;\">T\u00e4gliches N\u00e4hrstoffpaket<\/h2>\n<p>doTERRA Daily Nutrient &#8211; Optimale N\u00e4hrstoffe und Vitamine im Set<\/p>\n<p>&nbsp;<\/p>\n","protected":false},"featured_media":8302,"template":"","meta":{"_et_pb_use_builder":"","_et_pb_old_content":"","_et_gb_content_width":""},"product_cat":[15,52],"product_tag":[588],"_links":{"self":[{"href":"https:\/\/www.magnolioworld.com\/green-ch\/wp-json\/wp\/v2\/product\/843"}],"collection":[{"href":"https:\/\/www.magnolioworld.com\/green-ch\/wp-json\/wp\/v2\/product"}],"about":[{"href":"https:\/\/www.magnolioworld.com\/green-ch\/wp-json\/wp\/v2\/types\/product"}],"wp:featuredmedia":[{"embeddable":true,"href":"https:\/\/www.magnolioworld.com\/green-ch\/wp-json\/wp\/v2\/media\/8302"}],"wp:attachment":[{"href":"https:\/\/www.magnolioworld.com\/green-ch\/wp-json\/wp\/v2\/media?parent=843"}],"wp:term":[{"taxonomy":"product_cat","embeddable":true,"href":"https:\/\/www.magnolioworld.com\/green-ch\/wp-json\/wp\/v2\/product_cat?post=843"},{"taxonomy":"product_tag","embeddable":true,"href":"https:\/\/www.magnolioworld.com\/green-ch\/wp-json\/wp\/v2\/product_tag?post=843"}],"curies":[{"name":"wp","href":"https:\/\/api.w.org\/{rel}","templated":true}]}}