{"id":839,"date":"2020-04-22T14:01:51","date_gmt":"2020-04-22T12:01:51","guid":{"rendered":"https:\/\/www.magnolio.shop\/alpha-crs-zellulaere-vitalkomplex-120-kapseln-alpha-crs-zellulaere-vitalkomplex-120-kapseln\/"},"modified":"2024-05-17T20:21:57","modified_gmt":"2024-05-17T18:21:57","slug":"doterra-alpha-crs","status":"publish","type":"product","link":"https:\/\/www.magnolioworld.com\/green-ch\/doterra-alpha-crs\/","title":{"rendered":"doTERRA Alpha CRS+"},"content":{"rendered":"<p><strong>doTERRA Alpha CRS+<\/strong> &#8211; Zellvitalkomplex &#8211; Die optimale Mischung f\u00fcr Ihre Zellgesundheit und Zellregeneration<\/p>\n<p>doTERRA Alpha CRS+ Cellular Vitality Complex ist eine spezielle Mischung wirksamer Mengen an nat\u00fcrlichen Pflanzenextrakten, die f\u00fcr einen gesunden Stoffwechsel innerhalb der Zellen sorgt. Es ist eine hochwertige Nahrungserg\u00e4nzung als Grundlage f\u00fcr ein Leben voller Vitalit\u00e4t und Wohlbefinden.<\/p>\n<p>Zellen sind der Grundbaustein allen Lebens. Gesunde Organe, gesundes Gewebe und letztendlich gesunde Organismen h\u00e4ngen von der zellul\u00e4ren Reproduktion und von der Energieproduktion ab, ebenso dem rechtzeitigen Zelltod nicht optimal funktionierender Zellen. Mit zunehmendem Alter kann sich die zellul\u00e4re Funktion verschlechtern und nach und nach nehmen Energie und Leistung ab.<\/p>\n<p>Zus\u00e4tzlich fordern zellul\u00e4re Stressoren, einschlie\u00dflich oxidativem Stress f\u00fcr zellul\u00e4re DNA und andere Schl\u00fcsselzellstrukturen, die zellul\u00e4re Gesundheit heraus. Die Versorgung der Zellen mit wichtigen N\u00e4hrstoffen und Stoffwechselfaktoren der Zellenergie sowie der Schutz unserer Zellen vor toxischen Stressfaktoren unterst\u00fctzen eine gesunde Zellfunktion, Vitalit\u00e4t und Wohlbefinden.<\/p>\n<p>Zusammen mit Microplex Vmz (N\u00e4hrstoffkomplex) im preisg\u00fcnstigen Daily Nutrient Set.<\/p>\n<p><strong>Empfehlung<\/strong><br \/>\n4 Kapseln pro Tag zu den Mahlzeiten einnehmen<\/p>\n<p><strong>Sichere Verwendung<\/strong><br \/>\nAu\u00dferhalb der Reichweite von Kindern aufbewahren. Achte darauf, die empfohlene t\u00e4gliche Dosis nicht zu \u00fcberschreiten. Bitte beachte, dass Nahrungserg\u00e4nzungen eine vollwertige und ausgeglichene Ern\u00e4hrung sowie einen gesunden Lebensstil nicht ersetzen k\u00f6nnen. Schwangere und Stillende sowie Menschen mit bekannten gesundheitlichen Schwierigkeiten vor der Einnahme \u00e4rztlichen Rat einholen. Aufbewahrung an einem k\u00fchlen, trockenen Ort. Dabei bitte das Mindesthaltbarkeitsdatum (siehe Flaschenboden) beachten.<\/p>\n","protected":false},"excerpt":{"rendered":"<h2 style=\"font-size: 28px;\">Zellul\u00e4rer Vitalkomplex<\/h2>\n<p>doTERRA Alpha CRS+ &#8211; die optimale Mischung f\u00fcr deine Zellgesundheit und Zellregeneration.<\/p>\n","protected":false},"featured_media":3192,"template":"","meta":{"_et_pb_use_builder":"","_et_pb_old_content":"","_et_gb_content_width":""},"product_cat":[15,52,44,36,1945,2002,2003,1972],"product_tag":[584],"_links":{"self":[{"href":"https:\/\/www.magnolioworld.com\/green-ch\/wp-json\/wp\/v2\/product\/839"}],"collection":[{"href":"https:\/\/www.magnolioworld.com\/green-ch\/wp-json\/wp\/v2\/product"}],"about":[{"href":"https:\/\/www.magnolioworld.com\/green-ch\/wp-json\/wp\/v2\/types\/product"}],"wp:featuredmedia":[{"embeddable":true,"href":"https:\/\/www.magnolioworld.com\/green-ch\/wp-json\/wp\/v2\/media\/3192"}],"wp:attachment":[{"href":"https:\/\/www.magnolioworld.com\/green-ch\/wp-json\/wp\/v2\/media?parent=839"}],"wp:term":[{"taxonomy":"product_cat","embeddable":true,"href":"https:\/\/www.magnolioworld.com\/green-ch\/wp-json\/wp\/v2\/product_cat?post=839"},{"taxonomy":"product_tag","embeddable":true,"href":"https:\/\/www.magnolioworld.com\/green-ch\/wp-json\/wp\/v2\/product_tag?post=839"}],"curies":[{"name":"wp","href":"https:\/\/api.w.org\/{rel}","templated":true}]}}