{"id":833,"date":"2020-04-22T14:01:51","date_gmt":"2020-04-22T12:01:51","guid":{"rendered":"https:\/\/www.magnolio.shop\/iq-mega-iq-mega\/"},"modified":"2026-04-27T15:40:33","modified_gmt":"2026-04-27T13:40:33","slug":"doterra-iq-mega","status":"publish","type":"product","link":"https:\/\/www.magnolioworld.com\/green-ch\/doterra-iq-mega\/","title":{"rendered":"doTERRA IQ Mega"},"content":{"rendered":"<p><strong>doTERRA IQ Mega<\/strong> &#8211; Die optimale Portion an Omega-Fetts\u00e4uren f\u00fcr deine Kinder<\/p>\n<p>Das doTERRA IQ Mega entzieht dem Fisch\u00f6l den fischartigen Geschmack und verleiht diesem wohlschmeckenden und leicht zu schluckenden Omega-3-Pr\u00e4parat, das 1.300 mg konzentrierte Omega-3-Fetts\u00e4uren enth\u00e4lt, den frischen Orangengeschmack von doTERRA Wild Orange pro Portion. IQ Mega enth\u00e4lt die essentiellen N\u00e4hrstoffe DHA und EPA zur Unterst\u00fctzung einer gesunden Gehirn-, Herz-Kreislauf-, Immun- und Gelenkfunktion. IQ Mega ist zur t\u00e4glichen Anwendung bei Kindern und Erwachsenen mit doTERRA a2z Chewable-Tabletten formuliert.<\/p>\n<p>Essenzielle Fetts\u00e4uren (EFAs) sind N\u00e4hrstoffe, die f\u00fcr viele Schl\u00fcsselfunktionen im menschlichen K\u00f6rper ben\u00f6tigt werden, einschlie\u00dflich Zellwachstum, Gehirnentwicklung, Muskelaktivit\u00e4t, Immunfunktion, Gelenkgesundheit und viele andere. W\u00e4hrend einige Fetts\u00e4uren im K\u00f6rper produziert werden k\u00f6nnen, k\u00f6nnen essenzielle Fetts\u00e4uren nicht von unserem K\u00f6rper produziert werden. Wir m\u00fcssen uns auf die Nahrung verlassen, die wir zu uns nehmen, um uns mit diesen wichtigen N\u00e4hrstoffen zu versorgen.<\/p>\n<p>Die h\u00e4ufigsten essenziellen Fetts\u00e4uren sind Omega-6- und Omega-3-Fetts\u00e4uren. Die moderne Wissenschaft legt nahe, dass Menschen f\u00fcr eine optimale Gesundheit ein Eins-zu-Eins-Verh\u00e4ltnis von Omega-6 zu essenziellen Omega-3-Fetts\u00e4uren zu sich nehmen sollten. Aufgrund des \u00dcberflusses an Omega-6-Fetts\u00e4uren in pflanzlichen \u00d6len und unseres zunehmenden Verzehrs von frittierten und fetthaltigen Lebensmitteln enth\u00e4lt eine typische westliche Ern\u00e4hrung leider Omega-6-Fetts\u00e4uren in einem Verh\u00e4ltnis von 20 zu 1! W\u00e4hrend unsere Ern\u00e4hrung einige Omega-6-Fetts\u00e4uren als lebenswichtige N\u00e4hrstoffe enthalten muss, ist der \u00fcberm\u00e4\u00dfige Verzehr von Omega-6-Fetts\u00e4uren und anderen ungesunden geh\u00e4rteten Fetts\u00e4uren oder Transfetten mit einer schlechten Gesundheit verbunden. Studien verbinden auch eine geringe Aufnahme von Omega-3-Fetts\u00e4uren mit einer verminderten Stimmung und kognitiven Funktion.<\/p>\n<p>Umgekehrt gibt es eine enorme Menge an wissenschaftlichen Informationen, die die gesundheitlichen Vorteile einer erh\u00f6hten Aufnahme von Omega-3-Fetts\u00e4uren \u00fcber die Nahrung belegen. Studien haben gezeigt, dass ein erh\u00f6hter Verbrauch von Omega-3-Fetts\u00e4uren sich positiv auf die Herz-Kreislauf-Gesundheit und die Gehirnfunktion auswirkt und eine normale Immunantwort unterst\u00fctzt. Ein erh\u00f6hter Verbrauch von Omega-3-Fetts\u00e4uren wirkt sich nachweislich auch positiv auf die Gelenke aus Gesundheit, Mobilit\u00e4t und Hautgesundheit. Das gew\u00e4hrleistet doTERRA IQ Mega.<\/p>\n<p>Der Omega-3-N\u00e4hrstoff DHA ist f\u00fcr die Kommunikation der Nervenzellen im gesamten Gehirn, in den Augen und im Nervensystem von entscheidender Bedeutung. Als Determinante f\u00fcr Wachstum und Leistung des Gehirns f\u00f6rdert DHA das normale Ged\u00e4chtnis, die Konzentration, die Aufmerksamkeitskontrolle, die Wachsamkeit und die positive Stimmung. Eine konstante Versorgung mit DHA ist auch erforderlich, damit die Netzhaut und die Makula ein gesundes Sehverm\u00f6gen haben. Die vielen Funktionen von DHA machen es zu einem der wichtigsten Molek\u00fcle des Gehirns.<\/p>\n<p>Die Wiederherstellung des Gleichgewichts zwischen Omega-3 und Omega-6-Fetts\u00e4uren ist ein wichtiger Schritt, um deinen K\u00f6rper gesund zu halten. Dies kann durch Verringern der Aufnahme von Nahrungsmitteln mit hohem Omega-6-Fetts\u00e4uregehalt und durch Erh\u00f6hen der Aufnahme von Nahrungsmitteln mit hohem Omega-3-Fetts\u00e4uregehalt erreicht werden. Fisch ist eine ausgezeichnete Quelle f\u00fcr Omega-3-Fetts\u00e4uren in der Nahrung, aber Omega-3-Fetts\u00e4uren sind auch in Raps\u00f6l und den \u00d6len einiger N\u00fcsse und Samen enthalten. Aufgrund der wachsenden Besorgnis \u00fcber den Gehalt an Toxinen und Schwermetallen in vielen Weltmeeren ist der t\u00e4gliche Verzehr von Fisch als Quelle von Omega-3-Fetts\u00e4uren f\u00fcr manche Verbraucher nicht akzeptabel. Als L\u00f6sung liefert eine t\u00e4gliche Portion IQ Mega\u00ae 1.300 mg reine, mikrofiltrierte Meereslipide mit 900 mg DHA und 400 mg essenziellen EPA-Omega-3-Fetts\u00e4uren, die getestet wurden, um die Anforderungen an Toxine und Schwermetalle zu \u00fcbertreffen.<\/p>\n<p><strong>doTERRA IQ Mega <\/strong>&#8211; Deine Kinder werden es lieben und nicht mehr missen wollen. Ideal auch in Kombination mit dem Vitaminkomplex A2Z Chewable und dem probiotischen Pulver PB Assist Jr. G\u00f6nne dir auch das preisg\u00fcnstige Set.<\/p>\n<p><strong>Empfehlung<\/strong><br \/>\n1 Teel\u00f6ffel doTERRA IQ Mega t\u00e4glich<\/p>\n<p><strong>Sichere Verwendung<\/strong><br \/>\nAu\u00dferhalb der Reichweite von Kindern aufbewahren. Achte darauf, die empfohlene t\u00e4gliche Dosis nicht zu \u00fcberschreiten. Bitte beachte, dass Nahrungserg\u00e4nzungen eine vollwertige und ausgeglichene Ern\u00e4hrung sowie einen gesunden Lebensstil nicht ersetzen k\u00f6nnen. Schwangere und Stillende sowie Menschen mit bekannten gesundheitlichen Schwierigkeiten vor der Einnahme \u00e4rztlichen Rat einholen. Aufbewahrung an einem k\u00fchlen, trockenen Ort. Dabei bitte das Mindesthaltbarkeitsdatum (siehe Flaschenboden) beachten.<\/p>\n","protected":false},"excerpt":{"rendered":"<h2 style=\"font-size: 28px;\">Omega 3 f\u00fcr Kinder<\/h2>\n<p>doTERRA IQ Mega &#8211; Die optimale Portion an Omega-Fetts\u00e4uren f\u00fcr deine Kinder. Im IQ Mega wurde dem Fisch\u00f6l der fischartige Geschmack entzogen und so diesem wohlschmeckenden und leicht zu schluckenden Omega-3-Pr\u00e4parat einen kindgerechten Geschmack gegeben.<\/p>\n","protected":false},"featured_media":3200,"template":"","meta":{"_et_pb_use_builder":"","_et_pb_old_content":"","_et_gb_content_width":""},"product_cat":[15,52,43,46,2002,2003,1972,2004],"product_tag":[578],"_links":{"self":[{"href":"https:\/\/www.magnolioworld.com\/green-ch\/wp-json\/wp\/v2\/product\/833"}],"collection":[{"href":"https:\/\/www.magnolioworld.com\/green-ch\/wp-json\/wp\/v2\/product"}],"about":[{"href":"https:\/\/www.magnolioworld.com\/green-ch\/wp-json\/wp\/v2\/types\/product"}],"wp:featuredmedia":[{"embeddable":true,"href":"https:\/\/www.magnolioworld.com\/green-ch\/wp-json\/wp\/v2\/media\/3200"}],"wp:attachment":[{"href":"https:\/\/www.magnolioworld.com\/green-ch\/wp-json\/wp\/v2\/media?parent=833"}],"wp:term":[{"taxonomy":"product_cat","embeddable":true,"href":"https:\/\/www.magnolioworld.com\/green-ch\/wp-json\/wp\/v2\/product_cat?post=833"},{"taxonomy":"product_tag","embeddable":true,"href":"https:\/\/www.magnolioworld.com\/green-ch\/wp-json\/wp\/v2\/product_tag?post=833"}],"curies":[{"name":"wp","href":"https:\/\/api.w.org\/{rel}","templated":true}]}}