{"id":8199,"date":"2023-01-28T01:01:58","date_gmt":"2023-01-28T00:01:58","guid":{"rendered":"https:\/\/www.magnolio.ch\/?post_type=product&#038;p=8199"},"modified":"2024-05-18T00:51:37","modified_gmt":"2024-05-17T22:51:37","slug":"doterra-balance-touch","status":"publish","type":"product","link":"https:\/\/www.magnolioworld.com\/green-ch\/doterra-balance-touch\/","title":{"rendered":"doTERRA Balance Touch"},"content":{"rendered":"<p><strong>doTERRA Balance Touch\u00a0<\/strong> &#8211; Ausgeglichen und gelassen durch das Leben &#8211; Als Touch to go<\/p>\n<p>Wenn du auf der Suche nach Ruhe und Wohlbefinden bist, dann ist die ausgleichende Mischung die beste Wahl. Der verf\u00fchrerische Duft der \u00e4therischen \u00d6lmischung aus Spruce, Ho-Wood, Frankincense, Blue Tansy, Blue Chamomile und fraktioniertem Kokos\u00f6l vermittelt Ruhe und Entspannung. <\/p>\n<p>Spruce wurde von den Indianern gerne als spiritueller, aber auch gesundheitlich f\u00f6rdernden Gr\u00fcnden verwendet, welches K\u00f6rper und Geist in Einklang bringt. <br \/>\nGegen Angstgef\u00fchle helfen das Ho-Wood, Blue Tansy und Blue Chamomile. Eine erdende und ausgleichende Wirkung auf unsere Gef\u00fchle vermittelt Frankincense.<\/p>\n<p>doTERRA Balance f\u00fcr Ruhe und Gelassenheit auch in st\u00fcrmischen Zeiten. Hier als praktischer doTERRA Balance Touch f\u00fcr unterwegs.<br \/>\n<strong><br \/>\nEmpfehlung<\/strong><br \/>\nAromatisch: F\u00fcr optimale Ruhe und Erdung den Touch In den Handfl\u00e4chen verreiben und tief inhalieren. Ideal auch beim Meditieren oder der Yoga-Praxis.<br \/>\nTopisch: Am Morgen f\u00fcr einen ausgeglichenen Tag auf die Fuss-Sohlen auftragen. Zur F\u00f6rderung der inneren Ruhe und Balance auf Hals und Handgelenke geben. <br \/>\nVor dem Schlafengehen auf die Haut auftragen, um zur Ruhe zu finden und sch\u00f6ne Tr\u00e4ume anzuregen.<br \/>\nAls Parf\u00fcm auf den Hals und die Handgelenke auftragen.<\/p>\n<p><strong>Sichere Verwendung<\/strong><br \/>\nHautreizungen m\u00f6glich. Au\u00dferhalb der Reichweite von Kindern aufbewahren. Wenn du schwanger bist oder in \u00e4rztlicher Behandlung stehst, konsultiere bitte den Arzt. Kontakt mit Augen, Innenohren, Gesicht, empfindlichen Stellen und Schleimh\u00e4uten vermeiden. Nur zur \u00e4u\u00dferlichen Anwendung.<\/p>\n","protected":false},"excerpt":{"rendered":"<h2 style=\"font-size: 28px;\">Ausgleichende Mischung &#8211; Das \u00d6l der Erdung<\/h2>\n<p>doTERRA Balance Touch &#8211; Das \u00d6l des Ausgleichs und Einklang f\u00fcr K\u00f6rper und Geist. Hier als praktischer Rollon f\u00fcr Balance \u00fcberall wo Bedarf ist.<\/p>\n","protected":false},"featured_media":8200,"template":"","meta":{"_et_pb_use_builder":"","_et_pb_old_content":"","_et_gb_content_width":""},"product_cat":[15,51],"product_tag":[],"_links":{"self":[{"href":"https:\/\/www.magnolioworld.com\/green-ch\/wp-json\/wp\/v2\/product\/8199"}],"collection":[{"href":"https:\/\/www.magnolioworld.com\/green-ch\/wp-json\/wp\/v2\/product"}],"about":[{"href":"https:\/\/www.magnolioworld.com\/green-ch\/wp-json\/wp\/v2\/types\/product"}],"wp:featuredmedia":[{"embeddable":true,"href":"https:\/\/www.magnolioworld.com\/green-ch\/wp-json\/wp\/v2\/media\/8200"}],"wp:attachment":[{"href":"https:\/\/www.magnolioworld.com\/green-ch\/wp-json\/wp\/v2\/media?parent=8199"}],"wp:term":[{"taxonomy":"product_cat","embeddable":true,"href":"https:\/\/www.magnolioworld.com\/green-ch\/wp-json\/wp\/v2\/product_cat?post=8199"},{"taxonomy":"product_tag","embeddable":true,"href":"https:\/\/www.magnolioworld.com\/green-ch\/wp-json\/wp\/v2\/product_tag?post=8199"}],"curies":[{"name":"wp","href":"https:\/\/api.w.org\/{rel}","templated":true}]}}