{"id":7829,"date":"2023-01-09T22:04:57","date_gmt":"2023-01-09T21:04:57","guid":{"rendered":"https:\/\/www.magnolio.ch\/?post_type=product&#038;p=7829"},"modified":"2025-05-15T17:12:50","modified_gmt":"2025-05-15T15:12:50","slug":"doterra-dawn-diffuser-mit-air-x","status":"publish","type":"product","link":"https:\/\/www.magnolioworld.com\/green-ch\/doterra-dawn-diffuser-mit-air-x\/","title":{"rendered":"doTERRA Dawn Diffuser mit Air X"},"content":{"rendered":"<p><strong>doTERRA Dawn Diffuser mit Air X<\/strong> &#8211; Das ideale Einsteigerset: Der Luftbefeuchter f\u00fcr das ultimative Wohlbefinden und die reinigende \u00d6lmischung Air X<\/p>\n<p>Dieser Diffuser kann deine Lieblings\u00f6le fein und schonend vernebeln. Er sorgt auch f\u00fcr ein gesundes Raumklima, da er mit seinem 1,8 l Fassungsverm\u00f6gen immer die optimale Luftfeuchtigkeit gew\u00e4hrleistet und somit Atemwegserkrankungen wirksam vorbeugt. In Dauerbetrieb kann der <strong>doTERRA Dawn Diffuser mit Air-X <\/strong>bis zu 22 h laufen. Nachts unterst\u00fctzt er durch einen intelligenten Schlafmodus (Smart Step Mode) f\u00fcr die optimale Luftfeuchtigkeit und schafft so eine optimale Umgebung f\u00fcr einen ruhigen und gesunden Schlaf.<\/p>\n<p>Die optimale Unterst\u00fctzung f\u00fcr ihre Gesundheit, ob zu Hause, im B\u00fcro oder in der Praxis. Ideal auch als gesundes Geschenk.<\/p>\n<p>F\u00fcr alle, die ein optimales Einstiegsset suchen, gibt es hier diesen Diffuser zusammen als Paket mit reinigender Atemwegsmischung doTERRA Air-X<\/p>\n<p>Empfohlen f\u00fcr eine max. Raumgr\u00f6\u00dfe von 25 qm. Bei gr\u00f6\u00dferen R\u00e4umen einfach entsprechend mehr Diffusoren benutzen.<\/p>\n<p><strong>Empfehlung<\/strong><br \/>\nDiffuser: Beachte die Anwendungsempfehlungen in der Produktbeschreibung<br \/>\n\u00d6le: Beachte die Empfehlungen bei den Einzel\u00f6len.<\/p>\n<p><strong>Sichere Anwendung<\/strong><br \/>\nDiffuser: Beachte die Sicherheitshinweise in der Produktbeschreibung<br \/>\n\u00d6le: Beachte die Empfehlungen bei den Einzel\u00f6len.<\/p>\n","protected":false},"excerpt":{"rendered":"<h2 style=\"font-size: 28px;\">DAWN Aroma Luftbefeuchter als ideales Einsteigerset<\/h2>\n<p><strong>doTERRA Dawn Diffuser mit Air X<\/strong> &#8211; Der Luftbefeuchter f\u00fcr das ultimative Wohlbefinden. Dieser Diffuser kann deine Lieblings\u00f6le fein und schonend vernebeln. Er sorgt auch f\u00fcr ein gesundes Raumklima, da er mit seinem 1,8 l Fassungsverm\u00f6gen immer die optimale Luftfeuchtigkeit gew\u00e4hrleistet und somit Atemwegserkrankungen wirksam vorbeugt. Zusammen mit der reinigenden Atemwegsmischung Air-X ist es das ideale Einsteigerset.<\/p>\n","protected":false},"featured_media":7868,"template":"","meta":{"_et_pb_use_builder":"","_et_pb_old_content":"","_et_gb_content_width":""},"product_cat":[15,57],"product_tag":[],"_links":{"self":[{"href":"https:\/\/www.magnolioworld.com\/green-ch\/wp-json\/wp\/v2\/product\/7829"}],"collection":[{"href":"https:\/\/www.magnolioworld.com\/green-ch\/wp-json\/wp\/v2\/product"}],"about":[{"href":"https:\/\/www.magnolioworld.com\/green-ch\/wp-json\/wp\/v2\/types\/product"}],"wp:featuredmedia":[{"embeddable":true,"href":"https:\/\/www.magnolioworld.com\/green-ch\/wp-json\/wp\/v2\/media\/7868"}],"wp:attachment":[{"href":"https:\/\/www.magnolioworld.com\/green-ch\/wp-json\/wp\/v2\/media?parent=7829"}],"wp:term":[{"taxonomy":"product_cat","embeddable":true,"href":"https:\/\/www.magnolioworld.com\/green-ch\/wp-json\/wp\/v2\/product_cat?post=7829"},{"taxonomy":"product_tag","embeddable":true,"href":"https:\/\/www.magnolioworld.com\/green-ch\/wp-json\/wp\/v2\/product_tag?post=7829"}],"curies":[{"name":"wp","href":"https:\/\/api.w.org\/{rel}","templated":true}]}}