{"id":7825,"date":"2023-01-11T18:17:20","date_gmt":"2023-01-11T17:17:20","guid":{"rendered":"https:\/\/www.magnolio.ch\/?post_type=product&#038;p=7825"},"modified":"2024-12-10T13:10:36","modified_gmt":"2024-12-10T12:10:36","slug":"doterra-laluz-diffuser","status":"publish","type":"product","link":"https:\/\/www.magnolioworld.com\/green-ch\/doterra-laluz-diffuser\/","title":{"rendered":"doTERRA Laluz Diffuser"},"content":{"rendered":"<p><strong>doTERRA Laluz Diffuser<\/strong> &#8211; Der hochelegante Diffuser f\u00fcr jeden Raum<\/p>\n<p>Dieser Diffuser verzaubert jeden Raum durch sein stylisches Aussehen und seinen ultrafeinen Spr\u00fchnebel. Er vernebelt nicht nur schonend deine Lieblings\u00f6le durch seine Ultraschalltechnik, sondern setzt auch ein Designstatement.<\/p>\n<p>So wird jeder Raum zu einem luxuri\u00f6sen Spa-Erlebnis. Egal, ob zu Hause, im B\u00fcro oder der Praxis.<\/p>\n<p>Aber auch technisch setzt der <strong>doTERRA Laluz Diffuser<\/strong> Ma\u00dfst\u00e4be<strong>. <\/strong>So l\u00e4uft er bis zu 8 h und kann sich mit 3 verschiedenen Lichtstufen perfekt jedem Raum und jeder Stimmung anpassen.<\/p>\n<p>Den Diffuser gibt es auch zusammen mit der belebenden Mischung Citrus Bliss und ist damit ein perfektes Einsteigerset. Ideal auch als wertiges Geschenk.<\/p>\n<p>Empfohlen f\u00fcr eine max. Raumgr\u00f6\u00dfe von 30 qm. Bei gr\u00f6\u00dferen R\u00e4umen einfach mehrere Diffusoren benutzen.<\/p>\n<p><strong>Empfehlung<\/strong><br \/>\nBeachte die Anwendungsempfehlungen in der Produktbeschreibung<\/p>\n<p><strong>Sichere Anwendung<\/strong><br \/>\nBeachte die Sicherheitshinweise in der Produktbeschreibung<\/p>\n","protected":false},"excerpt":{"rendered":"<h2 style=\"font-size: 28px;\">Der hochelegante Diffuser f\u00fcr jeden Raum<\/h2>\n<p>doTERRA Laluz Diffuser &#8211; Er verzaubert jeden Raum durch sein stylisches Aussehen und seinen ultrafeinen Spr\u00fchnebel. Er vernebelt nicht nur schonend deine Lieblings\u00f6le durch seine Ultraschalltechnik, sondern setzt auch ein Designstatement. Mit seinen 3 Lichtstufen passt er sich jeder Stimmung an. Ideal auch als wertvolles Geschenk.<\/p>\n","protected":false},"featured_media":7861,"template":"","meta":{"_et_pb_use_builder":"","_et_pb_old_content":"","_et_gb_content_width":""},"product_cat":[15,57],"product_tag":[],"_links":{"self":[{"href":"https:\/\/www.magnolioworld.com\/green-ch\/wp-json\/wp\/v2\/product\/7825"}],"collection":[{"href":"https:\/\/www.magnolioworld.com\/green-ch\/wp-json\/wp\/v2\/product"}],"about":[{"href":"https:\/\/www.magnolioworld.com\/green-ch\/wp-json\/wp\/v2\/types\/product"}],"wp:featuredmedia":[{"embeddable":true,"href":"https:\/\/www.magnolioworld.com\/green-ch\/wp-json\/wp\/v2\/media\/7861"}],"wp:attachment":[{"href":"https:\/\/www.magnolioworld.com\/green-ch\/wp-json\/wp\/v2\/media?parent=7825"}],"wp:term":[{"taxonomy":"product_cat","embeddable":true,"href":"https:\/\/www.magnolioworld.com\/green-ch\/wp-json\/wp\/v2\/product_cat?post=7825"},{"taxonomy":"product_tag","embeddable":true,"href":"https:\/\/www.magnolioworld.com\/green-ch\/wp-json\/wp\/v2\/product_tag?post=7825"}],"curies":[{"name":"wp","href":"https:\/\/api.w.org\/{rel}","templated":true}]}}