{"id":780,"date":"2020-04-22T14:01:41","date_gmt":"2020-04-22T12:01:41","guid":{"rendered":"https:\/\/www.magnolio.shop\/air-breathe-vapor-stick-air-breathe-vapor-stick-luftholen\/"},"modified":"2025-11-17T13:31:11","modified_gmt":"2025-11-17T12:31:11","slug":"doterra-air-vapour-stick","status":"publish","type":"product","link":"https:\/\/www.magnolioworld.com\/green-ch\/doterra-air-vapour-stick\/","title":{"rendered":"doTERRA Air Vapour Stick"},"content":{"rendered":"<p><strong>doTERRA Air Vapour Stick<\/strong> &#8211; Luft zum Leben &#8211; Als sanfter praktischer Stick &#8211; Neue wirkungsvollere Formulierung<\/p>\n<p>In den aktuell bewegten Zeiten ist gerade das Atmungssystem h\u00e4ufig sehr beansprucht. Sei es durch akute Atemwegsthemen oder durch eingeschr\u00e4nkte Atmungsm\u00f6glichkeiten.<br \/>\nHier helfen die \u00e4therischen \u00d6le in der Atemwegsmischung das Durchatmen zu entspannen und auch kalte Jahreszeiten mit einer frischen Aroma-Mischung durchzustehen.<br \/>\nSo werden die Lungen, Bronchien und Nebenh\u00f6hlen bei der Entspannung unterst\u00fctzt und die Atmung erleichtert und befreit.<\/p>\n<p>Denn das tiefe und entspannte Durchatmen ist die Essenz des Lebens.<\/p>\n<p>In doTERRA Air Vapour Stick wirken die hochwertigen \u00e4therische \u00d6le wie Cardamom, Peppermint, Eucalyptus, Tea Tree, Lemon und Ravensara zusammen auf einzigartige Weise entspannend und unterst\u00fctzend. <\/p>\n<p>Der Stick kann besonders sanft angewendet und aufgenommen werden, ist langanhaltend und kann mit seiner Dosiermethode \u00fcberall verwendet werden. Er ist z.B. auch auf Flugreisen sehr hilfreich, da er k\u00fchlend und erfrischend wirkt. doTERRA Air Vapour Stick kann direkt auf Brust und R\u00fccken aufgetragen werden. Besonders intensiv ist auch das Auftragen auf den Fussreflexpunkten. Der Stick gleitet sanft \u00fcber die Haut ohne ein fettiges oder klebriges Gef\u00fchl zu hinterlassen.<\/p>\n<p>Neben dem praktischen Touch gibt es die Atemwegsmischung noch in anderen Produktformen. Z.B. pur als doTERRA Air, wo sie optimal erleichternd im Diffuser zur Raumreinigung und Entspannung der Atemwege angewendet werden kann. <br \/>\nDer doTERRA Air Touch ist gerade f\u00fcr unterwegs, beim Sport oder im B\u00fcro und auf Reisen konzipiert, um schnell erfrischt durchatmen zu k\u00f6nnen. Es ist wie eine kurze Pause an der frischen Luft. Wie eine frische Brise to go,<br \/>\nTrage ihn gerne auf den Pulspunkten auf und inhalieren die Mischung tief ein oder gebe sie direkt auf die Lungen und Bronchien. Besonders effektiv ist auch die Anwendung auf den Reflexpunkten. <\/p>\n<p>F\u00fcr die schnelle Erfrischung und Pflege der Atemwege zwischendurch, sind doTERRA Air Drops besonders zu empfehlen.<\/p>\n<p>Die \u00e4therische \u00d6lmischung hat aber nicht nur k\u00f6rperliche, sondern auch emotionale Effekte. Denn, wie oft hat man das Gef\u00fchl, der Atem w\u00fcrde stocken, die Kehle w\u00e4re zugeschn\u00fcrt oder es w\u00fcrde einfach die Luft zum Atmen fehlen. Hier wirkt die Atemwegsmischung wunderbar befreiend und erleichtert das entspannte Durchatmen.<\/p>\n<p>Gerade als Balsam Stift kann er auch wunderbar bei Kindern Erleichterung verschaffen.<\/p>\n<p><strong>Empfehlung<\/strong><br \/>\nAromatisch: Zur optimalen emotionalen Wirkung \u00fcber die Pulspunkte oder die Handfl\u00e4chen tief inhalieren. Oder auf Brust und Halsbereich zur Entspannung der Atemwege auftragen.<br \/>\nTopisch: Auf der Brust auftragen und den k\u00fchlenden und belebenden Effekt geniessen.Vor sportlicher Bet\u00e4tigung auf der Brust, dem Nacken und den Handgelenken einreiben. F\u00fcr eine frische Brise zwischendurch den Stick einfach auf Handgelenke, Nacken und Schultern geben.Trage diese Mischung auf Brust, R\u00fccken oder Fu\u00dfsohlen auf, um am Abend herunterzukommen und das Kopfkino zu stoppen.<\/p>\n<p><strong>Sichere Verwendung<\/strong><br \/>\nHautreizungen m\u00f6glich. Au\u00dferhalb der Reichweite von Kindern aufbewahren. Wenn du schwanger bist oder in \u00e4rztlicher Behandlung stehst, konsultiere bitte den Arzt. Kontakt mit Augen, Innenohren, Gesicht, empfindlichen Stellen und Schleimh\u00e4uten vermeiden. Nur \u00e4usserlich verwenden.<\/p>\n","protected":false},"excerpt":{"rendered":"<h2 style=\"font-size: 28px;\">Inhalationsstift &#8211; Neue wirkungsvollere Formulierung<\/h2>\n<p>doTERRA Air Vapour Stick &#8211; Zur Beruhigung und vorbeugender Pflege der Atemwege kann der Stick als Duftmischung inhaliert oder auf Brust, R\u00fccken und Fu\u00dfsohlen aufgetragen werden. Eine frische Brise zum freien Durchatmen auch auf Reisen<\/p>\n","protected":false},"featured_media":14580,"template":"","meta":{"_et_pb_use_builder":"","_et_pb_old_content":"","_et_gb_content_width":""},"product_cat":[15,37,48,1922],"product_tag":[456,457],"_links":{"self":[{"href":"https:\/\/www.magnolioworld.com\/green-ch\/wp-json\/wp\/v2\/product\/780"}],"collection":[{"href":"https:\/\/www.magnolioworld.com\/green-ch\/wp-json\/wp\/v2\/product"}],"about":[{"href":"https:\/\/www.magnolioworld.com\/green-ch\/wp-json\/wp\/v2\/types\/product"}],"wp:featuredmedia":[{"embeddable":true,"href":"https:\/\/www.magnolioworld.com\/green-ch\/wp-json\/wp\/v2\/media\/14580"}],"wp:attachment":[{"href":"https:\/\/www.magnolioworld.com\/green-ch\/wp-json\/wp\/v2\/media?parent=780"}],"wp:term":[{"taxonomy":"product_cat","embeddable":true,"href":"https:\/\/www.magnolioworld.com\/green-ch\/wp-json\/wp\/v2\/product_cat?post=780"},{"taxonomy":"product_tag","embeddable":true,"href":"https:\/\/www.magnolioworld.com\/green-ch\/wp-json\/wp\/v2\/product_tag?post=780"}],"curies":[{"name":"wp","href":"https:\/\/api.w.org\/{rel}","templated":true}]}}