{"id":766,"date":"2020-04-22T14:01:36","date_gmt":"2020-04-22T12:01:36","guid":{"rendered":"https:\/\/www.magnolio.shop\/yoga-collection-kit-yoga-collection-kit\/"},"modified":"2025-10-15T18:24:05","modified_gmt":"2025-10-15T16:24:05","slug":"doterra-yoga-kit","status":"publish","type":"product","link":"https:\/\/www.magnolioworld.com\/green-ch\/doterra-yoga-kit\/","title":{"rendered":"doTERRA Yoga Kit"},"content":{"rendered":"<p><strong>doTERRA Yoga Kit<\/strong> &#8211; Schafft die ideale Wohlf\u00fchlumgebung f\u00fcr Yoga und Meditation<\/p>\n<p>Das doTERRA Yoga Kit ist die perfekte Mischung f\u00fcr Ihre Yoga-Praxis. Die 3 Mischungen bringen dir inspirierende D\u00fcfte, die deinen Geist mit jedem Atemzug stabilisieren, zentrieren und erleuchten. So verbindest du in idealer Weise geistige Inspiration mit k\u00f6rperlicher St\u00e4rke und Flexibilit\u00e4t.<\/p>\n<p>Im Yoga Kit ist doTERRA Arise &#8211; das \u00d6l der Erkenntnis und Inspiration enthalten. Mit doTERRA Align hast du das \u00d6l der Zentrierung und mit doTERRA Anchor das \u00d6l des Gleichgewichts und der Erdung.<\/p>\n<p>Damit steht f\u00fcr jedes Yoga- und Mediationspraxis steht das passende \u00d6l zu wunderbaren Begleitung und Abrundung zur Verf\u00fcgung.<\/p>\n<p><strong>Empfehlung<\/strong><br \/>\nBeachte die Empfehlungen bei den einzelnen Produkten.<\/p>\n<p><strong>Sichere Anwendung<br \/>\n<\/strong>Beachte die Hinweise bei den einzelnen Produkten.<\/p>\n","protected":false},"excerpt":{"rendered":"<h2 style=\"font-size: 28px;\">Die Yoga Kollektion<\/h2>\n<p>Die Yoga Collection ist optimal abgestimmt f\u00fcr deine Yoga-Asanas und Meditationen. Sie enth\u00e4lt sowohl \u00d6lmischungen, die erhebend und inspirierend (Arise), zentrierend (Align) und erdend (Anchor) sind. Auch eine wunderbare Geschenkidee.<\/p>\n","protected":false},"featured_media":5665,"template":"","meta":{"_et_pb_use_builder":"","_et_pb_old_content":"","_et_gb_content_width":""},"product_cat":[15,51,1921,38,42,48,1942,1982],"product_tag":[],"_links":{"self":[{"href":"https:\/\/www.magnolioworld.com\/green-ch\/wp-json\/wp\/v2\/product\/766"}],"collection":[{"href":"https:\/\/www.magnolioworld.com\/green-ch\/wp-json\/wp\/v2\/product"}],"about":[{"href":"https:\/\/www.magnolioworld.com\/green-ch\/wp-json\/wp\/v2\/types\/product"}],"wp:featuredmedia":[{"embeddable":true,"href":"https:\/\/www.magnolioworld.com\/green-ch\/wp-json\/wp\/v2\/media\/5665"}],"wp:attachment":[{"href":"https:\/\/www.magnolioworld.com\/green-ch\/wp-json\/wp\/v2\/media?parent=766"}],"wp:term":[{"taxonomy":"product_cat","embeddable":true,"href":"https:\/\/www.magnolioworld.com\/green-ch\/wp-json\/wp\/v2\/product_cat?post=766"},{"taxonomy":"product_tag","embeddable":true,"href":"https:\/\/www.magnolioworld.com\/green-ch\/wp-json\/wp\/v2\/product_tag?post=766"}],"curies":[{"name":"wp","href":"https:\/\/api.w.org\/{rel}","templated":true}]}}