{"id":763,"date":"2020-04-22T14:01:35","date_gmt":"2020-04-22T12:01:35","guid":{"rendered":"https:\/\/www.magnolio.shop\/mood-management-kit-stimmungs-management-kit\/"},"modified":"2025-05-06T11:17:11","modified_gmt":"2025-05-06T09:17:11","slug":"doterra-mood-management-kit","status":"publish","type":"product","link":"https:\/\/www.magnolioworld.com\/green-ch\/doterra-mood-management-kit\/","title":{"rendered":"doTERRA Mood Management Kit"},"content":{"rendered":"<p><strong>doTERRA Mood Management Kit<\/strong> &#8211; F\u00fcr jede Stimmung das passende \u00d6l<\/p>\n<p>Mit dem<strong> Stimmungs-Paket<\/strong> k\u00f6nnen alle Emotionen optimal ausgeglichen werden. Es ist die richtige Mischung f\u00fcr dein Wohlbefinden. Die darin enthaltene \u00d6lmischung Balance wirkt ausgleichend und erdend und l\u00e4sst uns mit beiden Beinen auf dem Boden stehen. Die Mischung Serenity beruhigt und lindert \u00c4ngste und sorgt f\u00fcr einen entspannten Schlaf. Die Mischung Citrus Bliss schafft eine positive und aufbauende Stimmung voller Lebensfreude. Die beruhigende Mischung Adaptiv schafft Gelassenheit und Entspannung und bringt sie geerdet durch den Tag.<\/p>\n<p>Mit dem Mood Management Kit hast du in jeder Lebenslage das passende \u00d6l zur Hand, um gelassen und voller positiver Energie durchs Leben zu gehen.<\/p>\n<p><strong>Empfehlung<\/strong><br \/>\nBeachte die Empfehlungen bei den einzelnen Produkten.<\/p>\n<p><strong>Sichere Anwendung<br \/>\n<\/strong>Beachte die Hinweise bei den einzelnen Produkten.<\/p>\n","protected":false},"excerpt":{"rendered":"<h2 style=\"font-size: 28px;\">Stimmungspaket<\/h2>\n<p>Mit dem doTERRA Mood Management Kit hast du in jeder Lebenslage das passende \u00d6l zur Hand, um gelassen und voller positiver Energie durchs Leben zu gehen<\/p>\n","protected":false},"featured_media":9590,"template":"","meta":{"_et_pb_use_builder":"","_et_pb_old_content":"","_et_gb_content_width":""},"product_cat":[15,1921,38,48,1982,1985],"product_tag":[427,428],"_links":{"self":[{"href":"https:\/\/www.magnolioworld.com\/green-ch\/wp-json\/wp\/v2\/product\/763"}],"collection":[{"href":"https:\/\/www.magnolioworld.com\/green-ch\/wp-json\/wp\/v2\/product"}],"about":[{"href":"https:\/\/www.magnolioworld.com\/green-ch\/wp-json\/wp\/v2\/types\/product"}],"wp:featuredmedia":[{"embeddable":true,"href":"https:\/\/www.magnolioworld.com\/green-ch\/wp-json\/wp\/v2\/media\/9590"}],"wp:attachment":[{"href":"https:\/\/www.magnolioworld.com\/green-ch\/wp-json\/wp\/v2\/media?parent=763"}],"wp:term":[{"taxonomy":"product_cat","embeddable":true,"href":"https:\/\/www.magnolioworld.com\/green-ch\/wp-json\/wp\/v2\/product_cat?post=763"},{"taxonomy":"product_tag","embeddable":true,"href":"https:\/\/www.magnolioworld.com\/green-ch\/wp-json\/wp\/v2\/product_tag?post=763"}],"curies":[{"name":"wp","href":"https:\/\/api.w.org\/{rel}","templated":true}]}}