{"id":738,"date":"2020-04-22T14:01:31","date_gmt":"2020-04-22T12:01:31","guid":{"rendered":"https:\/\/www.magnolio.shop\/home-essentials-kit-deu-grosse-alleskoenner\/"},"modified":"2025-09-02T12:25:08","modified_gmt":"2025-09-02T10:25:08","slug":"doterra-home-essentials-kit","status":"publish","type":"product","link":"https:\/\/www.magnolioworld.com\/green-ch\/doterra-home-essentials-kit\/","title":{"rendered":"doTERRA Home Essentials Kit"},"content":{"rendered":"<p>Das doTERRA Home Essentials Kit ist der ideale Einstieg in die fantastische Welt der \u00e4therischen \u00d6le f\u00fcr dich und die ganze Familie. Mit den 10 wichtigsten \u00e4therischen \u00d6len und \u00d6lmischungen bist du zuhause und unterwegs gut gewappnet. Du hast immer das passende \u00d6l dabei, um f\u00fcr viele k\u00f6rperlichen und emotionalen Themen perfekt ger\u00fcstet zu sein. Denn alle \u00d6le haben auch eine emotionale Wirkung.<\/p>\n<p>Die hochwertigen \u00e4therischen \u00d6le von doTERRA sind f\u00fcr die ganze Familie vom Kleinkind bis zu den Grosseltern geeignet und leisten auch bei deinen Haustieren wertvolle Unterst\u00fctzung f\u00fcr das Wohlbefinden. Ausserdem sind sie perfekt f\u00fcr einen Haushalt mit der Kraft der reinen Natur.<\/p>\n<p>Du erh\u00e4ltst die \u00d6le zusammen mit dem doTERRA Essentials Booklet, das dir eine wertvolle und hilfreiche Lekt\u00fcre f\u00fcr die ersten Schritte in die Welt der \u00e4therischen \u00d6le bietet.<\/p>\n<p>Das doTERRA Home Essentials Kit enth\u00e4lt 6 Einzel\u00f6le sowie 4 spezielle doTERRA \u00d6lemischungen f\u00fcr die 4 wichtigsten Anwendungsbereiche. Selbstverst\u00e4ndlich k\u00f6nnen die Einzel\u00f6le auch miteinander gemischt angewendet werden. Je nach Anwendungsbereich k\u00f6nnen die \u00d6le \u00e4usserlich (topisch), \u00fcber das Atemsystem (inhaliert) oder innerlich angewendet werden. Da die lindernde Mischung (Deep Blue) nicht innerlich angewendet werden soll, hat sie einen speziellen Sicherheitsverschluss.<\/p>\n<p><strong>Inhalt:<\/strong><br \/>\nEinzel\u00f6le (15 ml): <br \/>\n1x Weihrauch ( Der K\u00f6nig der \u00d6le)<br \/>\n1x Lavendel (Der Entspannungsexperte)<br \/>\n1x Zitrone (F\u00fcr Fokus und Erfrischung)<br \/>\n1x Pfefferminze (Frischer Kopf und Geist)<br \/>\n1x Oregano (Der st\u00e4rkste Abwehr-Boost)<br \/>\n1x Teebaum (Der Allesreiniger)<\/p>\n<p>Mischungen (15 ml):<br \/>\n1x doTERRA OnGuard (Sch\u00fctzende Mischung)<br \/>\n1x doTERRA Air (Atemwegsmischung)<br \/>\n1x doTERRA ZenGest (Verdauungsmischung)<\/p>\n<p>Mischungen (5 ml): <br \/>\n1x doTERRA Deep Blue (Lindernde Mischung f\u00fcr den Bewegungsapparat)<\/p>\n<p>Zubeh\u00f6r: <br \/>\n1x Petal Diffuser (Formsch\u00f6n, stabil und leise)<\/p>\n<p>Mit diesem Set erh\u00e4ltst du die 3-fache Menge des Kleinen Allesk\u00f6nners zum 2-fachen Preis. Also ein optimales Preis-Leistungs-Verh\u00e4ltnis.<\/p>\n<p>Tipp: Um die Anwendungsm\u00f6glichkeiten der \u00d6le im Grossen Allesk\u00f6nner zu erweitern, empfehlen wir, das Fraktionierte Kokos\u00f6l zur Verd\u00fcnnung bei \u00e4usserer Anwendung bzw. die veganen Veggie Caps zur innerlichen Einnahme mitzubestellen.<\/p>\n<p><strong>Empfehlung<\/strong><br \/>\nBeachte die Empfehlungen bei den einzelnen Produkten.<\/p>\n<p><strong>Sichere Anwendung<br \/>\n<\/strong>Beachte die Hinweise bei den einzelnen Produkten.<\/p>\n","protected":false},"excerpt":{"rendered":"<h2 style=\"font-size: 28px;\">Grosse Allesk\u00f6nner mit Diffuser<\/h2>\n<p><span style=\"font-size: 28px; color: #e20000; font-weight: bold;\">42 % sparen<\/span><\/p>\n<p>doTERRA Home Essentials Kit oder die grossen Allesk\u00f6nner f\u00fcr den Einstieg in die fantastische Welt der \u00d6le, zusammen mit dem praktischen Petal-Diffusor. Mit den 10 wichtigsten \u00e4therischen \u00d6len und \u00d6lmischungen sind Sie zu Hause und unterwegs gut gewappnet.<\/p>\n<p>\u2713 Immunsystem \u2713 Verspannungen \u2713 Atemwege<br \/>\n\u2713 Verdauungssystem \u2713 Schlaf \u2713 Konzentration<br \/>\n\u2713 Emotionale Balance \u2713 Allgemeines Wohlbefinden<br \/>\n\u2713 Reinigung \u2713 Nervensystem \u2713 Schmerzen<br \/>\n\u2713 Und viele mehr<\/p>\n","protected":false},"featured_media":7196,"template":"","meta":{"_et_pb_use_builder":"","_et_pb_old_content":"","_et_gb_content_width":""},"product_cat":[15,49],"product_tag":[392,391],"_links":{"self":[{"href":"https:\/\/www.magnolioworld.com\/green-ch\/wp-json\/wp\/v2\/product\/738"}],"collection":[{"href":"https:\/\/www.magnolioworld.com\/green-ch\/wp-json\/wp\/v2\/product"}],"about":[{"href":"https:\/\/www.magnolioworld.com\/green-ch\/wp-json\/wp\/v2\/types\/product"}],"wp:featuredmedia":[{"embeddable":true,"href":"https:\/\/www.magnolioworld.com\/green-ch\/wp-json\/wp\/v2\/media\/7196"}],"wp:attachment":[{"href":"https:\/\/www.magnolioworld.com\/green-ch\/wp-json\/wp\/v2\/media?parent=738"}],"wp:term":[{"taxonomy":"product_cat","embeddable":true,"href":"https:\/\/www.magnolioworld.com\/green-ch\/wp-json\/wp\/v2\/product_cat?post=738"},{"taxonomy":"product_tag","embeddable":true,"href":"https:\/\/www.magnolioworld.com\/green-ch\/wp-json\/wp\/v2\/product_tag?post=738"}],"curies":[{"name":"wp","href":"https:\/\/api.w.org\/{rel}","templated":true}]}}