{"id":696,"date":"2020-04-22T14:01:22","date_gmt":"2020-04-22T12:01:22","guid":{"rendered":"https:\/\/www.magnolio.shop\/citrus-bliss-citrus-bliss-belebend\/"},"modified":"2025-11-17T15:15:30","modified_gmt":"2025-11-17T14:15:30","slug":"doterra-citrus-bliss","status":"publish","type":"product","link":"https:\/\/www.magnolioworld.com\/green-ch\/doterra-citrus-bliss\/","title":{"rendered":"doTERRA Citrus Bliss"},"content":{"rendered":"<p><strong>doTERRA Citrus Bliss<\/strong> &#8211; Kreativit\u00e4t und positive Stimmung<\/p>\n<p>Diese Mischung ist eine einzigartige Kombination verschiedener Zitrus\u00f6le. Sie verleiht der \u00e4therischen \u00d6lmischung<strong>\u00a0<\/strong> eine nat\u00fcrliche, kraftvolle reinigende Wirkung. Die Essenzen von Wild Orange, Lemon, Grapefruit, Red Mandarine, Bergamot, Green Mandarine, Lime mit einem Hauch Vanille-Absolue entfalten ihre volle Harmonie in dieser \u00e4therischen \u00d6lmischung.<\/p>\n<p>Emotional bewirkt diese Mischung eine Unterst\u00fctzung der Kreativit\u00e4t. Es hilft, unterdr\u00fcckte oder blockierte Kreativit\u00e4t freizusetzen und unterst\u00fctzt den Selbstausdruck. Au\u00dferdem schafft es emotionales Gleichgewicht und positiven Lebenswillen.<\/p>\n<p>Ideal im Diffuser zu zerst\u00e4uben oder \u00fcber die Pulspunkte intensiv zu inhalieren. Wundervoll auch als inspirierende Duftkreation f\u00fcr den Tag.<\/p>\n<p><strong>Empfehlung<br \/>\n<\/strong>Aromatisch: F\u00fcr angenehme, die Kreativit\u00e4t und Gute Laune f\u00f6rdernde Raumluft 3-4 Tropfen in den Diffuser geben. <br \/>\nTopisch: Starte mit guter Laune in den Tag und gib 1 -2 Tropfen Citrus Bliss mit Tr\u00e4ger\u00f6l verd\u00fcnnt auf die Fuss-Sohlen. Als entspannende Wohlf\u00fchlmassage 5 Tropfen mit 10 ml Tr\u00e4ger\u00f6l mischen. F\u00fcr ein Gute-Laune-Wellnessbad 5 Tropfen mit 5 ml Tr\u00e4ger\u00f6l bzw. Mandelmilch mischen. <br \/>\nAls Duftkreation 1 Tropfen mit 10 Tropfen Tr\u00e4ger\u00f6l mischen bzw. in diesem Mischungsverh\u00e4ltnis einen Roll-on erstellen.<\/p>\n<p><strong>Sichere Verwendung<\/strong><br \/>\nHautreizungen m\u00f6glich. Au\u00dferhalb der Reichweite von Kindern aufbewahren. Wenn du schwanger bist oder in \u00e4rztlicher Behandlung stehst, konsultiere bitte den Arzt. Kontakt mit Augen, Innenohren, Gesicht, empfindlichen Stellen und Schleimh\u00e4uten vermeiden. Mindestens 12 Stunden nach dem Auftragen Sonnenlicht und UV-Strahlen meiden. Nur zur \u00e4u\u00dferlichen Anwendung.<\/p>\n","protected":false},"excerpt":{"rendered":"<h2 style=\"font-size: 28px;\">Erfrischende Mischung<\/h2>\n<p>\u00a0doTERRA Citrus Bliss &#8211; Die belebende \u00d6lmischung wirkt Stimmung hebend und verschafft neue Kreativit\u00e4t. Eine gute Basis f\u00fcr einen positiven Tag. Ideal auch als Erg\u00e4nzung zu K\u00f6rperpflegeprodukten, f\u00fcr Wellness-Massagen oder einem Wohlf\u00fchlbad.<\/p>\n","protected":false},"featured_media":531,"template":"","meta":{"_et_pb_use_builder":"","_et_pb_old_content":"","_et_gb_content_width":""},"product_cat":[15,51,36,1951,1985],"product_tag":[292,293],"_links":{"self":[{"href":"https:\/\/www.magnolioworld.com\/green-ch\/wp-json\/wp\/v2\/product\/696"}],"collection":[{"href":"https:\/\/www.magnolioworld.com\/green-ch\/wp-json\/wp\/v2\/product"}],"about":[{"href":"https:\/\/www.magnolioworld.com\/green-ch\/wp-json\/wp\/v2\/types\/product"}],"wp:featuredmedia":[{"embeddable":true,"href":"https:\/\/www.magnolioworld.com\/green-ch\/wp-json\/wp\/v2\/media\/531"}],"wp:attachment":[{"href":"https:\/\/www.magnolioworld.com\/green-ch\/wp-json\/wp\/v2\/media?parent=696"}],"wp:term":[{"taxonomy":"product_cat","embeddable":true,"href":"https:\/\/www.magnolioworld.com\/green-ch\/wp-json\/wp\/v2\/product_cat?post=696"},{"taxonomy":"product_tag","embeddable":true,"href":"https:\/\/www.magnolioworld.com\/green-ch\/wp-json\/wp\/v2\/product_tag?post=696"}],"curies":[{"name":"wp","href":"https:\/\/api.w.org\/{rel}","templated":true}]}}