{"id":693,"date":"2020-04-22T14:01:22","date_gmt":"2020-04-22T12:01:22","guid":{"rendered":"https:\/\/www.magnolio.shop\/calmer-calmer-beruhigend\/"},"modified":"2025-11-17T17:39:54","modified_gmt":"2025-11-17T16:39:54","slug":"doterra-calmer","status":"publish","type":"product","link":"https:\/\/www.magnolioworld.com\/green-ch\/doterra-calmer\/","title":{"rendered":"doTERRA Calmer"},"content":{"rendered":"<p><strong>doTERRA Calmer &#8211;<\/strong> Erholung f\u00fcr kleine Seelen und Ruhe f\u00fcr den Tag<\/p>\n<p>Damit die Kleinen nicht immer von ihren Eltern die \u00d6le stibitzen m\u00fcssen, wurde speziell f\u00fcr ihre Bed\u00fcrfnisse eine Kinder Serie zusammengestellt. Dabei wurden scharfe und nicht kindgerechte \u00d6le in den Mischungen f\u00fcr Erwachsene durch leichtere, lieblichere und sanftere D\u00fcfte, wie z.B: Buddha Wood und Osmanthus ersetzt und so ideale Mischungen f\u00fcr die Kleinen geschafften.<\/p>\n<p>Die \u00d6lmischungen werden im kindgerechten und gebrauchsfertigen Touch angeboten, der gerade auch f\u00fcr unterwegs und in der Schule ideal zu benutzen ist.<\/p>\n<p>Mit der \u00d6lmischung <strong>doTERRA Calmer<\/strong> haben die Kleinen eine Erholungsoase immer und \u00fcberall dabei. So k\u00f6nnen sie sich nach einer stressigen Schulstunde oder sonstiger emotionaler Ersch\u00f6pfung schnell und nachhaltig ein Gef\u00fchl der Ruhe und Erholung bekommen. <br \/>\nDie \u00d6lmischung doTERRA Calmer unterst\u00fctzt auch wunderbar gegen Gef\u00fchle der Angst und Unsicherheit, Stimmungsschwankungen und innerer Anspannung. Aber auch bei Nervosit\u00e4t und Unruhe kann sie wunderbar ausgleichend wirken. Ideal auch vor dem Schlafengehen angewendet f\u00fcr einen ruhigen und erholsamen Schlaf.<br \/>\nSie besteht aus wertvollen \u00e4therischen \u00d6len wie Lavender, Buddha-Wood, Cananga und Roman Chamomile.<\/p>\n<p>Ideal angewendet auf den Fussohlen und Nacken oder \u00fcber die Handgelenke inhaliert.<\/p>\n<p>Daneben gibt es mittlerweile Duftmischungen f\u00fcr alle Herausforderungen der Kleinen:<\/p>\n<ul>\n<li>Ermutigende Mischung &#8211; doTERRA Brave<\/li>\n<li>Entspannende Mischung &#8211; doTERRA Rescuer<\/li>\n<li>Fokussierende Mischung &#8211; doTERRA Thinker<\/li>\n<li>St\u00e4rkende Mischung &#8211; doTERRA Stronger<\/li>\n<li>Verdauungsmischung &#8211; doTERRA Tamer<\/li>\n<li>Erholsame Mischung &#8211; doTERRA Calmer<\/li>\n<\/ul>\n<p>Nutze das kosteng\u00fcnstiges Set der Kinder-Kollektion (Kids Collection Kit) mit praktischer Tragetasche, bunten Karabinerhaken und Lernkarten.<\/p>\n<p>Dabei werden die \u00d6le in folgende Themenbereiche unterteilt:<\/p>\n<ul>\n<li>Mind &#8211; Geist (doTERRA Thinker\u00a0 &amp; doTERRA Calmer)<\/li>\n<li>Body &#8211; K\u00f6rper (doTERRA Stronger &amp; doTERRA Rescuer &amp; doTERRA Tamer)<\/li>\n<li>Heart &#8211; Herz\u00a0 (doTERRAS Steady &amp; doTERRA Brave)<\/li>\n<\/ul>\n<p>\n<strong>Empfehlung<br \/>\n<\/strong>Aromatisch: F\u00fcr ein Gef\u00fchl der Ruhe und friedlichen Atmosph\u00e4re die Mischung \u00fcber die Handgelenke inhalieren. Bei Bedarf \u00fcber den Tag wiederholen. Auf Diffuser-Schmuck, nat\u00fcrlichen Dolomit oder Diffuser-Steine aus Lava auftragen. <br \/>\nTopisch: F\u00fcr einen entspannten Tag die Mischung auf dem Nacken auftragen. Um einen friedlichen und erholsamen Schlaf zu erm\u00f6gliche, die Mischung auf der Unterseite der F\u00fcsse auftragen. Bestimmt f\u00fcr die Verwendung unter Aufsicht eines Erwachsenen.<\/p>\n<div class=\"product-uses__directions-for-use\">\n<div class=\"product-uses__directions-for-use-item\">\n<div class=\"product-uses__directions-for-use-copy\"><strong>Sichere Verwendung<\/strong><br \/>\nHautreizungen m\u00f6glich. Au\u00dferhalb der Reichweite von Kindern unter 3 Jahren aufbewahren. Wenn du schwanger bist oder in \u00e4rztlicher Behandlung stehst, konsultiere bitte den Arzt. Kontakt mit Augen, Innenohren, Gesicht, empfindlichen Stellen und Schleimh\u00e4uten vermeiden. Nur zur \u00e4u\u00dferlichen Anwendung.<\/div>\n<\/div>\n<\/div>\n","protected":false},"excerpt":{"rendered":"<h2 style=\"font-size: 28px;\">Erholsame Mischung f\u00fcr Kinder<\/h2>\n<p>doTERRA Calmer &#8211; Erholung f\u00fcr kleine Seelen und Ruhe f\u00fcr den Tag. Mit der \u00d6lmischung Calmer haben die Kleinen eine Erholungsoase im praktischen gebrauchsfertigen Touch immer und \u00fcberall dabei.<\/p>\n","protected":false},"featured_media":3189,"template":"","meta":{"_et_pb_use_builder":"","_et_pb_old_content":"","_et_gb_content_width":""},"product_cat":[15,51,38,46,45,1940,1959,1976,1984],"product_tag":[286,287],"_links":{"self":[{"href":"https:\/\/www.magnolioworld.com\/green-ch\/wp-json\/wp\/v2\/product\/693"}],"collection":[{"href":"https:\/\/www.magnolioworld.com\/green-ch\/wp-json\/wp\/v2\/product"}],"about":[{"href":"https:\/\/www.magnolioworld.com\/green-ch\/wp-json\/wp\/v2\/types\/product"}],"wp:featuredmedia":[{"embeddable":true,"href":"https:\/\/www.magnolioworld.com\/green-ch\/wp-json\/wp\/v2\/media\/3189"}],"wp:attachment":[{"href":"https:\/\/www.magnolioworld.com\/green-ch\/wp-json\/wp\/v2\/media?parent=693"}],"wp:term":[{"taxonomy":"product_cat","embeddable":true,"href":"https:\/\/www.magnolioworld.com\/green-ch\/wp-json\/wp\/v2\/product_cat?post=693"},{"taxonomy":"product_tag","embeddable":true,"href":"https:\/\/www.magnolioworld.com\/green-ch\/wp-json\/wp\/v2\/product_tag?post=693"}],"curies":[{"name":"wp","href":"https:\/\/api.w.org\/{rel}","templated":true}]}}