{"id":667,"date":"2020-04-22T14:01:16","date_gmt":"2020-04-22T12:01:16","guid":{"rendered":"https:\/\/www.magnolio.shop\/thyme-thymian\/"},"modified":"2025-11-17T16:17:35","modified_gmt":"2025-11-17T15:17:35","slug":"thymianoel-doterra-thyme","status":"publish","type":"product","link":"https:\/\/www.magnolioworld.com\/green-ch\/thymianoel-doterra-thyme\/","title":{"rendered":"Thymian\u00f6l &#8211; doTERRA Thyme"},"content":{"rendered":"<p><strong>doTERRA Thyme<\/strong> &#8211; Das \u00d6l des Loslassens und des Neuanfangs <\/p>\n<p>Der Echte Thymian ist ein bis zu 40 cm hoher stark verzweigter Halbstrauch, der urspr\u00fcnglich aus dem westeurop\u00e4ischen Mittelmeerraum stammt. <\/p>\n<p>Das antibakteriell und antiviral wirkende \u00e4therische \u00d6l wird aus den Bl\u00e4ttern destilliert. Das kr\u00e4ftige Aroma von Thymian kann als warm und krautig beschrieben werden. Dem Thymian wird reinigende und kl\u00e4rende Wirkung auf Haut und Atmungsorgane zugesprochen.<\/p>\n<p><strong>doTERRA Thyme<\/strong> &#8211; das \u00d6l f\u00fcr diese Zeiten des Wandels und des Umbruchs.<\/p>\n<p><strong>Empfehlung<br \/>\n<\/strong>Aromatisch: Gib\u00a0 3-4 Tropfen des \u00d6l zum vernebeln in den Diffuser oder inhaliere es direkt aus der Flasche oder \u00fcber die Handgelenke.<br \/>\nInnerlich: Gib doTERRA Thyme zur Verfeinerung von Speisen anstelle von frischen Thymian oder getrocknetem Thymian dazu. Beachte: Weniger ist mehr. Oft reicht schon eine winzige Menge des \u00d6ls (Zahnstocherspitze).<br \/>\nNimm zur St\u00e4rkung des Atem-und Immunsystems Sie 1 Tropfen auf 125 ml Wasser bzw. in einer veganen Kapsel.<\/p>\n<p><strong>Sichere Verwendung<\/strong><br \/>\nAu\u00dferhalb der Reichweite von Kindern aufbewahren. Innerlich maximal 1 Tropfen t\u00e4glich verwenden. Wenn du schwanger bist oder in \u00e4rztlicher Behandlung stehst, konsultiere bitte deinen Arzt. Kontakt mit Augen, Innenohren, Gesicht, empfindlichen Stellen und Schleimh\u00e4uten vermeiden.Topisch bitte die \u00d6le stets mit Tr\u00e4ger\u00f6l (z.B. fraktioniertem Kokos\u00f6l) verd\u00fcnnen.<\/p>\n","protected":false},"excerpt":{"rendered":"<h2 style=\"font-size: 28px;\">Das \u00d6l des Loslassens<\/h2>\n<p>doTERRA Thyme &#8211; Ist ein guter Begleiter in der tristen Erk\u00e4ltungszeit. Ideal auch zum Verfeinern von Speisen. Emotional ist es das wichtigste \u00d6l des Loslassens und Neubeginns &#8211; so wertvoll in diesen Zeiten.<\/p>\n","protected":false},"featured_media":603,"template":"","meta":{"_et_pb_use_builder":"","_et_pb_old_content":"","_et_gb_content_width":""},"product_cat":[15,50,37,1938,1954,1955],"product_tag":[215,216],"_links":{"self":[{"href":"https:\/\/www.magnolioworld.com\/green-ch\/wp-json\/wp\/v2\/product\/667"}],"collection":[{"href":"https:\/\/www.magnolioworld.com\/green-ch\/wp-json\/wp\/v2\/product"}],"about":[{"href":"https:\/\/www.magnolioworld.com\/green-ch\/wp-json\/wp\/v2\/types\/product"}],"wp:featuredmedia":[{"embeddable":true,"href":"https:\/\/www.magnolioworld.com\/green-ch\/wp-json\/wp\/v2\/media\/603"}],"wp:attachment":[{"href":"https:\/\/www.magnolioworld.com\/green-ch\/wp-json\/wp\/v2\/media?parent=667"}],"wp:term":[{"taxonomy":"product_cat","embeddable":true,"href":"https:\/\/www.magnolioworld.com\/green-ch\/wp-json\/wp\/v2\/product_cat?post=667"},{"taxonomy":"product_tag","embeddable":true,"href":"https:\/\/www.magnolioworld.com\/green-ch\/wp-json\/wp\/v2\/product_tag?post=667"}],"curies":[{"name":"wp","href":"https:\/\/api.w.org\/{rel}","templated":true}]}}