{"id":666,"date":"2020-04-22T14:01:16","date_gmt":"2020-04-22T12:01:16","guid":{"rendered":"https:\/\/www.magnolio.shop\/tangerine-mandarine\/"},"modified":"2025-11-17T16:56:31","modified_gmt":"2025-11-17T15:56:31","slug":"mandarinenoel-doterra-tangerine","status":"publish","type":"product","link":"https:\/\/www.magnolioworld.com\/green-ch\/mandarinenoel-doterra-tangerine\/","title":{"rendered":"Mandarinen\u00f6l &#8211; doTERRA Tangerine"},"content":{"rendered":"<p><strong>doTERRA Tangerine<\/strong> &#8211; Das \u00d6l der Lebensfreude<\/p>\n<p>Die Mandarine ist ein kleiner immergr\u00fcner Baum aus der Gattung der Zitruspflanzen. Das aus der Fruchtschale destillierte \u00e4therische <strong>doTERRA Tangerine <\/strong>hat ein frisches s\u00fc\u00dflich herbes Aroma, das anregend und erheben wirkt. Dieses \u00d6l ist ein ausgezeichnetes \u00e4therisches \u00d6l zum Abbau von Stress und Angst, ebenso reich an dem Antioxidans D-Limone.<\/p>\n<p>Das \u00d6l ist ideal, um die Stimmung zu heben und negative Emotionen ins Gegenteil zu verkehren. Daf\u00fcr das \u00d6l auf die Pulspunkte inhalieren oder im Diffuser zu vernebeln.<\/p>\n<p><strong>Empfehlung<\/strong><br \/>\nAromatisch: Vernebele 3-4 Tropfen in einem Diffuser f\u00fcr ein Gef\u00fchl der Leichtigkeit und Lebensfreude.<br \/>\nInnerlich: Gib 1 Tropfen auf 125 ml Fl\u00fcssigkeit. doTERRA Tangerine ist auch ideal zur Verfeinerung von Backwaren, Desserts und Getr\u00e4nken sowie f\u00fcr exotische Mixgetr\u00e4nke. Zusammen mit Zitronenlimonade kann auch ein erfrischendes Eis am Stiel hergestellt werden.<\/p>\n<p><strong>Sichere Verwendung<\/strong><br \/>\nAu\u00dferhalb der Reichweite von Kindern aufbewahren. Wenn Du schwanger bist oder in \u00e4rztlicher Behandlung stehst, konsultiere bitte Deinen Arzt. Kontakt mit Augen, Innenohren, Gesicht, empfindlichen Stellen und Schleimh\u00e4uten vermeiden.Topisch bitte die \u00d6le stets mit Tr\u00e4ger\u00f6l (z.B. fraktioniertem Kokos\u00f6l) verd\u00fcnnen. Da Zitrus\u00f6le photosensitiv sind, nach Hautkontakt mindestens 12 Stunden lang keiner Sonne und UV-Strahlung aussetzen.<\/p>\n","protected":false},"excerpt":{"rendered":"<h2 style=\"font-size: 28px;\">Das \u00d6l der Lebensfreude<\/h2>\n<p>doTERRA Tangerine &#8211; Schafft ein Gef\u00fchl von Frieden und Gl\u00fcck und befreit von Stress und Angst. Es hilft, negative Emotionen ins Gegenteil zu verkehren und reine Lebensfreude zu versp\u00fcren. Ideal auch zur Verfeinerung von Mixgetr\u00e4nken und Desserts.<\/p>\n","protected":false},"featured_media":3155,"template":"","meta":{"_et_pb_use_builder":"","_et_pb_old_content":"","_et_gb_content_width":""},"product_cat":[15,50,36,1937,1938,1951],"product_tag":[214,213],"_links":{"self":[{"href":"https:\/\/www.magnolioworld.com\/green-ch\/wp-json\/wp\/v2\/product\/666"}],"collection":[{"href":"https:\/\/www.magnolioworld.com\/green-ch\/wp-json\/wp\/v2\/product"}],"about":[{"href":"https:\/\/www.magnolioworld.com\/green-ch\/wp-json\/wp\/v2\/types\/product"}],"wp:featuredmedia":[{"embeddable":true,"href":"https:\/\/www.magnolioworld.com\/green-ch\/wp-json\/wp\/v2\/media\/3155"}],"wp:attachment":[{"href":"https:\/\/www.magnolioworld.com\/green-ch\/wp-json\/wp\/v2\/media?parent=666"}],"wp:term":[{"taxonomy":"product_cat","embeddable":true,"href":"https:\/\/www.magnolioworld.com\/green-ch\/wp-json\/wp\/v2\/product_cat?post=666"},{"taxonomy":"product_tag","embeddable":true,"href":"https:\/\/www.magnolioworld.com\/green-ch\/wp-json\/wp\/v2\/product_tag?post=666"}],"curies":[{"name":"wp","href":"https:\/\/api.w.org\/{rel}","templated":true}]}}