{"id":661,"date":"2020-04-22T14:01:15","date_gmt":"2020-04-22T12:01:15","guid":{"rendered":"https:\/\/www.magnolio.shop\/rosemary-rosmarin\/"},"modified":"2025-11-17T14:22:20","modified_gmt":"2025-11-17T13:22:20","slug":"rosmarinoel-doterra-rosemary","status":"publish","type":"product","link":"https:\/\/www.magnolioworld.com\/green-ch\/rosmarinoel-doterra-rosemary\/","title":{"rendered":"Rosmarin\u00f6l &#8211; doTERRA Rosemary"},"content":{"rendered":"<p><strong>doTERRA Rosemary<\/strong> &#8211; Das w\u00e4rmende Wohlf\u00fchlerlebnis<\/p>\n<p>Rosmarin ist ein bis 2 Meter hoher buschig verzweigter und immergr\u00fcner Strauch, der intensiv krautartig duftet. F\u00fcr das \u00e4therische doTERRA Rosemary werden Nadeln destilliert. <\/p>\n<p>Rosmarin ist eine uralte Heil- und Gew\u00fcrzpflanze, die wohl in jeder K\u00fcche Verwendung findet, insbesondere bei Fleischgerichten. Die Naturheilkunde setzt \u00e4therisches Rosmarin\u00f6l vielf\u00e4ltig ein, z.B. bei Erm\u00fcdung und bei Beschwerden mit der Haut und bei Unp\u00e4sslichkeiten am Herz. <\/p>\n<p><strong>Empfehlung<br \/>\n<\/strong>Aromatisch: Gib\u00a0 3-4 Tropfen des \u00d6l zum Vernebeln in den Diffuser oder inhaliere das \u00d6l direkt aus der Flasche oder \u00fcber die Pulspunkte.<br \/>\nInnerlich: Gib Rosmarin\u00f6l zur Verfeinerung von Fleischgerichten, Kartoffelp\u00fcree oder italienischen Gerichten anstelle von frischem oder getrocknetem Rosmarin dazu. Beachte: Weniger ist mehr. Oft reicht schon eine winzige Menge des \u00d6ls (Zahnstocherspitze).<br \/>\nNimm 1 Tropfen auf 125 ml Wasser bzw. in einer veganen Kapsel.<\/p>\n<p><strong>Sichere Verwendung<\/strong><br \/>\nBitte achte darauf, innerlich nicht mehr als 1 Tropfen am Tag zu verwenden. Au\u00dferhalb der Reichweite von Kindern aufbewahren. Wenn Du schwanger oder in \u00e4rztlicher Behandlung bist, konsultiere bitte Deinen Arzt. Kontakt mit Augen, Innenohren, Gesicht, empfindlichen Stellen und Schleimh\u00e4uten vermeiden. Das \u00d6l bei topischer Anwendung steht mit Tr\u00e4ger\u00f6l (z.B. fraktioniertem Kokos\u00f6l) verd\u00fcnnen.<\/p>\n","protected":false},"excerpt":{"rendered":"<h2 style=\"font-size: 28px;\">Das \u00d6l des Wissens und des \u00dcbergangs<\/h2>\n<p>doTERRA Rosemary &#8211; Ist ideal zum Verfeinern von Fleischgerichten und italienischen Speisen. Aromatisch sorgt es f\u00fcr ein w\u00e4rmendes und gesch\u00fctztes Gef\u00fchl. Emotional hilft es, das Erlernte in den Lernspeicher zu verankern. Au\u00dferdem erleichtert es \u00dcbergangsprozesse im Leben.<\/p>\n","protected":false},"featured_media":594,"template":"","meta":{"_et_pb_use_builder":"","_et_pb_old_content":"","_et_gb_content_width":""},"product_cat":[15,50,38,43,46,2110,1938,1974,1978],"product_tag":[203,204],"_links":{"self":[{"href":"https:\/\/www.magnolioworld.com\/green-ch\/wp-json\/wp\/v2\/product\/661"}],"collection":[{"href":"https:\/\/www.magnolioworld.com\/green-ch\/wp-json\/wp\/v2\/product"}],"about":[{"href":"https:\/\/www.magnolioworld.com\/green-ch\/wp-json\/wp\/v2\/types\/product"}],"wp:featuredmedia":[{"embeddable":true,"href":"https:\/\/www.magnolioworld.com\/green-ch\/wp-json\/wp\/v2\/media\/594"}],"wp:attachment":[{"href":"https:\/\/www.magnolioworld.com\/green-ch\/wp-json\/wp\/v2\/media?parent=661"}],"wp:term":[{"taxonomy":"product_cat","embeddable":true,"href":"https:\/\/www.magnolioworld.com\/green-ch\/wp-json\/wp\/v2\/product_cat?post=661"},{"taxonomy":"product_tag","embeddable":true,"href":"https:\/\/www.magnolioworld.com\/green-ch\/wp-json\/wp\/v2\/product_tag?post=661"}],"curies":[{"name":"wp","href":"https:\/\/api.w.org\/{rel}","templated":true}]}}