{"id":660,"date":"2020-04-22T14:01:15","date_gmt":"2020-04-22T12:01:15","guid":{"rendered":"https:\/\/www.magnolio.shop\/rose-touch-rose\/"},"modified":"2024-02-01T19:42:53","modified_gmt":"2024-02-01T18:42:53","slug":"rosen-roll-on-doterra-rose-touch","status":"publish","type":"product","link":"https:\/\/www.magnolioworld.com\/green-ch\/rosen-roll-on-doterra-rose-touch\/","title":{"rendered":"Rosen Roll-On &#8211; doTERRA Rose Touch"},"content":{"rendered":"<p><strong>doTERRA Rose Touch<\/strong> &#8211; Die K\u00f6nigin der \u00d6le im gebrauchsfertigen Touch f\u00fcr unterwegs.<\/p>\n<p>Die Damaszener-Rose ist eine schon in der Antike in Kleinasien kultivierte Rosenart, die mit den Kreuzrittern nach Europa kam. Die leicht kletterrosenartige Pflanze mit rosa Bl\u00fcten hat einen floral s\u00fc\u00dfen und bet\u00f6renden Duft, der stimulierende und anregende Eigenschaften hat. <\/p>\n<p>Im weltweit gr\u00f6\u00dften Anbaugebiet in Bulgarien werden j\u00e4hrlich rund 1,5 Tonnen \u00e4therisches Rosen\u00f6l destilliert und finden von dort den Weg in die Parf\u00fcmerie und biologische Medizin. Im Touch ist dieses besonders kostbare \u00e4therische \u00d6l mit fraktionierten Kokos\u00f6l gebrauchsfertig kombiniert.<br \/>\n\u00a0<br \/>\nSo hast du im doTERRA Rose Touch die hochfrequente \u00d6lmischung, die dein Herz zum Schwingen bringt, immer dabei. <\/p>\n<p><strong>Empfehlung<br \/>\n<\/strong>Aromatisch: F\u00fcr mehr Energie und positives Lebensgef\u00fchl \u00fcber die Handgelenke tief inhalieren.<br \/>\nTopisch: F\u00fcr ein herzerw\u00e4rmendes Gef\u00fchl diesen Touch auf die Handgelenke, das Herzchakra und hinter die Ohren geben.<br \/>\nIdeal auch als luxuri\u00f6ses Parf\u00fcm.<\/p>\n<p><strong>Sichere Verwendung<\/strong><br \/>\nAu\u00dferhalb der Reichweite von Kindern aufbewahren. Wenn du schwanger oder in \u00e4rztlicher Behandlung bist, konsultiere bitte deinen Arzt. Kontakt mit Augen, Innenohren, Gesicht, empfindlichen Stellen und Schleimh\u00e4uten vermeiden.<\/p>\n","protected":false},"excerpt":{"rendered":"<h2 style=\"font-size: 28px;\">Die K\u00f6nigin der \u00d6le &#8211; To go<\/h2>\n<p>doTERRA Rose Touch &#8211; Die K\u00f6nigin der \u00d6le ist in diesem Touch als besonders kostbares \u00e4therisches \u00d6l gebrauchsfertig mit fraktionierten Kokos\u00f6l kombiniert. Rosen Roll-On &#8211; So haben Sie die hochfrequente \u00d6lmischung, die Ihr Herz zum Schwingen bringt, immer dabei. ist auch ein besonders wertvollen Mensch, der einem am Herzen liegt.<\/p>\n","protected":false},"featured_media":3153,"template":"","meta":{"_et_pb_use_builder":"","_et_pb_old_content":"","_et_gb_content_width":""},"product_cat":[15,50,38,1939,1941,1968],"product_tag":[202,201],"_links":{"self":[{"href":"https:\/\/www.magnolioworld.com\/green-ch\/wp-json\/wp\/v2\/product\/660"}],"collection":[{"href":"https:\/\/www.magnolioworld.com\/green-ch\/wp-json\/wp\/v2\/product"}],"about":[{"href":"https:\/\/www.magnolioworld.com\/green-ch\/wp-json\/wp\/v2\/types\/product"}],"wp:featuredmedia":[{"embeddable":true,"href":"https:\/\/www.magnolioworld.com\/green-ch\/wp-json\/wp\/v2\/media\/3153"}],"wp:attachment":[{"href":"https:\/\/www.magnolioworld.com\/green-ch\/wp-json\/wp\/v2\/media?parent=660"}],"wp:term":[{"taxonomy":"product_cat","embeddable":true,"href":"https:\/\/www.magnolioworld.com\/green-ch\/wp-json\/wp\/v2\/product_cat?post=660"},{"taxonomy":"product_tag","embeddable":true,"href":"https:\/\/www.magnolioworld.com\/green-ch\/wp-json\/wp\/v2\/product_tag?post=660"}],"curies":[{"name":"wp","href":"https:\/\/api.w.org\/{rel}","templated":true}]}}