{"id":653,"date":"2020-04-22T14:01:15","date_gmt":"2020-04-22T12:01:15","guid":{"rendered":"https:\/\/www.magnolio.shop\/melissa-zitronenmelisse\/"},"modified":"2024-02-01T19:27:58","modified_gmt":"2024-02-01T18:27:58","slug":"melissenoel-doterra-melissa","status":"publish","type":"product","link":"https:\/\/www.magnolioworld.com\/green-ch\/melissenoel-doterra-melissa\/","title":{"rendered":"Melissen\u00f6l &#8211; doTERRA Melissa"},"content":{"rendered":"<p><strong>doTERRA Melissa<\/strong> &#8211; Das \u00d6l der Erhebung und des leichten Geistes<\/p>\n<p>Zitronenmelisse ist eine ausdauernde, krautige Pflanze mit kleinen wei\u00dfen Bl\u00fcten. Die Wuchsh\u00f6he reicht bis ca. 1 Meter. Sie duftet s\u00fc\u00dflich frisch und zitronig. Die Zusammensetzung des aus den Bl\u00e4ttern und Spitzen hergestellten \u00e4therischen \u00d6ls h\u00e4ngt stark von Herkunft, Klimabedingungen, Erntezeitpunkt und Alter der Pflanze ab. Der Anteil \u00e4therischen \u00d6ls betr\u00e4gt nur 0,5 bis 3 Promille.Selbstverst\u00e4ndlich d\u00fcrfen dabei nur Pflanzenmaterial der Melissa officinalis verwendet werden. F\u00fcr 5 ml doTERRA Melissa werden ca. 11 kg Bl\u00e4tter ben\u00f6tigt. All dies macht das \u00e4therische <strong>doTERRA Melissa<\/strong> kostenintensiv. <\/p>\n<p>Das \u00d6l bietet eine gro\u00dfe Vielzahl an Vorteilen und Anwendungsm\u00f6glichkeiten, gerade bei Anspannung, Nervosit\u00e4t und negativen Stimmungen wirkt sie ausgleichend. Zudem findet Melissen\u00f6l Anwendung bei Haut-, Atemwegs- und Magenirritationen.<\/p>\n<p>doTERRA Melissen\u00f6l bringt schnell Licht in ihre Seele und Geist und schafft es, Dich vertrauensvoll in die Zukunft gehen zu lassen. Es ist deshalb wunderbar f\u00fcr Coaching und therapeutische Arbeit geeignet.<\/p>\n<p><strong>Empfehlung<\/strong><br \/>\nAromatisch: Vernebele\u00a0 3-4 Tropfen f\u00fcr ein Gef\u00fchl der Leichtigkeit und des Wohlbefindens. Ideal auch zur Unterst\u00fctzung eines wohltuend ruhigen Schlafes. F\u00fcr eine optimale emotionale Wirkung das \u00d6l \u00fcber die Pulspunkte oder Handfl\u00e4chen inhalieren.<br \/>\nTopisch: Nutze die verj\u00fcngende und erfrischende Wirkung zur Gesichtspflege, indem Du das \u00d6l Deiner Feuchtigkeitscreme und der Gesichtslotion zuf\u00fcgst. Zur F\u00f6rderung des emotionalen Wohlbefindens verd\u00fcnnt auf Stirn, Schulter und den Brustbereich auftragen.<br \/>\nF\u00fcr eine entspannende Massage nach einem langen Tag 5 Tropfen mit Tr\u00e4ger\u00f6l mischen und genie\u00dfen. Als wohltuendes Wellness-Bad 5 Tropfen mit 5 ml Tr\u00e4ger\u00f6l bzw. Mandelmilch oder Sahne mischen.<br \/>\nKann auch f\u00fcr mehr Leichtigkeit und Licht zusammen mit Wasser als Auraspray verwendet werden.<\/p>\n<p><strong>Sichere Verwendung<\/strong><br \/>\nKann Hautreizungen verursachen. Au\u00dferhalb der Reichweite von Kindern aufbewahren. Wenn Du schwanger bist oder in \u00e4rztlicher Behandlung stehst, konsultiere bitte Deinen Arzt. Kontakt mit Augen, Innenohren, Gesicht, empfindlichen Stellen und Schleimh\u00e4uten vermeiden.Topisch bitte die \u00d6le stets mit Tr\u00e4ger\u00f6l (z.B. fraktioniertem Kokos\u00f6l) verd\u00fcnnen.<\/p>\n","protected":false},"excerpt":{"rendered":"<h2 style=\"font-size: 28px;\">Das \u00d6l des Lichts<\/h2>\n<p>doTERRA Melissa &#8211; F\u00fcr mehr emotionale Balance mit Tr\u00e4ger\u00f6l auf die Schl\u00e4fen und auf den Nacken auftragen bzw. \u00fcber die Handfl\u00e4chen oder Pulspunkte auftragen und tief inhalieren. Emotional bringt Melissen\u00f6l selbst in dunkelsten Stunden Licht und Hoffnung.<\/p>\n","protected":false},"featured_media":576,"template":"","meta":{"_et_pb_use_builder":"","_et_pb_old_content":"","_et_gb_content_width":""},"product_cat":[15,50,38],"product_tag":[187,188],"_links":{"self":[{"href":"https:\/\/www.magnolioworld.com\/green-ch\/wp-json\/wp\/v2\/product\/653"}],"collection":[{"href":"https:\/\/www.magnolioworld.com\/green-ch\/wp-json\/wp\/v2\/product"}],"about":[{"href":"https:\/\/www.magnolioworld.com\/green-ch\/wp-json\/wp\/v2\/types\/product"}],"wp:featuredmedia":[{"embeddable":true,"href":"https:\/\/www.magnolioworld.com\/green-ch\/wp-json\/wp\/v2\/media\/576"}],"wp:attachment":[{"href":"https:\/\/www.magnolioworld.com\/green-ch\/wp-json\/wp\/v2\/media?parent=653"}],"wp:term":[{"taxonomy":"product_cat","embeddable":true,"href":"https:\/\/www.magnolioworld.com\/green-ch\/wp-json\/wp\/v2\/product_cat?post=653"},{"taxonomy":"product_tag","embeddable":true,"href":"https:\/\/www.magnolioworld.com\/green-ch\/wp-json\/wp\/v2\/product_tag?post=653"}],"curies":[{"name":"wp","href":"https:\/\/api.w.org\/{rel}","templated":true}]}}