{"id":647,"date":"2020-04-22T14:01:09","date_gmt":"2020-04-22T12:01:09","guid":{"rendered":"https:\/\/www.magnolio.shop\/jasmine-touch-jasmin-touch\/"},"modified":"2025-11-17T15:38:04","modified_gmt":"2025-11-17T14:38:04","slug":"jasmin-roll-on-doterra-jasmine-touch","status":"publish","type":"product","link":"https:\/\/www.magnolioworld.com\/green-ch\/jasmin-roll-on-doterra-jasmine-touch\/","title":{"rendered":"Jasmin Roll-On &#8211; doTERRA Jasmine Touch"},"content":{"rendered":"<p><strong>doTERRA Jasmine Touch<\/strong>\u00a0&#8211; Das blumige Geruchserlebnis pur<\/p>\n<p>Jasmin ist ein \u00fcber 10 Meter hochwachsendes Klettergew\u00e4chs mit wei\u00dfen, sternf\u00f6rmigen Bl\u00fcten. Sein intensiver Duft macht es zur &#8220;K\u00f6nigin der Blumen&#8221;. Das \u00e4therische \u00d6l ist f\u00fcr seine positive Wirkung auf die Haut bekannt, hilft bei der Verminderung von Hautunreinheiten und verleiht einen gesunden, strahlenden Teint. Auf die Reflexpunkte aufgetragen beruhigt es, verleiht durch sein euphorisches Aroma Optimismus. Allgemein ist Jasmin f\u00fcr seine positive Wirkung auf Haut und K\u00f6rperempfinden bekannt, f\u00f6rdert zudem das Selbstbewusstsein. <\/p>\n<p>Hier im gebrauchsfertigen Roll-On f\u00fcr unterwegs. doTERRA Jasmine Touch eignet sich auch hervorragend als Parf\u00fcm. <\/p>\n<p><strong>Empfehlung<\/strong><br \/>\nAromatisch: Zur Hebung der Stimmung und allgemeinem Wohlbefinden den Touch \u00fcber die Pulspunkte bzw. die Handfl\u00e4chen inhalieren.<br \/>\nTopisch: In den Nacken bzw. die Fu\u00dfreflexzonen und die gew\u00fcnschten Chakren auftragen.<br \/>\nAls exotisches Parf\u00fcm zu verwenden.<\/p>\n<p><strong>Sichere Verwendung<\/strong><br \/>\nAu\u00dferhalb der Reichweite von Kindern aufbewahren. Wenn Du schwanger bist oder in \u00e4rztlicher Behandlung stehst, konsultiere bitte Deinen Arzt. Kontakt mit Augen, Innenohren, Gesicht, empfindlichen Stellen und Schleimh\u00e4uten vermeiden.<strong><br \/>\n<\/strong><\/p>\n","protected":false},"excerpt":{"rendered":"<h2 style=\"font-size: 28px;\">Ein exotischer Bl\u00fctentraum<\/h2>\n<p>doTERRA Jasmine Touch &#8211; Das blumige Geruchserlebnis pur. Zur Stimmungshebung den Touch morgens auf Fu\u00dfsohlen und Reflexpunkte auftragen oder als Parfum, das Dich wie ein exotischer Bl\u00fctentraum umh\u00fcllt.<\/p>\n","protected":false},"featured_media":3144,"template":"","meta":{"_et_pb_use_builder":"","_et_pb_old_content":"","_et_gb_content_width":""},"product_cat":[15,50,42,1939,1941,1968],"product_tag":[148,147],"_links":{"self":[{"href":"https:\/\/www.magnolioworld.com\/green-ch\/wp-json\/wp\/v2\/product\/647"}],"collection":[{"href":"https:\/\/www.magnolioworld.com\/green-ch\/wp-json\/wp\/v2\/product"}],"about":[{"href":"https:\/\/www.magnolioworld.com\/green-ch\/wp-json\/wp\/v2\/types\/product"}],"wp:featuredmedia":[{"embeddable":true,"href":"https:\/\/www.magnolioworld.com\/green-ch\/wp-json\/wp\/v2\/media\/3144"}],"wp:attachment":[{"href":"https:\/\/www.magnolioworld.com\/green-ch\/wp-json\/wp\/v2\/media?parent=647"}],"wp:term":[{"taxonomy":"product_cat","embeddable":true,"href":"https:\/\/www.magnolioworld.com\/green-ch\/wp-json\/wp\/v2\/product_cat?post=647"},{"taxonomy":"product_tag","embeddable":true,"href":"https:\/\/www.magnolioworld.com\/green-ch\/wp-json\/wp\/v2\/product_tag?post=647"}],"curies":[{"name":"wp","href":"https:\/\/api.w.org\/{rel}","templated":true}]}}