{"id":619,"date":"2020-04-21T16:39:17","date_gmt":"2020-04-21T14:39:17","guid":{"rendered":"https:\/\/www.magnolio.shop\/arborvitae-lebensbaum\/"},"modified":"2024-02-01T18:26:06","modified_gmt":"2024-02-01T17:26:06","slug":"lebensbaumoel-doterra-arborvitae","status":"publish","type":"product","link":"https:\/\/www.magnolioworld.com\/green-ch\/lebensbaumoel-doterra-arborvitae\/","title":{"rendered":"Lebensbaum\u00f6l &#8211; doTERRA Arborvitae"},"content":{"rendered":"<p><strong>doTERRA Arbovitae <\/strong>&#8211; Erdung, Kraft und neue Lebensenergie<\/p>\n<p>Arborvitae oder der \u201eLebensbaum\u201c ist von majest\u00e4tischer Gr\u00f6\u00dfe und zeichnet sich durch zahlreiche gesundheitsf\u00f6rdernde Eigenschaften aus. Das \u00e4therische \u00d6l <strong>doTERRA Arbovitae<\/strong> wird aus dem Kernholz der Thuja plicata gewonnen. In Nordamerika, wo der Baum vor allem in Kanada und der nordwestlichen Region der USA heimisch ist, ist er bekannt als \u201eWestliche Rotzeder\u201c.<\/p>\n<p>Das Lebensbaum\u00f6l ist aufgrund seiner hohen Konzentration an Methylthujat einzigartig. Die Herstellung des \u00e4therischen \u00d6ls erfolgt auf innovative und umweltschonende Weise durch die Destillation von Restholzmaterialien. So wird sichergestellt, dass f\u00fcr die Produktion kein Baum unn\u00f6tig gef\u00e4llt wird. Die Ureinwohner des heutigen Kanadas nutzten den Arborvitae-Baum sehr vielseitig, vor allem zu gesundheitlichen Zwecken, zum Bau von Booten sowie zur Herstellung von Totempf\u00e4hlen, K\u00f6rben und Kleidung.<\/p>\n<p>doTERRA Arborvitae hat zahlreiche gesundheitsf\u00f6rdernde Eigenschaften. Es gibt Erdung, Kraft und neue Lebensenergie. Es hilft f\u00fcr die Anbindung an das H\u00f6here Selbst und ist deshalb gerade auch f\u00fcr Meditation und spirituelle Arbeit eine Bereicherung. Ideal im Diffuser zu verwenden.<\/p>\n<p><strong>Empfehlung<\/strong><br \/>\nAromatisch: Vernebele 3-4 Tropfen doTERRA Arborvitae in einem Diffuser. Ideal zusammen mit Zedernholz und Weihrauch zur Meditation und Erh\u00f6hung der Achtsamkeit. <br \/>\nTopisch:\u00a0 Ideal als Motivation bei Sport auf Hand- und Fu\u00dfgelenke bzw. \u00fcber die Pulspunkte f\u00fcr eine entspannte Yoga-Praxis. <br \/>\nAls entspannende Massage 5 Tropfen mit 10 ml Tr\u00e4ger\u00f6l mischen. Als Wellnessbad 5 Tropfen mit 5 ml Tr\u00e4ger\u00f6l bzw. Mandelmilch oder Sahne mischen.<br \/>\nAls Parf\u00fcm: Ein Tropfen Lebensbaum zusammen mit Zedernholz und Weihrauch mit 10 ml Tr\u00e4ger\u00f6l zu einem Parf\u00fcm mit warmen holzigen Aroma mischen.<\/p>\n<p><strong>Sichere Verwendung<\/strong><br \/>\nKann Hautreizungen verursachen. Au\u00dferhalb der Reichweite von Kindern aufbewahren. Wenn du schwanger bist oder in \u00e4rztlicher Behandlung stehst, konsultiere bitte deinen Arzt. Kontakt mit Augen, Innenohren, Gesicht, empfindlichen Stellen und Schleimh\u00e4uten vermeiden. Topisch bitte die \u00d6le stets mit Tr\u00e4ger\u00f6l (z.B. fraktioniertem Kokos\u00f6l) verd\u00fcnnen.<\/p>\n","protected":false},"excerpt":{"rendered":"<h2 style=\"font-size: 28px;\">Das \u00d6l der g\u00f6ttlichen Gnade<\/h2>\n<p>doTERRA Arborvitae hat zahlreiche gesundheitsf\u00f6rdernde Eigenschaften. Es gibt Erdung, Kraft und neue Lebensenergie. Es hilft f\u00fcr die Anbindung an das H\u00f6here Selbst und ist deshalb gerade auch zur Meditation und spirituellen Arbeit eine Bereicherung. Ideal im Diffuser zu verwenden.<\/p>\n","protected":false},"featured_media":10930,"template":"","meta":{"_et_pb_use_builder":"","_et_pb_old_content":"","_et_gb_content_width":""},"product_cat":[15,50],"product_tag":[63,64],"_links":{"self":[{"href":"https:\/\/www.magnolioworld.com\/green-ch\/wp-json\/wp\/v2\/product\/619"}],"collection":[{"href":"https:\/\/www.magnolioworld.com\/green-ch\/wp-json\/wp\/v2\/product"}],"about":[{"href":"https:\/\/www.magnolioworld.com\/green-ch\/wp-json\/wp\/v2\/types\/product"}],"wp:featuredmedia":[{"embeddable":true,"href":"https:\/\/www.magnolioworld.com\/green-ch\/wp-json\/wp\/v2\/media\/10930"}],"wp:attachment":[{"href":"https:\/\/www.magnolioworld.com\/green-ch\/wp-json\/wp\/v2\/media?parent=619"}],"wp:term":[{"taxonomy":"product_cat","embeddable":true,"href":"https:\/\/www.magnolioworld.com\/green-ch\/wp-json\/wp\/v2\/product_cat?post=619"},{"taxonomy":"product_tag","embeddable":true,"href":"https:\/\/www.magnolioworld.com\/green-ch\/wp-json\/wp\/v2\/product_tag?post=619"}],"curies":[{"name":"wp","href":"https:\/\/api.w.org\/{rel}","templated":true}]}}