{"id":5306,"date":"2022-06-22T18:41:09","date_gmt":"2022-06-22T16:41:09","guid":{"rendered":"https:\/\/ch.magnolio.shop\/?post_type=product&#038;p=5306"},"modified":"2025-05-06T11:01:57","modified_gmt":"2025-05-06T09:01:57","slug":"doterra-together-kit","status":"publish","type":"product","link":"https:\/\/www.magnolioworld.com\/green-ch\/doterra-together-kit\/","title":{"rendered":"doTERRA Together Kit"},"content":{"rendered":"<p><strong>doTERRA Together Kit<\/strong> &#8211; das ideale Set f\u00fcr alle Teams, ob in B\u00fcro, Praxis, Handel oder zu Hause.<\/p>\n<p>Es enth\u00e4lt \u00e4therische \u00d6le sowohl f\u00fcr den Geist, die Seele, als auch f\u00fcr den K\u00f6rper &#8211; also ein richtiges Teamwork Paket. Enthalten sind Lavendel\u00f6l, Pfefferminz\u00f6l, Zitronen\u00f6l, Eukalyptus\u00f6l und Zitronengras\u00f6l. Ausserdem die stimmungshebende Orangen\u00f6l, Gr\u00fcne Mandarinen\u00f6l und die belebende Mischung doTERRA Citrus Bliss. F\u00fcr Erdung und Ausgleich sowie Motivation sind die Mischungen doTERRA Adaptiv, doTERRA Balance und doTERRA Motivate enthalten.<\/p>\n<p>Erhalte gute Stimmung und Motivation pur in deinem Team mit diesem Kit.<\/p>\n<p><strong>Empfehlung<\/strong><br \/>\nBeachte die Empfehlungen bei den einzelnen Produkten.<\/p>\n<p><strong>Sichere Anwendung<br \/>\n<\/strong>Beachte die Hinweise bei den einzelnen Produkten.<\/p>\n","protected":false},"excerpt":{"rendered":"<h2 style=\"font-size: 28px;\">Teamwork Paket<\/h2>\n<p>doTERRA Together Kit &#8211; das ideale Set f\u00fcr alle Teams, ob in B\u00fcro, Praxis, Handel oder zu Hause.<\/p>\n","protected":false},"featured_media":5517,"template":"","meta":{"_et_pb_use_builder":"","_et_pb_old_content":"","_et_gb_content_width":""},"product_cat":[15,1921],"product_tag":[],"_links":{"self":[{"href":"https:\/\/www.magnolioworld.com\/green-ch\/wp-json\/wp\/v2\/product\/5306"}],"collection":[{"href":"https:\/\/www.magnolioworld.com\/green-ch\/wp-json\/wp\/v2\/product"}],"about":[{"href":"https:\/\/www.magnolioworld.com\/green-ch\/wp-json\/wp\/v2\/types\/product"}],"wp:featuredmedia":[{"embeddable":true,"href":"https:\/\/www.magnolioworld.com\/green-ch\/wp-json\/wp\/v2\/media\/5517"}],"wp:attachment":[{"href":"https:\/\/www.magnolioworld.com\/green-ch\/wp-json\/wp\/v2\/media?parent=5306"}],"wp:term":[{"taxonomy":"product_cat","embeddable":true,"href":"https:\/\/www.magnolioworld.com\/green-ch\/wp-json\/wp\/v2\/product_cat?post=5306"},{"taxonomy":"product_tag","embeddable":true,"href":"https:\/\/www.magnolioworld.com\/green-ch\/wp-json\/wp\/v2\/product_tag?post=5306"}],"curies":[{"name":"wp","href":"https:\/\/api.w.org\/{rel}","templated":true}]}}