{"id":2428,"date":"2020-11-15T21:42:10","date_gmt":"2020-11-15T20:42:10","guid":{"rendered":"https:\/\/ch.magnolio.shop\/?post_type=product&#038;p=2428"},"modified":"2025-02-07T13:31:29","modified_gmt":"2025-02-07T12:31:29","slug":"doterra-volo-marble-diffuser","status":"publish","type":"product","link":"https:\/\/www.magnolioworld.com\/green-ch\/doterra-volo-marble-diffuser\/","title":{"rendered":"doTERRA Volo Marble Diffuser"},"content":{"rendered":"<p><strong>doTERRA Volo Marble Diffuser<\/strong> &#8211; Ein wohltuendes Dufterlebnis in jedem Raum<\/p>\n<p>Mit seiner optisch sehr ansprechenden Gestaltung ist der doTERRA Marble Volo Diffuser eine elegante Bereicherung in jedem zu Hause oder nat\u00fcrlich auch am Arbeitsplatz. Dabei kann er im B\u00fcro, an der Rezeption, in Verkaufsr\u00e4umen oder nat\u00fcrlich auch in allen Bereichen der Sch\u00f6nheitspflege eingesetzt werden: Er schafft auch eine Wohlf\u00fchlatmosph\u00e4re in allen Kranken- und Pflegebereichen und kann dort f\u00fcr ein entspanntes und ausgeglichenes Arbeitsklima sorgen.<\/p>\n<p>Durch die bew\u00e4hrte Ultraschall-Technologie werden das Wasser und die hochwertigen \u00e4therischen \u00d6le sanft und schonend mikrofein vernebelt und behalten dadurch ihre wertvollen Inhaltsstoffe und Reinheit. Ganz im Gegensatz zu den immer noch h\u00e4ufig propagierten Duftlampen, die die wertvollen Strukturen hochwertiger \u00d6le zerst\u00f6ren und sie dadurch in ihrer kraftvollen und nat\u00fcrlichen Wirkung erheblich einschr\u00e4nken oder schlimmer noch unbrauchbar machen.<\/p>\n<p>Hinzukommt, dass auch das Design des <strong>doTERRA Volo Marble Diffuser<\/strong> sehr ansprechend ist. So wird die Oberfl\u00e4che in aufwendiger Handarbeit aus Polyresin hergestellt und vermittelt so den Eindruck eines besonders individuellen Kunstobjektes und wird nicht in erster Linie als reines technisches Ger\u00e4t wahrgenommen.<\/p>\n<p>Den Diffuser gibt es f\u00fcr jeden Geschmack: Entweder in Marmor-Kunststein-Optik wie hier oder in dem ebenfalls sehr besonderen Onyx. Design mit schwarzer Oberfl\u00e4che.<\/p>\n<p>Aber auch in seiner Funktion \u00fcberzeugt der Diffuser: So bietet 3 verschiedene Beleuchtungsvarianten intensiv warmes-wei\u00dfes Licht, schwaches Licht oder kein Licht. Au\u00dferdem hat er eine individuelle Nebelausgabe-Option: Entweder 1 oder 3 oder 6 Stunden auf h\u00f6chster Stufe. Wahlweise gibt es auch eine kontinuierliche Nebelausgabe auf niedrigster Stufe, die 14 Stunden l\u00e4uft. <\/p>\n<p>G\u00f6nne dir mit diesem doTERRA Volo Marble Diffuser ein besonders stilvolles Aroma-Erlebnis f\u00fcr alle Sinne.<\/p>\n<p>Empfohlen f\u00fcr eine max. Raumgr\u00f6\u00dfe von 28 qm. Bei gr\u00f6\u00dferen R\u00e4umen einfach entsprechend mehr Diffusoren benutzen.<\/p>\n<p><strong>Empfehlung<\/strong><br \/>\nBeachte die Anwendungsempfehlungen in der Produktbeschreibung<\/p>\n<p><strong>Sichere Anwendung<\/strong><br \/>\nBeachte die Sicherheitshinweise in der Produktbeschreibung<\/p>\n","protected":false},"excerpt":{"rendered":"<h2 style=\"font-size: 28px;\">Ein eleganter Diffuser f\u00fcr jede Gelegenheit<\/h2>\n<p>doTERRA Volo Marble Diffuser &#8211; Mit seiner optisch sehr ansprechenden Gestaltung, ist der Volo Diffuser eine elegante Bereicherung in jedem zuhause oder nat\u00fcrlich auch am Arbeitsplatz.<br \/>\nAber auch in seiner Funktion \u00fcberzeugt der Diffuser: Er bietet 3 verschiedene Beleuchtungsvarianten sowie Intensit\u00e4t des Diffuser-Nebels und Zeiteinstellungen an. G\u00f6nne dir dieses besondere Aroma-Erlebnis f\u00fcr alle Sinne.<\/p>\n","protected":false},"featured_media":7857,"template":"","meta":{"_et_pb_use_builder":"","_et_pb_old_content":"","_et_gb_content_width":""},"product_cat":[37,15,57],"product_tag":[],"_links":{"self":[{"href":"https:\/\/www.magnolioworld.com\/green-ch\/wp-json\/wp\/v2\/product\/2428"}],"collection":[{"href":"https:\/\/www.magnolioworld.com\/green-ch\/wp-json\/wp\/v2\/product"}],"about":[{"href":"https:\/\/www.magnolioworld.com\/green-ch\/wp-json\/wp\/v2\/types\/product"}],"wp:featuredmedia":[{"embeddable":true,"href":"https:\/\/www.magnolioworld.com\/green-ch\/wp-json\/wp\/v2\/media\/7857"}],"wp:attachment":[{"href":"https:\/\/www.magnolioworld.com\/green-ch\/wp-json\/wp\/v2\/media?parent=2428"}],"wp:term":[{"taxonomy":"product_cat","embeddable":true,"href":"https:\/\/www.magnolioworld.com\/green-ch\/wp-json\/wp\/v2\/product_cat?post=2428"},{"taxonomy":"product_tag","embeddable":true,"href":"https:\/\/www.magnolioworld.com\/green-ch\/wp-json\/wp\/v2\/product_tag?post=2428"}],"curies":[{"name":"wp","href":"https:\/\/api.w.org\/{rel}","templated":true}]}}