{"id":2299,"date":"2020-09-14T20:35:01","date_gmt":"2020-09-14T18:35:01","guid":{"rendered":"https:\/\/ch.magnolio.shop\/?post_type=product&#038;p=2299"},"modified":"2024-04-13T12:56:43","modified_gmt":"2024-04-13T10:56:43","slug":"doterra-deodorant-balance","status":"publish","type":"product","link":"https:\/\/www.magnolioworld.com\/green-ch\/doterra-deodorant-balance\/","title":{"rendered":"doTERRA Deodorant Balance"},"content":{"rendered":"<p><strong>doTERRA Deodorant Balance<\/strong> &#8211; Das ausgleichende Deo mit der erdenden Duftmischung Balance<\/p>\n<p>Mit diesem Deodorant werden sie sicher und gepflegt mit dem wunderbaren Duft der Erdenden \u00d6lmischung Balance durch den Tage begleitet. Wertvolle Pflanzenstoffe und \u00e4therische \u00d6le sch\u00fctzen deine Haut und verhindern unangenehme Ger\u00fcche. Es wirkt langanhaltend und l\u00e4sst dich in jeder Situation perfekt erscheinen. Nat\u00fcrlich rein auf der Basis hochwertigster Natur. <\/p>\n<p>doTERRA Deodorant Balance mit der \u00e4therischen \u00d6lmischung Balance ist frei von Aluminium, Paraben, Phthalat und Talkum. Bei t\u00e4glicher Anwendung kannst du dich sicher und gesch\u00fctzt f\u00fchlen.<\/p>\n<p>Gleichzeitig umgibt dich mit dem Duft von Balance stets das Gef\u00fchl von Ausgeglichenheit und gelassener Ruhe.<\/p>\n<p><strong>doTERRA Deodorant Balance<\/strong> &#8211; ausbalanciert durch den Tag.<\/p>\n<p><strong>Empfehlung<\/strong><br \/>\nTopisch: F\u00fcr beste Ergebnisse und einen optimalen Schutz doTERRA Deodorant Balance t\u00e4glich nach dem Duschen oder Baden auf die saubere, trockene Haut auftragen. In der Sporttasche oder unterwegs jederzeit f\u00fcr eine kleine Erfrischung einsatzbereit halten. Das Deo kann auch am Abend vor dem Schlafengehen verwendet werden, um entspannt durch die Nacht zu kommen.<br \/>\nAnwendung: Auf die Achselh\u00f6hlen auftragen.<\/p>\n<p><strong>Sichere Verwendung<\/strong><br \/>\nAu\u00dferhalb der Reichweite von Kindern aufbewahren. Nur zur \u00e4usseren Anwendung. Nicht auf verletzter Haut anwenden. Bei Hautausschl\u00e4gen oder Reizungen Anwendung abbrechen.<\/p>\n","protected":false},"excerpt":{"rendered":"<h2 style=\"font-size: 28px;\">Ausgleichendes Deo<\/h2>\n<p>doTERRA Deodorant Balance &#8211; Dieses Deo wird dich sicher und gepflegt mit dem wunderbaren Duft der erdenden \u00d6lmischung Balance durch den Tage begleitet.<\/p>\n","protected":false},"featured_media":3569,"template":"","meta":{"_et_pb_use_builder":"","_et_pb_old_content":"","_et_gb_content_width":""},"product_cat":[56,15],"product_tag":[],"_links":{"self":[{"href":"https:\/\/www.magnolioworld.com\/green-ch\/wp-json\/wp\/v2\/product\/2299"}],"collection":[{"href":"https:\/\/www.magnolioworld.com\/green-ch\/wp-json\/wp\/v2\/product"}],"about":[{"href":"https:\/\/www.magnolioworld.com\/green-ch\/wp-json\/wp\/v2\/types\/product"}],"wp:featuredmedia":[{"embeddable":true,"href":"https:\/\/www.magnolioworld.com\/green-ch\/wp-json\/wp\/v2\/media\/3569"}],"wp:attachment":[{"href":"https:\/\/www.magnolioworld.com\/green-ch\/wp-json\/wp\/v2\/media?parent=2299"}],"wp:term":[{"taxonomy":"product_cat","embeddable":true,"href":"https:\/\/www.magnolioworld.com\/green-ch\/wp-json\/wp\/v2\/product_cat?post=2299"},{"taxonomy":"product_tag","embeddable":true,"href":"https:\/\/www.magnolioworld.com\/green-ch\/wp-json\/wp\/v2\/product_tag?post=2299"}],"curies":[{"name":"wp","href":"https:\/\/api.w.org\/{rel}","templated":true}]}}