{"id":171,"date":"2020-04-12T11:15:23","date_gmt":"2020-04-12T09:15:23","guid":{"rendered":"https:\/\/www.magnolio.shop\/?post_type=product&#038;p=171"},"modified":"2024-06-13T10:37:05","modified_gmt":"2024-06-13T08:37:05","slug":"vorteilskunde-sofort-25-sparen","status":"publish","type":"product","link":"https:\/\/www.magnolioworld.com\/green-ch\/vorteilskunde-sofort-25-sparen\/","title":{"rendered":"Vorteilskunde &#8211; Sofort ein Jahr 25% sparen"},"content":{"rendered":"<p>F\u00fcge das <strong><span class=\"txt-bold\" style=\"color: #c6a51d;\">Vorteilskunde <\/span><\/strong>Paket dem Warenkorb hinzu. Alle Preise erhalten dann die 25% Ersparnis, auch die, die sich bereits in dem Warenkorb befunden haben.<\/p>\n<p>So sparst du noch mehr: F\u00fcge eins unserer Sparpakete zum Spitzenpreis hinzu und erh\u00e4lte zus\u00e4tzlich den <strong><span class=\"txt-bold\" style=\"color: #c6a51d;\">Vorteilskunde<\/span><\/strong> kostenlos.<\/p>\n","protected":false},"excerpt":{"rendered":"<p>In unserem Shop hast du besondere Vorteile auf fast alle doTERRA Produkte:<\/p>\n<p>\u2714 ein ganzes Jahr 25 % auf das gesamte Sortiment sparen<br \/>\n\u2714 spare bereits ab der 1. Bestellung<br \/>\n\u2714 keine automatische Verl\u00e4ngerung<br \/>\n\u2714 keine Verpflichtungen<br \/>\n\u2714 keine versteckten Kosten<\/p>\n","protected":false},"featured_media":1204,"template":"","meta":{"_et_pb_use_builder":"","_et_pb_old_content":"","_et_gb_content_width":""},"product_cat":[35,15],"product_tag":[],"_links":{"self":[{"href":"https:\/\/www.magnolioworld.com\/green-ch\/wp-json\/wp\/v2\/product\/171"}],"collection":[{"href":"https:\/\/www.magnolioworld.com\/green-ch\/wp-json\/wp\/v2\/product"}],"about":[{"href":"https:\/\/www.magnolioworld.com\/green-ch\/wp-json\/wp\/v2\/types\/product"}],"wp:featuredmedia":[{"embeddable":true,"href":"https:\/\/www.magnolioworld.com\/green-ch\/wp-json\/wp\/v2\/media\/1204"}],"wp:attachment":[{"href":"https:\/\/www.magnolioworld.com\/green-ch\/wp-json\/wp\/v2\/media?parent=171"}],"wp:term":[{"taxonomy":"product_cat","embeddable":true,"href":"https:\/\/www.magnolioworld.com\/green-ch\/wp-json\/wp\/v2\/product_cat?post=171"},{"taxonomy":"product_tag","embeddable":true,"href":"https:\/\/www.magnolioworld.com\/green-ch\/wp-json\/wp\/v2\/product_tag?post=171"}],"curies":[{"name":"wp","href":"https:\/\/api.w.org\/{rel}","templated":true}]}}